000
CDUS43 KSGF 170629
CLIVIH


CLIMATE REPORT
NATIONAL WEATHER SERVICE SPRINGFIELD MO
129 AM CDT FRI APR 17 2015


...................................

...THE VICHY-ROLLA MO CLIMATE SUMMARY FOR APRIL 16 2015...

CLIMATE NORMAL PERIOD 1981 TO 2010
CLIMATE RECORD PERIOD 1888 TO 2015


WEATHER ITEM   OBSERVED TIME   RECORD YEAR NORMAL DEPARTURE LAST
                VALUE   (LST)  VALUE       VALUE  FROM      YEAR
                                                  NORMAL
..................................................................
TEMPERATURE (F)
 YESTERDAY
  MAXIMUM         74    455 PM  85    2006  67      7       58
                                      1977
  MINIMUM         50    404 AM  27    1949  44      6       36
  AVERAGE         62                        56      6       47

PRECIPITATION (IN)
  YESTERDAY        0.00          0.90 1995   0.14  -0.14     0.00
  MONTH TO DATE    1.44                      2.14  -0.70     2.14
  SINCE MAR 1      4.46                      5.59  -1.13     2.85
  SINCE JAN 1      6.74                      9.69  -2.95     4.31

DEGREE DAYS
 HEATING
  YESTERDAY        3                        10     -7       18
  MONTH TO DATE   99                       199   -100      212
  SINCE MAR 1    711                       813   -102      963
  SINCE JUL 1   4828                      4603    225     5269

 COOLING
  YESTERDAY        0                         1     -1        0
  MONTH TO DATE   11                        10      1        7
  SINCE MAR 1     11                        14     -3        7
  SINCE JAN 1     11                        14     -3        7
..................................................................


WIND (MPH)
  HIGHEST WIND SPEED    12   HIGHEST WIND DIRECTION    SE (120)
  HIGHEST GUST SPEED    14   HIGHEST GUST DIRECTION    SE (130)
  AVERAGE WIND SPEED     4.5


SKY COVER
  AVERAGE SKY COVER 0.4


WEATHER CONDITIONS
 THE FOLLOWING WEATHER WAS RECORDED YESTERDAY.
  NO SIGNIFICANT WEATHER WAS OBSERVED.


RELATIVE HUMIDITY (PERCENT)
 HIGHEST    93           600 AM
 LOWEST     46           500 PM
 AVERAGE    70

..........................................................


THE VICHY-ROLLA MO CLIMATE NORMALS FOR TODAY
                         NORMAL    RECORD    YEAR
 MAXIMUM TEMPERATURE (F)   67        86      2004
 MINIMUM TEMPERATURE (F)   44        25      1904


SUNRISE AND SUNSET
APRIL 17 2015.........SUNRISE   629 AM CDT   SUNSET   745 PM CDT
APRIL 18 2015.........SUNRISE   628 AM CDT   SUNSET   746 PM CDT


-  INDICATES NEGATIVE NUMBERS.
R  INDICATES RECORD WAS SET OR TIED.
MM INDICATES DATA IS MISSING.
T  INDICATES TRACE AMOUNT.




$$
