000
CDUS43 KSGF 240645
CLIVIH


CLIMATE REPORT
NATIONAL WEATHER SERVICE SPRINGFIELD MO
145 AM CDT FRI APR 24 2015


...................................

...THE VICHY-ROLLA MO CLIMATE SUMMARY FOR APRIL 23 2015...

CLIMATE NORMAL PERIOD 1981 TO 2010
CLIMATE RECORD PERIOD 1888 TO 2015


WEATHER ITEM   OBSERVED TIME   RECORD YEAR NORMAL DEPARTURE LAST
                VALUE   (LST)  VALUE       VALUE  FROM      YEAR
                                                  NORMAL
..................................................................
TEMPERATURE (F)
 YESTERDAY
  MAXIMUM         66    425 PM  92    1965  69     -3       72
  MINIMUM         35    329 AM  31    1903  46    -11       42
  AVERAGE         51                        58     -7       57

PRECIPITATION (IN)
  YESTERDAY        0.00          0.81 1966   0.15  -0.15     0.00
  MONTH TO DATE    2.06                      3.14  -1.08     2.19
  SINCE MAR 1      5.08                      6.59  -1.51     2.90
  SINCE JAN 1      7.36                     10.69  -3.33     4.36

DEGREE DAYS
 HEATING
  YESTERDAY       14                         8      6        8
  MONTH TO DATE  165                       263    -98      254
  SINCE MAR 1    777                       877   -100     1005
  SINCE JUL 1   4894                      4667    227     5311

 COOLING
  YESTERDAY        0                         1     -1        0
  MONTH TO DATE   13                        17     -4        8
  SINCE MAR 1     13                        21     -8        8
  SINCE JAN 1     13                        21     -8        8
..................................................................


WIND (MPH)
  HIGHEST WIND SPEED    13   HIGHEST WIND DIRECTION    SE (130)
  HIGHEST GUST SPEED    15   HIGHEST GUST DIRECTION    SE (130)
  AVERAGE WIND SPEED     4.9


SKY COVER
  AVERAGE SKY COVER 0.2


WEATHER CONDITIONS
 THE FOLLOWING WEATHER WAS RECORDED YESTERDAY.
  LIGHT RAIN


RELATIVE HUMIDITY (PERCENT)
 HIGHEST    82           400 AM
 LOWEST     27           100 PM
 AVERAGE    55

..........................................................


THE VICHY-ROLLA MO CLIMATE NORMALS FOR TODAY
                         NORMAL    RECORD    YEAR
 MAXIMUM TEMPERATURE (F)   69        88      1965
 MINIMUM TEMPERATURE (F)   47        29      1956


SUNRISE AND SUNSET
APRIL 24 2015.........SUNRISE   620 AM CDT   SUNSET   751 PM CDT
APRIL 25 2015.........SUNRISE   618 AM CDT   SUNSET   752 PM CDT


-  INDICATES NEGATIVE NUMBERS.
R  INDICATES RECORD WAS SET OR TIED.
MM INDICATES DATA IS MISSING.
T  INDICATES TRACE AMOUNT.




$$
