000
CDUS43 KSGF 010633
CLIVIH


CLIMATE REPORT
NATIONAL WEATHER SERVICE SPRINGFIELD MO
132 AM CDT FRI MAY 1 2015


...................................

...THE VICHY-ROLLA MO CLIMATE SUMMARY FOR APRIL 30 2015...

CLIMATE NORMAL PERIOD 1981 TO 2010
CLIMATE RECORD PERIOD 1888 TO 2015


WEATHER ITEM   OBSERVED TIME   RECORD YEAR NORMAL DEPARTURE LAST
                VALUE   (LST)  VALUE       VALUE  FROM      YEAR
                                                  NORMAL
..................................................................
TEMPERATURE (F)
 YESTERDAY
  MAXIMUM         71    309 PM  94    1899  71      0       54
  MINIMUM         48   1159 PM  34    1996  48      0       39
  AVERAGE         60                        60      0       47

PRECIPITATION (IN)
  YESTERDAY        0.00          3.29 1970   0.15  -0.15     0.01
  MONTH TO DATE    2.12                      4.22  -2.10     3.65
  SINCE MAR 1      5.14                      7.67  -2.53     4.36
  SINCE JAN 1      7.42                     11.77  -4.35     5.82

DEGREE DAYS
 HEATING
  YESTERDAY        5                         7     -2       18
  MONTH TO DATE  226                       315    -89      295
  SINCE MAR 1    838                       928    -90     1046
  SINCE JUL 1   4955                      4718    237     5352

 COOLING
  YESTERDAY        0                         1     -1        0
  MONTH TO DATE   13                        22     -9       12
  SINCE MAR 1     13                        26    -13       12
  SINCE JAN 1     13                        26    -13       12
..................................................................


WIND (MPH)
  HIGHEST WIND SPEED    20   HIGHEST WIND DIRECTION     N (20)
  HIGHEST GUST SPEED    26   HIGHEST GUST DIRECTION     N (360)
  AVERAGE WIND SPEED     9.1


SKY COVER
  AVERAGE SKY COVER 0.0


WEATHER CONDITIONS
 THE FOLLOWING WEATHER WAS RECORDED YESTERDAY.
  NO SIGNIFICANT WEATHER WAS OBSERVED.


RELATIVE HUMIDITY (PERCENT)
 HIGHEST    80           600 AM
 LOWEST     27           500 PM
 AVERAGE    54

..........................................................


THE VICHY-ROLLA MO CLIMATE NORMALS FOR TODAY
                         NORMAL    RECORD    YEAR
 MAXIMUM TEMPERATURE (F)   71        90      1899
 MINIMUM TEMPERATURE (F)   49        25      1903


SUNRISE AND SUNSET
MAY  1 2015...........SUNRISE   611 AM CDT   SUNSET   758 PM CDT
MAY  2 2015...........SUNRISE   610 AM CDT   SUNSET   759 PM CDT


-  INDICATES NEGATIVE NUMBERS.
R  INDICATES RECORD WAS SET OR TIED.
MM INDICATES DATA IS MISSING.
T  INDICATES TRACE AMOUNT.




$$
