000
CDUS43 KSGF 030632
CLIVIH


CLIMATE REPORT
NATIONAL WEATHER SERVICE SPRINGFIELD MO
132 AM CDT SUN MAY 3 2015


...................................

...THE VICHY-ROLLA MO CLIMATE SUMMARY FOR MAY 2 2015...

CLIMATE NORMAL PERIOD 1981 TO 2010
CLIMATE RECORD PERIOD 1888 TO 2015


WEATHER ITEM   OBSERVED TIME   RECORD YEAR NORMAL DEPARTURE LAST
                VALUE   (LST)  VALUE       VALUE  FROM      YEAR
                                                  NORMAL
..................................................................
TEMPERATURE (F)
 YESTERDAY
  MAXIMUM         78    322 PM  89    1901  71      7       62
  MINIMUM         52    546 AM  34    1961  49      3       37
  AVERAGE         65                        60      5       50

PRECIPITATION (IN)
  YESTERDAY        0.00          1.46 1954   0.16  -0.16     0.00
  MONTH TO DATE    0.00                      0.31  -0.31     0.00
  SINCE MAR 1      5.14                      7.98  -2.84     4.36
  SINCE JAN 1      7.42                     12.08  -4.66     5.82

DEGREE DAYS
 HEATING
  YESTERDAY        0                         6     -6       15
  MONTH TO DATE   12                        12      0       36
  SINCE MAR 1    850                       940    -90     1082
  SINCE JUL 1   4967                      4730    237     5388

 COOLING
  YESTERDAY        0                         1     -1        0
  MONTH TO DATE    0                         2     -2        0
  SINCE MAR 1     13                        28    -15       12
  SINCE JAN 1     13                        28    -15       12
..................................................................


WIND (MPH)
  HIGHEST WIND SPEED    15   HIGHEST WIND DIRECTION    SW (210)
  HIGHEST GUST SPEED    19   HIGHEST GUST DIRECTION    SW (210)
  AVERAGE WIND SPEED     9.4


SKY COVER
  AVERAGE SKY COVER 0.3


WEATHER CONDITIONS
 THE FOLLOWING WEATHER WAS RECORDED YESTERDAY.
  NO SIGNIFICANT WEATHER WAS OBSERVED.


RELATIVE HUMIDITY (PERCENT)
 HIGHEST    59           100 AM
 LOWEST     31           100 PM
 AVERAGE    45

..........................................................


THE VICHY-ROLLA MO CLIMATE NORMALS FOR TODAY
                         NORMAL    RECORD    YEAR
 MAXIMUM TEMPERATURE (F)   71        89      1902
 MINIMUM TEMPERATURE (F)   49        30      1976


SUNRISE AND SUNSET
MAY  3 2015...........SUNRISE   609 AM CDT   SUNSET   800 PM CDT
MAY  4 2015...........SUNRISE   608 AM CDT   SUNSET   801 PM CDT


-  INDICATES NEGATIVE NUMBERS.
R  INDICATES RECORD WAS SET OR TIED.
MM INDICATES DATA IS MISSING.
T  INDICATES TRACE AMOUNT.




$$
