000
CDUS43 KSGF 140628
CLIVIH


CLIMATE REPORT
NATIONAL WEATHER SERVICE SPRINGFIELD MO
127 AM CDT TUE APR 14 2015


...................................

...THE VICHY-ROLLA MO CLIMATE SUMMARY FOR APRIL 13 2015...

CLIMATE NORMAL PERIOD 1981 TO 2010
CLIMATE RECORD PERIOD 1888 TO 2015


WEATHER ITEM   OBSERVED TIME   RECORD YEAR NORMAL DEPARTURE LAST
                VALUE   (LST)  VALUE       VALUE  FROM      YEAR
                                                  NORMAL
..................................................................
TEMPERATURE (F)
 YESTERDAY
  MAXIMUM         68    927 AM  86    2006  66      2       71
  MINIMUM         55   1159 PM  23    1950  43     12       54
  AVERAGE         62                        54      8       63

PRECIPITATION (IN)
  YESTERDAY        0.01          1.94 2012   0.14  -0.13     0.23
  MONTH TO DATE    1.42                      1.72  -0.30     1.98
  SINCE MAR 1      4.44                      5.17  -0.73     2.69
  SINCE JAN 1      6.72                      9.27  -2.55     4.15

DEGREE DAYS
 HEATING
  YESTERDAY        3                        11     -8        2
  MONTH TO DATE   86                       167    -81      143
  SINCE MAR 1    698                       781    -83      894
  SINCE JUL 1   4815                      4571    244     5200

 COOLING
  YESTERDAY        0                         1     -1        0
  MONTH TO DATE   11                         7      4        7
  SINCE MAR 1     11                        11      0        7
  SINCE JAN 1     11                        11      0        7
..................................................................


WIND (MPH)
  HIGHEST WIND SPEED    22   HIGHEST WIND DIRECTION    NW (320)
  HIGHEST GUST SPEED    27   HIGHEST GUST DIRECTION    NW (320)
  AVERAGE WIND SPEED    10.4


SKY COVER
  AVERAGE SKY COVER 0.4


WEATHER CONDITIONS
 THE FOLLOWING WEATHER WAS RECORDED YESTERDAY.
  RAIN


RELATIVE HUMIDITY (PERCENT)
 HIGHEST    90           400 AM
 LOWEST     36           400 PM
 AVERAGE    63

..........................................................


THE VICHY-ROLLA MO CLIMATE NORMALS FOR TODAY
                         NORMAL    RECORD    YEAR
 MAXIMUM TEMPERATURE (F)   66        87      2006
                                             1994
 MINIMUM TEMPERATURE (F)   43        26      1950


SUNRISE AND SUNSET
APRIL 14 2015.........SUNRISE   633 AM CDT   SUNSET   742 PM CDT
APRIL 15 2015.........SUNRISE   632 AM CDT   SUNSET   743 PM CDT


-  INDICATES NEGATIVE NUMBERS.
R  INDICATES RECORD WAS SET OR TIED.
MM INDICATES DATA IS MISSING.
T  INDICATES TRACE AMOUNT.




$$
