000
CDUS43 KSGF 130626
CLIVIH


CLIMATE REPORT
NATIONAL WEATHER SERVICE SPRINGFIELD MO
126 AM CDT MON APR 13 2015


...................................

...THE VICHY-ROLLA MO CLIMATE SUMMARY FOR APRIL 12 2015...

CLIMATE NORMAL PERIOD 1981 TO 2010
CLIMATE RECORD PERIOD 1888 TO 2015


WEATHER ITEM   OBSERVED TIME   RECORD YEAR NORMAL DEPARTURE LAST
                VALUE   (LST)  VALUE       VALUE  FROM      YEAR
                                                  NORMAL
..................................................................
TEMPERATURE (F)
 YESTERDAY
  MAXIMUM         77    415 PM  92    1972  66     11       81
  MINIMUM         54    549 AM  24    1957  43     11       58
  AVERAGE         66                        54     12       70

PRECIPITATION (IN)
  YESTERDAY        0.00          1.18 1970   0.14  -0.14     0.00
  MONTH TO DATE    1.41                      1.58  -0.17     1.75
  SINCE MAR 1      4.43                      5.03  -0.60     2.46
  SINCE JAN 1      6.71                      9.13  -2.42     3.92

DEGREE DAYS
 HEATING
  YESTERDAY        0                        11    -11        0
  MONTH TO DATE   83                       156    -73      141
  SINCE MAR 1    695                       770    -75      892
  SINCE JUL 1   4812                      4560    252     5198

 COOLING
  YESTERDAY        1                         1      0        5
  MONTH TO DATE   11                         6      5        7
  SINCE MAR 1     11                        10      1        7
  SINCE JAN 1     11                        10      1        7
..................................................................


WIND (MPH)
  HIGHEST WIND SPEED    24   HIGHEST WIND DIRECTION     S (170)
  HIGHEST GUST SPEED    31   HIGHEST GUST DIRECTION     S (170)
  AVERAGE WIND SPEED    11.3


SKY COVER
  AVERAGE SKY COVER 0.2


WEATHER CONDITIONS
 THE FOLLOWING WEATHER WAS RECORDED YESTERDAY.
  NO SIGNIFICANT WEATHER WAS OBSERVED.


RELATIVE HUMIDITY (PERCENT)
 HIGHEST    63          1100 PM
 LOWEST     33           400 PM
 AVERAGE    48

..........................................................


THE VICHY-ROLLA MO CLIMATE NORMALS FOR TODAY
                         NORMAL    RECORD    YEAR
 MAXIMUM TEMPERATURE (F)   66        86      2006
 MINIMUM TEMPERATURE (F)   43        23      1950


SUNRISE AND SUNSET
APRIL 13 2015.........SUNRISE   635 AM CDT   SUNSET   741 PM CDT
APRIL 14 2015.........SUNRISE   633 AM CDT   SUNSET   742 PM CDT


-  INDICATES NEGATIVE NUMBERS.
R  INDICATES RECORD WAS SET OR TIED.
MM INDICATES DATA IS MISSING.
T  INDICATES TRACE AMOUNT.




$$
