000
CDUS43 KSGF 280628
CLIVIH


CLIMATE REPORT
NATIONAL WEATHER SERVICE SPRINGFIELD MO
128 AM CDT TUE APR 28 2015


...................................

...THE VICHY-ROLLA MO CLIMATE SUMMARY FOR APRIL 27 2015...

CLIMATE NORMAL PERIOD 1981 TO 2010
CLIMATE RECORD PERIOD 1888 TO 2015


WEATHER ITEM   OBSERVED TIME   RECORD YEAR NORMAL DEPARTURE LAST
                VALUE   (LST)  VALUE       VALUE  FROM      YEAR
                                                  NORMAL
..................................................................
TEMPERATURE (F)
 YESTERDAY
  MAXIMUM         65    404 PM  89    1899  70     -5       75
  MINIMUM         43    546 AM  33    1904  48     -5       62
  AVERAGE         54                        59     -5       69

PRECIPITATION (IN)
  YESTERDAY        0.00          1.31 1963   0.15  -0.15     0.37
  MONTH TO DATE    2.12                      3.75  -1.63     3.28
  SINCE MAR 1      5.14                      7.20  -2.06     3.99
  SINCE JAN 1      7.42                     11.30  -3.88     5.45

DEGREE DAYS
 HEATING
  YESTERDAY       11                         7      4        0
  MONTH TO DATE  201                       294    -93      261
  SINCE MAR 1    813                       908    -95     1012
  SINCE JUL 1   4930                      4698    232     5318

 COOLING
  YESTERDAY        0                         1     -1        4
  MONTH TO DATE   13                        21     -8       12
  SINCE MAR 1     13                        25    -12       12
  SINCE JAN 1     13                        25    -12       12
..................................................................


WIND (MPH)
  HIGHEST WIND SPEED    20   HIGHEST WIND DIRECTION    NE (60)
  HIGHEST GUST SPEED    26   HIGHEST GUST DIRECTION    NE (30)
  AVERAGE WIND SPEED     9.7


SKY COVER
  AVERAGE SKY COVER 0.0


WEATHER CONDITIONS
 THE FOLLOWING WEATHER WAS RECORDED YESTERDAY.
  NO SIGNIFICANT WEATHER WAS OBSERVED.


RELATIVE HUMIDITY (PERCENT)
 HIGHEST    76           300 AM
 LOWEST     40          1100 AM
 AVERAGE    58

..........................................................


THE VICHY-ROLLA MO CLIMATE NORMALS FOR TODAY
                         NORMAL    RECORD    YEAR
 MAXIMUM TEMPERATURE (F)   70        91      1970
 MINIMUM TEMPERATURE (F)   48        35      1979


SUNRISE AND SUNSET
APRIL 28 2015.........SUNRISE   615 AM CDT   SUNSET   755 PM CDT
APRIL 29 2015.........SUNRISE   613 AM CDT   SUNSET   756 PM CDT


-  INDICATES NEGATIVE NUMBERS.
R  INDICATES RECORD WAS SET OR TIED.
MM INDICATES DATA IS MISSING.
T  INDICATES TRACE AMOUNT.




$$
