000
CDUS43 KSGF 060631
CLIVIH


CLIMATE REPORT
NATIONAL WEATHER SERVICE SPRINGFIELD MO
131 AM CDT WED MAY 6 2015


...................................

...THE VICHY-ROLLA MO CLIMATE SUMMARY FOR MAY 5 2015...

CLIMATE NORMAL PERIOD 1981 TO 2010
CLIMATE RECORD PERIOD 1888 TO 2015


WEATHER ITEM   OBSERVED TIME   RECORD YEAR NORMAL DEPARTURE LAST
                VALUE   (LST)  VALUE       VALUE  FROM      YEAR
                                                  NORMAL
..................................................................
TEMPERATURE (F)
 YESTERDAY
  MAXIMUM         81    335 PM  92    1952  72      9       91
  MINIMUM         59    436 AM  40    2013  50      9       58
                                      1958
  AVERAGE         70                        61      9       75

PRECIPITATION (IN)
  YESTERDAY        0.01          2.40 1961   0.17  -0.16     0.00
  MONTH TO DATE    0.01                      0.81  -0.80     0.00
  SINCE MAR 1      5.15                      8.48  -3.33     4.36
  SINCE JAN 1      7.43                     12.58  -5.15     5.82

DEGREE DAYS
 HEATING
  YESTERDAY        0                         5     -5        0
  MONTH TO DATE   12                        29    -17       37
  SINCE MAR 1    850                       957   -107     1083
  SINCE JUL 1   4967                      4747    220     5389

 COOLING
  YESTERDAY        5                         1      4       10
  MONTH TO DATE   18                         5     13       15
  SINCE MAR 1     31                        31      0       27
  SINCE JAN 1     31                        31      0       27
..................................................................


WIND (MPH)
  HIGHEST WIND SPEED    20   HIGHEST WIND DIRECTION    SE (150)
  HIGHEST GUST SPEED    25   HIGHEST GUST DIRECTION    SE (150)
  AVERAGE WIND SPEED    10.1


SKY COVER
  AVERAGE SKY COVER 0.3


WEATHER CONDITIONS
 THE FOLLOWING WEATHER WAS RECORDED YESTERDAY.
  LIGHT RAIN


RELATIVE HUMIDITY (PERCENT)
 HIGHEST    84           300 AM
 LOWEST     45          1200 PM
 AVERAGE    65

..........................................................


THE VICHY-ROLLA MO CLIMATE NORMALS FOR TODAY
                         NORMAL    RECORD    YEAR
 MAXIMUM TEMPERATURE (F)   72        88      1949
 MINIMUM TEMPERATURE (F)   50        36      1958


SUNRISE AND SUNSET
MAY  6 2015...........SUNRISE   605 AM CDT   SUNSET   803 PM CDT
MAY  7 2015...........SUNRISE   604 AM CDT   SUNSET   804 PM CDT


-  INDICATES NEGATIVE NUMBERS.
R  INDICATES RECORD WAS SET OR TIED.
MM INDICATES DATA IS MISSING.
T  INDICATES TRACE AMOUNT.




$$
