000
CDUS43 KSGF 040628
CLIVIH


CLIMATE REPORT
NATIONAL WEATHER SERVICE SPRINGFIELD MO
128 AM CDT MON MAY 4 2015


...................................

...THE VICHY-ROLLA MO CLIMATE SUMMARY FOR MAY 3 2015...

CLIMATE NORMAL PERIOD 1981 TO 2010
CLIMATE RECORD PERIOD 1888 TO 2015


WEATHER ITEM   OBSERVED TIME   RECORD YEAR NORMAL DEPARTURE LAST
                VALUE   (LST)  VALUE       VALUE  FROM      YEAR
                                                  NORMAL
..................................................................
TEMPERATURE (F)
 YESTERDAY
  MAXIMUM         82    251 PM  89    1902  71     11       78
  MINIMUM         59    555 AM  30    1976  49     10       50
  AVERAGE         71                        60     11       64

PRECIPITATION (IN)
  YESTERDAY        0.00          0.96 1991   0.16  -0.16     0.00
  MONTH TO DATE    0.00                      0.47  -0.47     0.00
  SINCE MAR 1      5.14                      8.14  -3.00     4.36
  SINCE JAN 1      7.42                     12.24  -4.82     5.82

DEGREE DAYS
 HEATING
  YESTERDAY        0                         6     -6        1
  MONTH TO DATE   12                        18     -6       37
  SINCE MAR 1    850                       946    -96     1083
  SINCE JUL 1   4967                      4736    231     5389

 COOLING
  YESTERDAY        6                         1      5        0
  MONTH TO DATE    6                         3      3        0
  SINCE MAR 1     19                        29    -10       12
  SINCE JAN 1     19                        29    -10       12
..................................................................


WIND (MPH)
  HIGHEST WIND SPEED    21   HIGHEST WIND DIRECTION    SW (210)
  HIGHEST GUST SPEED    27   HIGHEST GUST DIRECTION     S (160)
  AVERAGE WIND SPEED    11.7


SKY COVER
  AVERAGE SKY COVER 0.1


WEATHER CONDITIONS
 THE FOLLOWING WEATHER WAS RECORDED YESTERDAY.
  NO SIGNIFICANT WEATHER WAS OBSERVED.


RELATIVE HUMIDITY (PERCENT)
 HIGHEST    62           600 AM
 LOWEST     39           200 PM
 AVERAGE    51

..........................................................


THE VICHY-ROLLA MO CLIMATE NORMALS FOR TODAY
                         NORMAL    RECORD    YEAR
 MAXIMUM TEMPERATURE (F)   72        91      2014
                                             1952
 MINIMUM TEMPERATURE (F)   50        31      1954


SUNRISE AND SUNSET
MAY  4 2015...........SUNRISE   608 AM CDT   SUNSET   801 PM CDT
MAY  5 2015...........SUNRISE   606 AM CDT   SUNSET   802 PM CDT


-  INDICATES NEGATIVE NUMBERS.
R  INDICATES RECORD WAS SET OR TIED.
MM INDICATES DATA IS MISSING.
T  INDICATES TRACE AMOUNT.




$$
