000
CDUS43 KSGF 290635
CLIVIH


CLIMATE REPORT
NATIONAL WEATHER SERVICE SPRINGFIELD MO
135 AM CDT WED APR 29 2015


...................................

...THE VICHY-ROLLA MO CLIMATE SUMMARY FOR APRIL 28 2015...

CLIMATE NORMAL PERIOD 1981 TO 2010
CLIMATE RECORD PERIOD 1888 TO 2015


WEATHER ITEM   OBSERVED TIME   RECORD YEAR NORMAL DEPARTURE LAST
                VALUE   (LST)  VALUE       VALUE  FROM      YEAR
                                                  NORMAL
..................................................................
TEMPERATURE (F)
 YESTERDAY
  MAXIMUM         69    402 PM  91    1970  70     -1       73
  MINIMUM         39    516 AM  35    1979  48     -9       52
  AVERAGE         54                        59     -5       63

PRECIPITATION (IN)
  YESTERDAY        0.00          2.59 1994   0.16  -0.16     0.36
  MONTH TO DATE    2.12                      3.91  -1.79     3.64
  SINCE MAR 1      5.14                      7.36  -2.22     4.35
  SINCE JAN 1      7.42                     11.46  -4.04     5.81

DEGREE DAYS
 HEATING
  YESTERDAY       11                         7      4        2
  MONTH TO DATE  212                       301    -89      263
  SINCE MAR 1    824                       915    -91     1014
  SINCE JUL 1   4941                      4705    236     5320

 COOLING
  YESTERDAY        0                         1     -1        0
  MONTH TO DATE   13                        22     -9       12
  SINCE MAR 1     13                        26    -13       12
  SINCE JAN 1     13                        26    -13       12
..................................................................


WIND (MPH)
  HIGHEST WIND SPEED    20   HIGHEST WIND DIRECTION    NE (30)
  HIGHEST GUST SPEED    26   HIGHEST GUST DIRECTION    NE (30)
  AVERAGE WIND SPEED     6.9


SKY COVER
  AVERAGE SKY COVER 0.0


WEATHER CONDITIONS
 THE FOLLOWING WEATHER WAS RECORDED YESTERDAY.
  NO SIGNIFICANT WEATHER WAS OBSERVED.


RELATIVE HUMIDITY (PERCENT)
 HIGHEST    86           600 AM
 LOWEST     35           200 PM
 AVERAGE    61

..........................................................


THE VICHY-ROLLA MO CLIMATE NORMALS FOR TODAY
                         NORMAL    RECORD    YEAR
 MAXIMUM TEMPERATURE (F)   70        88      1952
 MINIMUM TEMPERATURE (F)   48        30      2008


SUNRISE AND SUNSET
APRIL 29 2015.........SUNRISE   613 AM CDT   SUNSET   756 PM CDT
APRIL 30 2015.........SUNRISE   612 AM CDT   SUNSET   757 PM CDT


-  INDICATES NEGATIVE NUMBERS.
R  INDICATES RECORD WAS SET OR TIED.
MM INDICATES DATA IS MISSING.
T  INDICATES TRACE AMOUNT.




$$
