000
CDUS43 KSGF 152127
CLIVIH


CLIMATE REPORT
NATIONAL WEATHER SERVICE SPRINGFIELD MO
427 PM CDT WED APR 15 2015


...................................

...THE VICHY-ROLLA MO CLIMATE SUMMARY FOR APRIL 15 2015...
VALID AS OF 0400 PM LOCAL TIME.

CLIMATE NORMAL PERIOD 1981 TO 2010
CLIMATE RECORD PERIOD 1888 TO 2015


WEATHER ITEM   OBSERVED TIME   RECORD YEAR NORMAL DEPARTURE LAST
                VALUE   (LST)  VALUE       VALUE  FROM      YEAR
                                                  NORMAL
..................................................................
TEMPERATURE (F)
 TODAY
  MAXIMUM         62    118 PM  84    1955  67     -5       48
  MINIMUM         52    620 AM  26    2014  44      8       26
  AVERAGE         57                        55      2       37

PRECIPITATION (IN)
  TODAY            0.02          1.53 1991   0.14  -0.12     0.00
  MONTH TO DATE    1.44                      2.00  -0.56     2.14
  SINCE MAR 1      4.46                      5.45  -0.99     2.85
  SINCE JAN 1      6.74                      9.55  -2.81     4.31

DEGREE DAYS
 HEATING
  TODAY            8                        11     -3       28
  MONTH TO DATE   99                       189    -90      194
  SINCE MAR 1    711                       803    -92      945
  SINCE JUL 1   4828                      4593    235     5251

 COOLING
  TODAY            0                         1     -1        0
  MONTH TO DATE   11                         9      2        7
  SINCE MAR 1     11                        13     -2        7
  SINCE JAN 1     11                        13     -2        7
..................................................................


WIND (MPH)
  HIGHEST WIND SPEED    14   HIGHEST WIND DIRECTION    SE (130)
  HIGHEST GUST SPEED    19   HIGHEST GUST DIRECTION     E (90)


SKY COVER
  AVERAGE SKY COVER 0.9


WEATHER CONDITIONS
 THE FOLLOWING WEATHER WAS RECORDED TODAY.
  NO SIGNIFICANT WEATHER WAS OBSERVED.


RELATIVE HUMIDITY (PERCENT)
 HIGHEST    78           300 PM
 LOWEST     40           200 AM
 AVERAGE    59

..........................................................


THE VICHY-ROLLA MO CLIMATE NORMALS FOR TOMORROW
                         NORMAL    RECORD    YEAR
 MAXIMUM TEMPERATURE (F)   67        85      2006
                                             1977
 MINIMUM TEMPERATURE (F)   44        27      1949


SUNRISE AND SUNSET
APRIL 15 2015.........SUNRISE   632 AM CDT   SUNSET   743 PM CDT
APRIL 16 2015.........SUNRISE   630 AM CDT   SUNSET   744 PM CDT


-  INDICATES NEGATIVE NUMBERS.
R  INDICATES RECORD WAS SET OR TIED.
MM INDICATES DATA IS MISSING.
T  INDICATES TRACE AMOUNT.




$$
