000
CDUS43 KSGF 200627
CLIVIH


CLIMATE REPORT
NATIONAL WEATHER SERVICE SPRINGFIELD MO
127 AM CDT MON APR 20 2015


...................................

...THE VICHY-ROLLA MO CLIMATE SUMMARY FOR APRIL 19 2015...

CLIMATE NORMAL PERIOD 1981 TO 2010
CLIMATE RECORD PERIOD 1888 TO 2015


WEATHER ITEM   OBSERVED TIME   RECORD YEAR NORMAL DEPARTURE LAST
                VALUE   (LST)  VALUE       VALUE  FROM      YEAR
                                                  NORMAL
..................................................................
TEMPERATURE (F)
 YESTERDAY
  MAXIMUM         67    519 PM  86    2011  68     -1       76
                                      1966
  MINIMUM         51   1159 PM  27    1953  45      6       49
  AVERAGE         59                        56      3       63

PRECIPITATION (IN)
  YESTERDAY        0.62          1.18 1972   0.14   0.48     0.00
  MONTH TO DATE    2.06                      2.56  -0.50     2.14
  SINCE MAR 1      5.08                      6.01  -0.93     2.85
  SINCE JAN 1      7.36                     10.11  -2.75     4.31

DEGREE DAYS
 HEATING
  YESTERDAY        6                         9     -3        2
  MONTH TO DATE  105                       228   -123      237
  SINCE MAR 1    717                       842   -125      988
  SINCE JUL 1   4834                      4632    202     5294

 COOLING
  YESTERDAY        0                         1     -1        0
  MONTH TO DATE   13                        13      0        7
  SINCE MAR 1     13                        17     -4        7
  SINCE JAN 1     13                        17     -4        7
..................................................................


WIND (MPH)
  HIGHEST WIND SPEED    28   HIGHEST WIND DIRECTION    NW (310)
  HIGHEST GUST SPEED    36   HIGHEST GUST DIRECTION    NW (320)
  AVERAGE WIND SPEED     9.3


SKY COVER
  AVERAGE SKY COVER 0.7


WEATHER CONDITIONS
 THE FOLLOWING WEATHER WAS RECORDED YESTERDAY.
  HEAVY RAIN
  RAIN
  LIGHT RAIN
  FOG


RELATIVE HUMIDITY (PERCENT)
 HIGHEST   100           700 AM
 LOWEST     63           500 PM
 AVERAGE    82

..........................................................


THE VICHY-ROLLA MO CLIMATE NORMALS FOR TODAY
                         NORMAL    RECORD    YEAR
 MAXIMUM TEMPERATURE (F)   68        86      1902
 MINIMUM TEMPERATURE (F)   45        27      1953


SUNRISE AND SUNSET
APRIL 20 2015.........SUNRISE   625 AM CDT   SUNSET   748 PM CDT
APRIL 21 2015.........SUNRISE   624 AM CDT   SUNSET   749 PM CDT


-  INDICATES NEGATIVE NUMBERS.
R  INDICATES RECORD WAS SET OR TIED.
MM INDICATES DATA IS MISSING.
T  INDICATES TRACE AMOUNT.




$$
