000
CXUS54 KMAF 191100
CF66R6
PRELIMINARY LOCAL CLIMATOLOGICAL DATA (WS FORM: F-6)

                                          STATION:   Terrell County Airport
                                          MONTH:     APRIL
                                          YEAR:      2015
                                          LATITUDE:   30  2 N
                                          LONGITUDE: 102 13 W

  TEMPERATURE IN F:       :PCPN:    SNOW:  WIND      :SUNSHINE: SKY     :PK WND
================================================================================
1   2   3   4   5  6A  6B    7    8   9   10  11  12  13   14  15   16   17  18
                                     12Z  AVG MX 2MIN
DY MAX MIN AVG DEP HDD CDD  WTR  SNW DPTH SPD SPD DIR MIN PSBL S-S WX    SPD DR
================================================================================

 1  88  58  73   8   0   8 0.01  0.0    0  8.7 21 320   M    M   0        29 290
 2  91  60  76  11   0  11 0.00  0.0    0  5.7 16 130   M    M   0        20 130
 3  83  63  73   7   0   8 0.00  0.0    0 11.2 25 350   M    M   0        32 340
 4  65  56  61  -5   4   0 0.00  0.0    0 11.7 20  40   M    M   0        24  30
 5  82  54  68   2   0   3 0.58  0.0    0  6.8 17 270   M    M   0        20 270
 6  81  63  72   6   0   7 0.02  0.0    0  7.4 22 100   M    M   0        29 100
 7  85  65  75   8   0  10 0.00  0.0    0  6.6 18 100   M    M   0        23  90
 8  81  65  73   6   0   8 0.06  0.0    0  8.1 20 130   M    M   0        25 140
 9  90  66  78  11   0  13 0.00  0.0    0  4.6 15 200   M    M   0        19  40
10  81  61  71   4   0   6 0.00  0.0    0 10.9 18  80   M    M   0        24  80
11  71  63  67  -1   0   2 0.02  0.0    0  6.4 17 120   M    M   0        21  60
12  80  57  69   1   0   4 0.84  0.0    0  6.8 51 220   M    M   0        68 210
13  80  56  68   0   0   3 0.00  0.0    0 12.8 23 250   M    M   0        29 240
14  72  55  64  -4   1   0 0.00  0.0    0  8.0 16 340   M    M   0        26  40
15  83  50  67  -2   0   2 0.20  0.0    0  7.5 22 100   M    M   0        30 230
16  80  62  71   2   0   6 0.00  0.0    0  8.5 18 100   M    M   0        25  90
17  86  66  76   7   0  11 0.00  0.0    0  6.9 14 350   M    M   0        17 350
18  87  61  74   4   0   9 0.00  0.0    0  8.1 22 240   M    M   0        29 210
================================================================================
SM 1466 1081         5 111  1.73     0.0 146.7          M        0
================================================================================
AV 81.4 60.1                               8.2 FASTST   M    M   0    MAX(MPH)
                                 MISC ---->  # 51 220               # 68  210
================================================================================
NOTES:
# LAST OF SEVERAL OCCURRENCES

COLUMN 17 PEAK WIND IN M.P.H.

PRELIMINARY LOCAL CLIMATOLOGICAL DATA (WS FORM: F-6) , PAGE 2

                                          STATION:  Terrell County Airport
                                          MONTH:    APRIL
                                          YEAR:     2015
                                          LATITUDE:   30  2 N
                                          LONGITUDE: 102 13 W

[TEMPERATURE DATA]      [PRECIPITATION DATA]       SYMBOLS USED IN COLUMN 16

AVERAGE MONTHLY: 70.8   TOTAL FOR MONTH:   1.73    1 = FOG OR MIST
DPTR FM NORMAL:   3.5   DPTR FM NORMAL:    1.22    2 = FOG REDUCING VISIBILITY
HIGHEST:    91 ON  2    GRTST 24HR  0.84 ON 11-12      TO 1/4 MILE OR LESS
LOWEST:     50 ON 15                               3 = THUNDER
                        SNOW, ICE PELLETS, HAIL    4 = ICE PELLETS
                        TOTAL MONTH:   0.0 INCH    5 = HAIL
                        GRTST 24HR     0.0         6 = FREEZING RAIN OR DRIZZLE
                        GRTST DEPTH:   0           7 = DUSTSTORM OR SANDSTORM:
                                                       VSBY 1/2 MILE OR LESS
                                                   8 = SMOKE OR HAZE
[NO. OF DAYS WITH]      [WEATHER - DAYS WITH]      9 = BLOWING SNOW
                                                   X = TORNADO
MAX 32 OR BELOW:   0    0.01 INCH OR MORE:   7
MAX 90 OR ABOVE:   2    0.10 INCH OR MORE:   3
MIN 32 OR BELOW:   0    0.50 INCH OR MORE:   2
MIN  0 OR BELOW:   0    1.00 INCH OR MORE:   0

[HDD (BASE 65) ]
TOTAL THIS MO.     5    CLEAR  (SCALE 0-3)  18
DPTR FM NORMAL   -30    PTCLDY (SCALE 4-7)   0
TOTAL FM JUL 1  1715    CLOUDY (SCALE 8-10)  0
DPTR FM NORMAL   -93

[CDD (BASE 65) ]
TOTAL THIS MO.   111
DPTR FM NORMAL    35    [PRESSURE DATA]
TOTAL FM JAN 1   171    HIGHEST SLP M ON M
DPTR FM NORMAL    44    LOWEST  SLP 29.59 ON  8

[REMARKS]
