000
CXUS52 KFFC 201110
CF6AHN
PRELIMINARY LOCAL CLIMATOLOGICAL DATA (WS FORM: F-6)

                                          STATION:   ATHENS
                                          MONTH:     APRIL
                                          YEAR:      2015
                                          LATITUDE:   33 57 N
                                          LONGITUDE:  83 19 W

  TEMPERATURE IN F:       :PCPN:    SNOW:  WIND      :SUNSHINE: SKY     :PK WND
================================================================================
1   2   3   4   5  6A  6B    7    8   9   10  11  12  13   14  15   16   17  18
                                     12Z  AVG MX 2MIN
DY MAX MIN AVG DEP HDD CDD  WTR  SNW DPTH SPD SPD DIR MIN PSBL S-S WX    SPD DR
================================================================================

 1  83  57  70  12   0   5 0.00  0.0    0  4.5 12  20   M    M   1        17  40
 2  72  57  65   7   0   0 0.13  0.0    0  3.8 16 300   M    M   7 138    23 300
 3  84  56  70  11   0   5 0.00  0.0    0  5.1 15 220   M    M   3 12     25 220
 4  73  49  61   2   4   0 0.18  0.0    0  6.7 17 300   M    M   3 1      26 300
 5  71  44  58  -1   7   0 0.00  0.0    0  8.1 17  90   M    M   0        24  80
 6  69  53  61   2   4   0 0.31  0.0    0  4.0 13 330   M    M   9 18     16 320
 7  80  58  69   9   0   4 0.06  0.0    0  2.1  8 220   M    M   7 1      14 240
 8  89  60  75  15   0  10 0.00  0.0    0  2.6 10 270   M    M   2 12     18 290
 9  88  60  74  14   0   9 0.00  0.0    0  4.3 13 240   M    M   1 1      23 120
10  77  63  70  10   0   5 0.31  0.0    0  4.9 14 310   M    M   6 138    21 230
11  81  57  69   9   0   4 0.00  0.0    0  3.3 10  80   M    M   1 1      15  70
12  72  55  64   3   1   0 0.04  0.0    0  7.2 15  80   M    M   7 1      19  90
13  75  60  68   7   0   3 1.45  0.0    0  6.2 13  90   M    M   9 1      16 130
14  84  66  75  14   0  10 0.83  0.0    0  5.1 13 250   M    M   7 1      19 230
15  71  53  62   1   3   0 1.04  0.0    0  7.7 16  60   M    M   9 1      24  70
16  58  50  54  -8  11   0    T  0.0    0  9.1 18  80   M    M  10 1      25  80
17  65  53  59  -3   6   0 0.62  0.0    0  2.7  7  70   M    M  10 1      10  50
18  75  62  69   7   0   4 0.20  0.0    0  3.5 10  90   M    M   8 1      15  70
19  70  63  67   5   0   2 1.38  0.0    0  5.3 13 210   M    M   8 1      23 230
================================================================================
SM 1437 1076        36  61  6.55     0.0  96.2          M      108
================================================================================
AV 75.6 56.6                               5.1 FASTST   M    M   6    MAX(MPH)
                                 MISC ---->  # 18  80               # 26  300
================================================================================
NOTES:
# LAST OF SEVERAL OCCURRENCES

COLUMN 17 PEAK WIND IN M.P.H.

PRELIMINARY LOCAL CLIMATOLOGICAL DATA (WS FORM: F-6) , PAGE 2

                                          STATION:  ATHENS
                                          MONTH:    APRIL
                                          YEAR:     2015
                                          LATITUDE:   33 57 N
                                          LONGITUDE:  83 19 W

[TEMPERATURE DATA]      [PRECIPITATION DATA]       SYMBOLS USED IN COLUMN 16

AVERAGE MONTHLY: 66.1   TOTAL FOR MONTH:   6.55    1 = FOG OR MIST
DPTR FM NORMAL:   5.9   DPTR FM NORMAL:    4.53    2 = FOG REDUCING VISIBILITY
HIGHEST:    89 ON  8    GRTST 24HR  2.27 ON 13-14      TO 1/4 MILE OR LESS
LOWEST:     44 ON  5                               3 = THUNDER
                        SNOW, ICE PELLETS, HAIL    4 = ICE PELLETS
                        TOTAL MONTH:   0.0 INCH    5 = HAIL
                        GRTST 24HR     0.0         6 = FREEZING RAIN OR DRIZZLE
                        GRTST DEPTH:   0           7 = DUSTSTORM OR SANDSTORM:
                                                       VSBY 1/2 MILE OR LESS
                                                   8 = SMOKE OR HAZE
[NO. OF DAYS WITH]      [WEATHER - DAYS WITH]      9 = BLOWING SNOW
                                                   X = TORNADO
MAX 32 OR BELOW:   0    0.01 INCH OR MORE:  12
MAX 90 OR ABOVE:   0    0.10 INCH OR MORE:  10
MIN 32 OR BELOW:   0    0.50 INCH OR MORE:   5
MIN  0 OR BELOW:   0    1.00 INCH OR MORE:   3

[HDD (BASE 65) ]
TOTAL THIS MO.    36    CLEAR  (SCALE 0-3)   6
DPTR FM NORMAL   -75    PTCLDY (SCALE 4-7)   7
TOTAL FM JUL 1  2795    CLOUDY (SCALE 8-10)  6
DPTR FM NORMAL    89

[CDD (BASE 65) ]
TOTAL THIS MO.    61
DPTR FM NORMAL    39    [PRESSURE DATA]
TOTAL FM JAN 1    68    HIGHEST SLP M ON M
DPTR FM NORMAL    35    LOWEST  SLP 29.69 ON 19

[REMARKS]
