000
CXAK56 PAJK 261245
CF6AJN
PRELIMINARY LOCAL CLIMATOLOGICAL DATA (WS FORM: F-6)

                                          STATION:   JUNEAU
                                          MONTH:     APRIL
                                          YEAR:      2015
                                          LATITUDE:   58 22 N
                                          LONGITUDE: 134 35 W

  TEMPERATURE IN F:       :PCPN:    SNOW:  WIND      :SUNSHINE: SKY     :PK WND
================================================================================
1   2   3   4   5  6A  6B    7    8   9   10  11  12  13   14  15   16   17  18
                                     12Z  AVG MX 2MIN
DY MAX MIN AVG DEP HDD CDD  WTR  SNW DPTH SPD SPD DIR MIN PSBL S-S WX    SPD DR
================================================================================

 1  44  39  42   5  23   0 0.14  0.0    0 12.5 21 120   M    M  10 1      26 130
 2  44  36  40   2  25   0    T  0.0    0  8.1 17 120   M    M  10        21 110
 3  48  32  40   2  25   0    T  0.0    0  3.1  9  80   M    M   9 12     13 140
 4  52  30  41   3  24   0    T  0.0    0  3.5 12 240   M    M   5 1      14 260
 5  53  28  41   3  24   0 0.00  0.0    0  2.9 12 240   M    M   4 1      14 250
 6  50  30  40   2  25   0    T  0.0    0  3.5 12 260   M    M   8        14 200
 7  47  41  44   5  21   0 0.13  0.0    0 16.1 23 120   M    M  10 1      29 110
 8  44  42  43   4  22   0 1.14  0.0    0 24.3 32 110   M    M  10 1      42 100
 9  49  41  45   6  20   0 0.22  0.0    0 23.6 40 120   M    M  10 1      50 110
10  43  34  39  -1  26   0 0.72    T    0 13.3 32 110   M    M   9 1      40 120
11  40  36  38  -2  27   0 0.28    T    0 15.9 31 120   M    M  10 1      37 120
12  39  34  37  -3  28   0 0.23    T    0 10.9 29 110   M    M  10 1      37 120
13  45  30  38  -2  27   0    T    T    0  3.4 12 240   M    M   9 14     17 240
14  46  32  39  -1  26   0 0.17    T    0 14.9 29 120   M    M  10 1      36 130
15  43  38  41   0  24   0 0.32  0.0    0 21.6 30 110   M    M  10 1      37 120
16  45  38  42   1  23   0 0.48    M    0 10.4 20 130   M    M  10 1      24 120
17  47  37  42   1  23   0 0.14  0.0    0  7.3 18 270   M    M   8 1      22 260
18  42  39  41  -1  24   0 0.69  0.0    0 15.7 25 120   M    M  10 1      32 120
19  45  40  43   1  22   0 0.65  0.0    0 14.7 22 130   M    M  10 1      28 140
20  48  37  43   1  22   0 0.42  0.0    0  8.4 23 100   M    M  10 1      28 110
21  49  33  41  -1  24   0    T  0.0    0  4.9 20 250   M    M   8 12     24 250
22  50  30  40  -2  25   0 0.00  0.0    0  3.6 15 130   M    M   6        18 130
23  57  29  43   0  22   0 0.00  0.0    0  6.4 23  90   M    M   7        32  80
24  59  31  45   2  20   0 0.00  0.0    0  4.2 18 100   M    M   2        22  90
25  62  31  47   4  18   0 0.00  0.0    0  5.8 16  70   M    M   5        21  80
================================================================================
SM 1191  868       590   0  5.73    T    259.0          M      210
================================================================================
AV 47.6 34.7                              10.4 FASTST   M    M   8    MAX(MPH)
                                 MISC ---->  # 40 120               # 50  110
================================================================================
NOTES:
# LAST OF SEVERAL OCCURRENCES

COLUMN 17 PEAK WIND IN M.P.H.

PRELIMINARY LOCAL CLIMATOLOGICAL DATA (WS FORM: F-6) , PAGE 2

                                          STATION:  JUNEAU
                                          MONTH:    APRIL
                                          YEAR:     2015
                                          LATITUDE:   58 22 N
                                          LONGITUDE: 134 35 W

[TEMPERATURE DATA]      [PRECIPITATION DATA]       SYMBOLS USED IN COLUMN 16

AVERAGE MONTHLY: 41.2   TOTAL FOR MONTH:   5.73    1 = FOG OR MIST
DPTR FM NORMAL:   0.9   DPTR FM NORMAL:    3.27    2 = FOG REDUCING VISIBILITY
HIGHEST:    62 ON 25    GRTST 24HR  1.15 ON  8- 9      TO 1/4 MILE OR LESS
LOWEST:     28 ON  5                               3 = THUNDER
                        SNOW, ICE PELLETS, HAIL    4 = ICE PELLETS
                        TOTAL MONTH:    T          5 = HAIL
                        GRTST 24HR    T  ON 14-14  6 = FREEZING RAIN OR DRIZZLE
                        GRTST DEPTH:   0           7 = DUSTSTORM OR SANDSTORM:
                                                       VSBY 1/2 MILE OR LESS
                                                   8 = SMOKE OR HAZE
[NO. OF DAYS WITH]      [WEATHER - DAYS WITH]      9 = BLOWING SNOW
                                                   X = TORNADO
MAX 32 OR BELOW:   0    0.01 INCH OR MORE:  14
MAX 90 OR ABOVE:   0    0.10 INCH OR MORE:  14
MIN 32 OR BELOW:  10    0.50 INCH OR MORE:   4
MIN  0 OR BELOW:   0    1.00 INCH OR MORE:   1

[HDD (BASE 65) ]
TOTAL THIS MO.   590    CLEAR  (SCALE 0-3)   1
DPTR FM NORMAL   -32    PTCLDY (SCALE 4-7)   6
TOTAL FM JUL 1  6668    CLOUDY (SCALE 8-10) 18
DPTR FM NORMAL  -758

[CDD (BASE 65) ]
TOTAL THIS MO.     0
DPTR FM NORMAL     0    [PRESSURE DATA]
TOTAL FM JAN 1     0    HIGHEST SLP M ON M
DPTR FM NORMAL     0    LOWEST  SLP 29.24 ON 10

[REMARKS]
