000
CXUS51 KCAR 270600
CF6BGR
PRELIMINARY LOCAL CLIMATOLOGICAL DATA (WS FORM: F-6)

                                          STATION:   BANGOR ME
                                          MONTH:     APRIL
                                          YEAR:      2015
                                          LATITUDE:   44 47 N
                                          LONGITUDE:  68 49 W

  TEMPERATURE IN F:       :PCPN:    SNOW:  WIND      :SUNSHINE: SKY     :PK WND
================================================================================
1   2   3   4   5  6A  6B    7    8   9   10  11  12  13   14  15   16   17  18
                                     12Z  AVG MX 2MIN
DY MAX MIN AVG DEP HDD CDD  WTR  SNW DPTH SPD SPD DIR MIN PSBL S-S WX    SPD DR
================================================================================

 1  35  19  27  -9  38   0 0.00  0.0    M 11.4 25 320   M    M   1        33 330
 2  43  17  30  -7  35   0 0.03  0.0    M  6.5 17 170   M    M   6 1      23 220
 3  62  33  48  11  17   0 0.12  0.0    M  4.7 12 190   M    M   8 1      17 230
 4  41  16  29  -9  36   0 0.22  1.5    M 12.2 31 320   M    M   8 1249   38 330
 5  36  12  24 -14  41   0 0.01    T    M  7.7 29 320   M    M   4 18     34 320
 6  35  15  25 -14  40   0 0.05  0.8    M  3.6 17 190   M    M   8 1      24 150
 7  46  27  37  -2  28   0 0.08  1.6    M  5.6 17 340   M    M   7 1      19 350
 8  40  23  32  -7  33   0 0.02  0.6    M  6.9 20  30   M    M   7 1      23  40
 9  37  28  33  -7  32   0 0.12  1.8    M  5.4 12 140   M    M   9 1      15 100
10  42  32  37  -3  28   0 0.36    T    M  6.6 16 130   M    M  10 16     20 130
11  47  31  39  -2  26   0 0.00  0.0    M  9.6 23 280   M    M   6 12     34 270
12  64  28  46   5  19   0 0.00  0.0    M  6.2 22 310   M    M   1        26 310
13  66  29  48   6  17   0 0.00  0.0    M 10.1 21 190   M    M   3        29 180
14  63  37  50   8  15   0 0.03  0.0    M  8.6 22 270   M    M   5 1      32 270
15  56  30  43   1  22   0 0.00  0.0    M 10.8 26 330   M    M   1        32 360
16  58  25  42  -1  23   0 0.00  0.0    M  6.1 18 180   M    M   3        24 190
17  65  38  52   9  13   0 0.01  0.0    M  7.4 17 260   M    M   7        23 280
18  58  36  47   3  18   0 0.01  0.0    M  7.6 25 210   M    M   5        26 210
19  55  35  45   1  20   0 0.00  0.0    M  7.3 17 320   M    M   7        22 320
20  52  29  41  -3  24   0 0.09  0.0    M  9.2 22 130   M    M   8 1      30 120
21  50  40  45   0  20   0 0.65  0.0    M 11.6 28 130   M    M   9 13     39 130
22  59  30  45   0  20   0 0.00  0.0    M  8.6 22 190   M    M   5 12     32 200
23  50  36  43  -3  22   0 0.14  0.0    M  8.6 21 170   M    M   9 1      29 160
24  50  33  42  -4  23   0 0.14    T    M 10.1 22 320   M    M  10 1      27 320
25  49  33  41  -5  24   0    T    T    M  6.1 14 310   M    M   8        18 330
26  51  35  43  -4  22   0 0.19  0.0    M  5.1 14 350   M    M  10 1      16 340
================================================================================
SM 1310  747       656   0  2.27     6.3 203.6          M      165
================================================================================
AV 50.4 28.7                               7.8 FASTST   M    M   6    MAX(MPH)
                                 MISC ---->  # 31 320               # 39  130
================================================================================
NOTES:
# LAST OF SEVERAL OCCURRENCES

COLUMN 17 PEAK WIND IN M.P.H.

PRELIMINARY LOCAL CLIMATOLOGICAL DATA (WS FORM: F-6) , PAGE 2

                                          STATION:  BANGOR ME
                                          MONTH:    APRIL
                                          YEAR:     2015
                                          LATITUDE:   44 47 N
                                          LONGITUDE:  68 49 W

[TEMPERATURE DATA]      [PRECIPITATION DATA]       SYMBOLS USED IN COLUMN 16

AVERAGE MONTHLY: 39.6   TOTAL FOR MONTH:   2.27    1 = FOG OR MIST
DPTR FM NORMAL:  -2.1   DPTR FM NORMAL:   -0.87    2 = FOG REDUCING VISIBILITY
HIGHEST:    66 ON 13    GRTST 24HR  0.73 ON 20-21      TO 1/4 MILE OR LESS
LOWEST:     12 ON  5                               3 = THUNDER
                        SNOW, ICE PELLETS, HAIL    4 = ICE PELLETS
                        TOTAL MONTH:   6.3 INCHES  5 = HAIL
                        GRTST 24HR   1.8 ON   M    6 = FREEZING RAIN OR DRIZZLE
                        GRTST DEPTH:  M  ON   M    7 = DUSTSTORM OR SANDSTORM:
                                                       VSBY 1/2 MILE OR LESS
                                                   8 = SMOKE OR HAZE
[NO. OF DAYS WITH]      [WEATHER - DAYS WITH]      9 = BLOWING SNOW
                                                   X = TORNADO
MAX 32 OR BELOW:   0    0.01 INCH OR MORE:  17
MAX 90 OR ABOVE:   0    0.10 INCH OR MORE:   8
MIN 32 OR BELOW:  16    0.50 INCH OR MORE:   1
MIN  0 OR BELOW:   0    1.00 INCH OR MORE:   0

[HDD (BASE 65) ]
TOTAL THIS MO.   656    CLEAR  (SCALE 0-3)   3
DPTR FM NORMAL    50    PTCLDY (SCALE 4-7)  15
TOTAL FM JUL 1  7798    CLOUDY (SCALE 8-10)  8
DPTR FM NORMAL   469

[CDD (BASE 65) ]
TOTAL THIS MO.     0
DPTR FM NORMAL     0    [PRESSURE DATA]
TOTAL FM JAN 1     0    HIGHEST SLP M ON M
DPTR FM NORMAL     0    LOWEST  SLP 29.38 ON 11

[REMARKS]
