000
CXUS53 KGRR 271017
CF6BIV
PRELIMINARY LOCAL CLIMATOLOGICAL DATA (WS FORM: F-6)

                                          STATION:   HOLLAND/TULIP CITY MI
                                          MONTH:     APRIL
                                          YEAR:      2015
                                          LATITUDE:   42 49 N
                                          LONGITUDE:  86 10 W

  TEMPERATURE IN F:       :PCPN:    SNOW:  WIND      :SUNSHINE: SKY     :PK WND
================================================================================
1   2   3   4   5  6A  6B    7    8   9   10  11  12  13   14  15   16   17  18
                                     12Z  AVG MX 2MIN
DY MAX MIN AVG DEP HDD CDD  WTR  SNW DPTH SPD SPD DIR MIN PSBL S-S WX    SPD DR
================================================================================

 1  70  30  50   7  15   0 0.00    M    M  6.4 17 180   M    M   0        23 190
 2  61  45  53  10  12   0 0.14    M    M 10.6 26 240   M    M   6 138    35 220
 3  50  32  41  -3  24   0    T    M    M  8.5 20 310   M    M   5 1      25 330
 4  53  23  38  -6  27   0    T    M    M  9.6 31 230   M    M   1        40 230
 5  59  36  48   4  17   0 0.00    M    M  6.5 20 230   M    M   6        23 230
 6  60  33  47   2  18   0 0.00    M    M  7.0 16  70   M    M   6 1      22  70
 7  53  40  47   2  18   0    T    M    M 13.3 20  70   M    M  10        29  70
 8  48  41  45  -1  20   0 0.09    M    M 11.6 23 110   M    M  10 18     29 110
 9  68  40  54   8  11   0 2.06    M    M 10.8 22 210   M    M   9 13     28 200
10  59  37  48   2  17   0 0.29    M    M 16.0 36 240   M    M   7 13     46 240
11  56  35  46  -1  19   0 0.00    M    M  7.4 17 250   M    M   1        22 250
12  68  38  53   6  12   0    T    M    M  8.9 17 190   M    M   2 8      22 180
13  62  43  53   6  12   0 0.25    M    M 12.1 29 220   M    M   5 1      36 230
14  66  37  52   4  13   0 0.00    M    M  3.0 14 260   M    M   0        17 280
15  70  41  56   8   9   0 0.00    M    M 10.4 21 100   M    M   0        27  90
16  61  41  51   2  14   0 0.08    M    M  5.7 14 270   M    M   8        17 280
17  71  38  55   6  10   0 0.00    M    M  4.3 12 260   M    M   1 18     15 260
18  77  50  64  15   1   0 0.00    M    M  9.7 21  90   M    M   0        26  70
19  71  44  58   8   7   0 0.50    M    M 14.7 22 100   M    M   5 18     29  80
20  55  42  49  -1  16   0 0.36    M    M 16.1 26 250   M    M  10 18     33 250
21  47  39  43  -7  22   0    T    M    M 18.9 29 240   M    M   9        37 250
22  41  35  38 -13  27   0    T    M    M 12.5 23 260   M    M   9        32 280
23  47  33  40 -11  25   0 0.00    M    M  8.3 18 310   M    M   5        26 330
24  58  30  44  -8  21   0 0.12    M    M  5.3 15 260   M    M   3 1      19 280
25  57  43  50  -2  15   0 0.03    M    M 10.6 17  90   M    M   8        23  90
26  59  34  47  -5  18   0 0.00    M    M  7.7 21 310   M    M   1        28  20
================================================================================
SM 1547  980       420   0  3.92    M    255.9          M      127
================================================================================
AV 59.5 37.7                               9.8 FASTST   M    M   5    MAX(MPH)
                                 MISC ---->  # 36 240               # 46  240
================================================================================
NOTES:
# LAST OF SEVERAL OCCURRENCES

COLUMN 17 PEAK WIND IN M.P.H.

PRELIMINARY LOCAL CLIMATOLOGICAL DATA (WS FORM: F-6) , PAGE 2

                                          STATION:  HOLLAND/TULIP CITY MI
                                          MONTH:    APRIL
                                          YEAR:     2015
                                          LATITUDE:   42 49 N
                                          LONGITUDE:  86 10 W

[TEMPERATURE DATA]      [PRECIPITATION DATA]       SYMBOLS USED IN COLUMN 16

AVERAGE MONTHLY: 48.6   TOTAL FOR MONTH:   3.92    1 = FOG OR MIST
DPTR FM NORMAL:   1.0   DPTR FM NORMAL:    1.28    2 = FOG REDUCING VISIBILITY
HIGHEST:    77 ON 18    GRTST 24HR  2.06 ON  9- 9      TO 1/4 MILE OR LESS
LOWEST:     23 ON  4                               3 = THUNDER
                        SNOW, ICE PELLETS, HAIL    4 = ICE PELLETS
                        TOTAL MONTH:    M          5 = HAIL
                        GRTST 24HR    M  ON   M    6 = FREEZING RAIN OR DRIZZLE
                        GRTST DEPTH:  M  ON   M    7 = DUSTSTORM OR SANDSTORM:
                                                       VSBY 1/2 MILE OR LESS
                                                   8 = SMOKE OR HAZE
[NO. OF DAYS WITH]      [WEATHER - DAYS WITH]      9 = BLOWING SNOW
                                                   X = TORNADO
MAX 32 OR BELOW:   0    0.01 INCH OR MORE:  10
MAX 90 OR ABOVE:   0    0.10 INCH OR MORE:   7
MIN 32 OR BELOW:   4    0.50 INCH OR MORE:   2
MIN  0 OR BELOW:   0    1.00 INCH OR MORE:   1

[HDD (BASE 65) ]
TOTAL THIS MO.   420    CLEAR  (SCALE 0-3)  10
DPTR FM NORMAL   -36    PTCLDY (SCALE 4-7)   9
TOTAL FM JUL 1  6364    CLOUDY (SCALE 8-10)  7
DPTR FM NORMAL   534

[CDD (BASE 65) ]
TOTAL THIS MO.     0
DPTR FM NORMAL     0    [PRESSURE DATA]
TOTAL FM JAN 1     0    HIGHEST SLP M ON M
DPTR FM NORMAL     0    LOWEST  SLP 29.15 ON 20

[REMARKS]
