000
CXUS56 KBOI 201002
CF6BNO
PRELIMINARY LOCAL CLIMATOLOGICAL DATA (WS FORM: F-6)

                                          STATION:   BURNS OR
                                          MONTH:     APRIL
                                          YEAR:      2015
                                          LATITUDE:   43 34 N
                                          LONGITUDE: 118 57 W

  TEMPERATURE IN F:       :PCPN:    SNOW:  WIND      :SUNSHINE: SKY     :PK WND
================================================================================
1   2   3   4   5  6A  6B    7    8   9   10  11  12  13   14  15   16   17  18
                                     12Z  AVG MX 2MIN
DY MAX MIN AVG DEP HDD CDD  WTR  SNW DPTH SPD SPD DIR MIN PSBL S-S WX    SPD DR
================================================================================

 1  48  16  32  -9  33   0    T    M    M  6.5 22 290   M    M   2        30 300
 2  49  18  34  -7  31   0 0.00    M    M  6.8 17 290   M    M   1        24 280
 3  57  15  36  -5  29   0 0.00    M    M  5.8 16 210   M    M   2        21 210
 4  54  31  43   2  22   0 0.00    M    M  6.2 18 220   M    M   5        23 210
 5  48  27  38  -3  27   0 0.11    M    M  5.7 25 180   M    M   8 1      31 190
 6  50  22  36  -5  29   0    T    M    M  6.1 16 160   M    M   6        27 160
 7  51  21  36  -5  29   0 0.00    M    M  6.1 16 270   M    M   5        20 270
 8  55  29  42   0  23   0 0.00    M    M 14.6 30 300   M    M   6        37 300
 9  59  22  41  -1  24   0 0.00    M    M  4.4 13 140   M    M   4 18     17 140
10  68  24  46   4  19   0 0.00    M    M  7.5 22 170   M    M   1        32 230
11  55  26  41  -1  24   0    T    M    M 14.0 32 250   M    M   5        42 250
12  59  14  37  -5  28   0 0.00    M    M  4.2 14 210   M    M   0        19 210
13  70  22  46   4  19   0    T    M    M 13.3 31 270   M    M   1        37 210
14  45  21  33  -9  32   0    T    M    M 14.9 32 300   M    M   5        42 300
15  54  22  38  -5  27   0 0.00    M    M  9.7 21 290   M    M   3        25 300
16  67  17  42  -1  23   0 0.00    M    M  4.1 13 340   M    M   0        14 340
17  74  21  48   5  17   0 0.00    M    M  8.2 21 280   M    M   0        25 300
18  70  38  54  11  11   0 0.00    M    M 10.0 20 320   M    M   0        28 320
19  69  21  45   1  20   0 0.00    M    M  5.3 15 180   M    M   0        19 180
================================================================================
SM 1102  427       467   0  0.11    M    153.4          M       54
================================================================================
AV 58.0 22.5                               8.1 FASTST   M    M   3    MAX(MPH)
                                 MISC ---->  # 32 250               # 42  250
================================================================================
NOTES:
# LAST OF SEVERAL OCCURRENCES

COLUMN 17 PEAK WIND IN M.P.H.

PRELIMINARY LOCAL CLIMATOLOGICAL DATA (WS FORM: F-6) , PAGE 2

                                          STATION:  BURNS OR
                                          MONTH:    APRIL
                                          YEAR:     2015
                                          LATITUDE:   43 34 N
                                          LONGITUDE: 118 57 W

[TEMPERATURE DATA]      [PRECIPITATION DATA]       SYMBOLS USED IN COLUMN 16

AVERAGE MONTHLY: 40.2   TOTAL FOR MONTH:   0.11    1 = FOG OR MIST
DPTR FM NORMAL:  -1.7   DPTR FM NORMAL:   -0.48    2 = FOG REDUCING VISIBILITY
HIGHEST:    74 ON 17    GRTST 24HR  0.11 ON  5- 5      TO 1/4 MILE OR LESS
LOWEST:     14 ON 12                               3 = THUNDER
                        SNOW, ICE PELLETS, HAIL    4 = ICE PELLETS
                        TOTAL MONTH:    M          5 = HAIL
                        GRTST 24HR    M  ON   M    6 = FREEZING RAIN OR DRIZZLE
                        GRTST DEPTH:  M  ON   M    7 = DUSTSTORM OR SANDSTORM:
                                                       VSBY 1/2 MILE OR LESS
                                                   8 = SMOKE OR HAZE
[NO. OF DAYS WITH]      [WEATHER - DAYS WITH]      9 = BLOWING SNOW
                                                   X = TORNADO
MAX 32 OR BELOW:   0    0.01 INCH OR MORE:   1
MAX 90 OR ABOVE:   0    0.10 INCH OR MORE:   1
MIN 32 OR BELOW:  18    0.50 INCH OR MORE:   0
MIN  0 OR BELOW:   0    1.00 INCH OR MORE:   0

[HDD (BASE 65) ]
TOTAL THIS MO.   467    CLEAR  (SCALE 0-3)  11
DPTR FM NORMAL    30    PTCLDY (SCALE 4-7)   7
TOTAL FM JUL 1  5623    CLOUDY (SCALE 8-10)  1
DPTR FM NORMAL -1199

[CDD (BASE 65) ]
TOTAL THIS MO.     0
DPTR FM NORMAL     0    [PRESSURE DATA]
TOTAL FM JAN 1     0    HIGHEST SLP M ON M
DPTR FM NORMAL     0    LOWEST  SLP 29.61 ON 13

[REMARKS]
