000
CXUS52 KJAX 270800
CF6CRG
PRELIMINARY LOCAL CLIMATOLOGICAL DATA (WS FORM: F-6)

                                          STATION:   CRAIG MUNI ARPT FL
                                          MONTH:     APRIL
                                          YEAR:      2015
                                          LATITUDE:   30 19 N
                                          LONGITUDE:  81 31 W

  TEMPERATURE IN F:       :PCPN:    SNOW:  WIND      :SUNSHINE: SKY     :PK WND
================================================================================
1   2   3   4   5  6A  6B    7    8   9   10  11  12  13   14  15   16   17  18
                                     12Z  AVG MX 2MIN
DY MAX MIN AVG DEP HDD CDD  WTR  SNW DPTH SPD SPD DIR MIN PSBL S-S WX    SPD DR
================================================================================

 1  85  60  73   8   0   8    T  0.0    0  8.2 21  50   M    M   4 13     29  70
 2  79  57  68   3   0   3 0.00  0.0    0  5.5 17 110   M    M   2 1      22 110
 3  87  60  74   9   0   9 0.00  0.0    0  6.6 16 210   M    M   1 1      20 130
 4  83  62  73   8   0   8 0.34  0.0    0  7.1 24  10   M    M   5 13     34 360
 5  74  62  68   3   0   3 0.06  0.0    0  9.5 18  40   M    M   9 1      25  70
 6  78  64  71   5   0   6 0.00  0.0    0  7.7 18 100   M    M   3 1      23  90
 7  84  62  73   7   0   8    T  0.0    0  4.3 13 140   M    M   1 12     17 110
 8  85  64  75   9   0  10 0.00  0.0    0  5.8 16 140   M    M   0 1      19 150
 9  83  63  73   7   0   8 0.00  0.0    0  6.8 16 140   M    M   1 12     20 110
10  88  66  77  11   0  12 0.00  0.0    0  6.6 16 150   M    M   2 3      22 220
11  83  67  75   9   0  10 0.00  0.0    0  4.4 12  80   M    M   2        15  70
12  81  69  75   9   0  10 0.05  0.0    0  4.9 16  80   M    M   6 12     20 100
13  81  67  74   7   0   9 0.41  0.0    0  7.0 16 220   M    M   6 13     20 110
14  88  66  77  10   0  12 0.01  0.0    0  5.5 13 240   M    M   2 3      16 240
15  84  70  77  10   0  12 0.04  0.0    0  4.4 16 150   M    M   6 13     19 150
16  71  66  69   2   0   4 0.01  0.0    0  8.1 16  30   M    M   9 18     21  40
17  74  65  70   3   0   5 0.00  0.0    0  2.2 10  20   M    M   8 1      12  20
18  87  66  77  10   0  12 0.29  0.0    0  4.4 13 230   M    M   5 13     17 230
19  88  70  79  11   0  14 0.49  0.0    0  6.4 35 270   M    M   2 138    52 210
20  81  65  73   5   0   8 0.14  0.0    0  6.9 31 300   M    M   2        44 270
21  83  65  74   6   0   9 0.00  0.0    0  4.9 12 290   M    M   3        15 320
22  83  60  72   4   0   7 0.00  0.0    0  6.8 15 140   M    M   0        17 110
23  86  62  74   6   0   9 0.00  0.0    0  3.7 13 140   M    M   0        17 130
24  74  63  69   1   0   4 0.00  0.0    0  7.8 20  50   M    M   0        23  80
25  81  62  72   3   0   7 1.46  0.0    0  5.8 28 300   M    M   4 138    41 300
26  90  73  82  13   0  17 0.00  0.0    0 10.9 18 280   M    M   2        27 290
================================================================================
SM 2141 1676         0 224  3.30     0.0 162.2          M       85
================================================================================
AV 82.3 64.5                               6.2 FASTST   M    M   3    MAX(MPH)
                                 MISC ---->  # 35 270               # 52  210
================================================================================
NOTES:
# LAST OF SEVERAL OCCURRENCES

COLUMN 17 PEAK WIND IN M.P.H.

PRELIMINARY LOCAL CLIMATOLOGICAL DATA (WS FORM: F-6) , PAGE 2

                                          STATION:  CRAIG MUNI ARPT FL
                                          MONTH:    APRIL
                                          YEAR:     2015
                                          LATITUDE:   30 19 N
                                          LONGITUDE:  81 31 W

[TEMPERATURE DATA]      [PRECIPITATION DATA]       SYMBOLS USED IN COLUMN 16

AVERAGE MONTHLY: 73.4   TOTAL FOR MONTH:   3.30    1 = FOG OR MIST
DPTR FM NORMAL:   6.7   DPTR FM NORMAL:    1.00    2 = FOG REDUCING VISIBILITY
HIGHEST:    90 ON 26    GRTST 24HR  1.46 ON 25-25      TO 1/4 MILE OR LESS
LOWEST:     57 ON  2                               3 = THUNDER
                        SNOW, ICE PELLETS, HAIL    4 = ICE PELLETS
                        TOTAL MONTH:   0.0 INCH    5 = HAIL
                        GRTST 24HR     0.0         6 = FREEZING RAIN OR DRIZZLE
                        GRTST DEPTH:   0           7 = DUSTSTORM OR SANDSTORM:
                                                       VSBY 1/2 MILE OR LESS
                                                   8 = SMOKE OR HAZE
[NO. OF DAYS WITH]      [WEATHER - DAYS WITH]      9 = BLOWING SNOW
                                                   X = TORNADO
MAX 32 OR BELOW:   0    0.01 INCH OR MORE:  11
MAX 90 OR ABOVE:   1    0.10 INCH OR MORE:   6
MIN 32 OR BELOW:   0    0.50 INCH OR MORE:   1
MIN  0 OR BELOW:   0    1.00 INCH OR MORE:   1

[HDD (BASE 65) ]
TOTAL THIS MO.     0    CLEAR  (SCALE 0-3)  16
DPTR FM NORMAL   -42    PTCLDY (SCALE 4-7)   7
TOTAL FM JUL 1  1138    CLOUDY (SCALE 8-10)  3
DPTR FM NORMAL   -65

[CDD (BASE 65) ]
TOTAL THIS MO.   224
DPTR FM NORMAL   134    [PRESSURE DATA]
TOTAL FM JAN 1   357    HIGHEST SLP M ON M
DPTR FM NORMAL   196    LOWEST  SLP 29.65 ON 26

[REMARKS]
