000
CXUS52 KTAE 280800
CF6CTY
PRELIMINARY LOCAL CLIMATOLOGICAL DATA (WS FORM: F-6)

                                          STATION:   CROSS CITY
                                          MONTH:     APRIL
                                          YEAR:      2015
                                          LATITUDE:   29 37 N
                                          LONGITUDE:  83  6 W

  TEMPERATURE IN F:       :PCPN:    SNOW:  WIND      :SUNSHINE: SKY     :PK WND
================================================================================
1   2   3   4   5  6A  6B    7    8   9   10  11  12  13   14  15   16   17  18
                                     12Z  AVG MX 2MIN
DY MAX MIN AVG DEP HDD CDD  WTR  SNW DPTH SPD SPD DIR MIN PSBL S-S WX    SPD DR
================================================================================

 1  82  64  73   8   0   8 0.02  0.0    0  8.1 18 300   M    M   0        25 290
 2  86  59  73   8   0   8 0.00  0.0    0  2.6 13 320   M    M   0        18 210
 3  86  56  71   6   0   6 0.00  0.0    0  3.7 17 260   M    M   0        23 300
 4  82  53  68   3   0   3 0.03  0.0    0  5.3 17 240   M    M   0        22 230
 5  80  62  71   6   0   6 0.00  0.0    0  7.3 15 150   M    M   0        22 200
 6  83  64  74   9   0   9 0.02  0.0    0  4.2 12 200   M    M   0        15 100
 7  87  63  75   9   0  10 0.02  0.0    0  2.8 10 280   M    M   0        14 260
 8  89  62  76  10   0  11 0.00  0.0    0  2.9 13 240   M    M   0        16 270
 9  88  64  76  10   0  11 0.00  0.0    0  3.8 12 240   M    M   0        15 160
10  86  61  74   8   0   9 0.00  0.0    0  4.4 15 270   M    M   0        20 240
11  84  63  74   8   0   9 0.00  0.0    0  2.5 10 280   M    M   0        23 270
12  86  66  76  10   0  11 0.00  0.0    0  3.2 12 110   M    M   0        16 120
13  86  69  78  12   0  13 0.05  0.0    0  4.9 16 240   M    M   0        21 220
14  87  69  78  11   0  13 0.06  0.0    0  5.8 15 230   M    M   0        19 220
15  85  66  76   9   0  11 0.18  0.0    0  4.8 17 360   M    M   0        23 360
16  79  67  73   6   0   8 0.03  0.0    0  4.0 12  70   M    M   0        17  60
17  80  67  74   7   0   9 0.02  0.0    0  3.0  8  60   M    M   0        11  70
18  82  75  79  12   0  14 0.00  0.0    0  4.2  9 240   M    M   0         M  M
19  88  66  77  10   0  12 0.34  0.0    0  5.8 29 280   M    M   0        48 290
20  78  61  70   2   0   5 0.42  0.0    0  2.8 29 270   M    M   0        40 270
21  84  63  74   6   0   9 0.00  0.0    0  3.8 13 290   M    M   0        17 300
22  87  55  71   3   0   6 0.00  0.0    0  2.8 15 190   M    M   0        20 210
23  88  58  73   5   0   8 0.00  0.0    0  3.2 14 230   M    M   0        19 250
24  89  63  76   8   0  11 0.00  0.0    0  3.0 13  30   M    M   0        16  30
25  85  66  76   7   0  11 0.19  0.0    0  8.8 21 270   M    M   0        28 260
26  88  69  79  10   0  14 0.26  0.0    0  8.2 17 250   M    M   0        27 250
27  81  68  75   6   0  10 0.18  0.0    0  6.0 13 170   M    M   0        17 160
================================================================================
SM 2286 1719         0 255  1.82     0.0 121.9          M        0
================================================================================
AV 84.7 63.7                               4.5 FASTST   M    M   0    MAX(MPH)
                                 MISC ---->  # 29 280               # 48  290
================================================================================
NOTES:
# LAST OF SEVERAL OCCURRENCES

COLUMN 17 PEAK WIND IN M.P.H.

PRELIMINARY LOCAL CLIMATOLOGICAL DATA (WS FORM: F-6) , PAGE 2

                                          STATION:  CROSS CITY
                                          MONTH:    APRIL
                                          YEAR:     2015
                                          LATITUDE:   29 37 N
                                          LONGITUDE:  83  6 W

[TEMPERATURE DATA]      [PRECIPITATION DATA]       SYMBOLS USED IN COLUMN 16

AVERAGE MONTHLY: 74.2   TOTAL FOR MONTH:   1.82    1 = FOG OR MIST
DPTR FM NORMAL:   7.5   DPTR FM NORMAL:   -0.99    2 = FOG REDUCING VISIBILITY
HIGHEST:    89 ON 24, 8 GRTST 24HR  0.58 ON 19-20      TO 1/4 MILE OR LESS
LOWEST:     53 ON  4                               3 = THUNDER
                        SNOW, ICE PELLETS, HAIL    4 = ICE PELLETS
                        TOTAL MONTH:   0.0 INCH    5 = HAIL
                        GRTST 24HR     0.0         6 = FREEZING RAIN OR DRIZZLE
                        GRTST DEPTH:   0           7 = DUSTSTORM OR SANDSTORM:
                                                       VSBY 1/2 MILE OR LESS
                                                   8 = SMOKE OR HAZE
[NO. OF DAYS WITH]      [WEATHER - DAYS WITH]      9 = BLOWING SNOW
                                                   X = TORNADO
MAX 32 OR BELOW:   0    0.01 INCH OR MORE:  14
MAX 90 OR ABOVE:   0    0.10 INCH OR MORE:   6
MIN 32 OR BELOW:   0    0.50 INCH OR MORE:   0
MIN  0 OR BELOW:   0    1.00 INCH OR MORE:   0

[HDD (BASE 65) ]
TOTAL THIS MO.     0    CLEAR  (SCALE 0-3)  27
DPTR FM NORMAL   -48    PTCLDY (SCALE 4-7)   0
TOTAL FM JUL 1  1212    CLOUDY (SCALE 8-10)  0
DPTR FM NORMAL   -91

[CDD (BASE 65) ]
TOTAL THIS MO.   255
DPTR FM NORMAL   163    [PRESSURE DATA]
TOTAL FM JAN 1   427    HIGHEST SLP M ON M
DPTR FM NORMAL   261    LOWEST  SLP 29.67 ON 25

[REMARKS]
