000
CXUS53 KMPX 210700
CF6EAU
PRELIMINARY LOCAL CLIMATOLOGICAL DATA (WS FORM: F-6)

                                          STATION:   EAU CLAIRE WI
                                          MONTH:     APRIL
                                          YEAR:      2015
                                          LATITUDE:   44 52 N
                                          LONGITUDE:  91 29 W

  TEMPERATURE IN F:       :PCPN:    SNOW:  WIND      :SUNSHINE: SKY     :PK WND
================================================================================
1   2   3   4   5  6A  6B    7    8   9   10  11  12  13   14  15   16   17  18
                                     12Z  AVG MX 2MIN
DY MAX MIN AVG DEP HDD CDD  WTR  SNW DPTH SPD SPD DIR MIN PSBL S-S WX    SPD DR
================================================================================

 1  80  37  59  20   6   0 0.29  0.0    0 14.2 36 190   M    M   1 13     44 180
 2  65  42  54  15  11   0 0.02  0.0    0 14.4 29 270   M    M   1        41 280
 3  43  27  35  -5  30   0 0.00  0.0    0  9.7 20 320   M    M   5        26 330
 4  53  25  39  -1  26   0    T  0.0    0  8.6 22 260   M    M   6        29 290
 5  54  33  44   3  21   0 0.01  0.0    0  8.8 16  50   M    M   7        23  40
 6  46  36  41   0  24   0 0.03  0.0    0 14.1 24  60   M    M   9        30  60
 7  42  36  39  -3  26   0 0.03  0.0    0 13.8 23  80   M    M   9 1      29  60
 8  46  35  41  -1  24   0 0.08  0.0    0  9.8 16  90   M    M  10 13     21 100
 9  42  33  38  -5  27   0 1.24  1.0    0  9.6 21  10   M    M   8 13     27 360
10  56  34  45   2  20   0 0.07  0.4    1  8.1 21 290   M    M   6        26 290
11  66  30  48   4  17   0 0.00  0.0    0  7.8 14 170   M    M   0 1      23 200
12  74  49  62  18   3   0 0.03  0.0    0 16.7 28 180   M    M   3        38 170
13  63  41  52   7  13   0 0.08  0.0    0 12.3 28 280   M    M   4 3      36 280
14  69  29  49   4  16   0 0.00  0.0    0  2.7 13 260   M    M   0        17 250
15  69  34  52   6  13   0 0.00  0.0    0  9.3 23 150   M    M   0        29 120
16  74  44  59  13   6   0 0.00  0.0    0  5.2 14 270   M    M   4        17 280
17  76  43  60  13   5   0 0.00  0.0    0  3.1 16 280   M    M   1        22 270
18  72  40  56   9   9   0    T  0.0    0 10.1 20 100   M    M   1        26  80
19  56  45  51   3  14   0 0.50  0.0    0  8.6 16 160   M    M   9 1      21 320
20   M   M   M   M   M   M    M    M    M   M   M   M   M    M   M 1       M  M
================================================================================
SM 1146  693       311   0  2.38     1.4 186.9          M       84
================================================================================
AV 60.3 36.5                               9.8 FASTST   M    M   4    MAX(MPH)
                                 MISC ---->  # 36 190               # 44  180
================================================================================
NOTES:
# LAST OF SEVERAL OCCURRENCES

COLUMN 17 PEAK WIND IN M.P.H.

PRELIMINARY LOCAL CLIMATOLOGICAL DATA (WS FORM: F-6) , PAGE 2

                                          STATION:  EAU CLAIRE WI
                                          MONTH:    APRIL
                                          YEAR:     2015
                                          LATITUDE:   44 52 N
                                          LONGITUDE:  91 29 W

[TEMPERATURE DATA]      [PRECIPITATION DATA]       SYMBOLS USED IN COLUMN 16

AVERAGE MONTHLY: 48.4   TOTAL FOR MONTH:   2.38    1 = FOG OR MIST
DPTR FM NORMAL:   4.9   DPTR FM NORMAL:    0.67    2 = FOG REDUCING VISIBILITY
HIGHEST:    80 ON  1    GRTST 24HR  1.24 ON  9- 9      TO 1/4 MILE OR LESS
LOWEST:     25 ON  4                               3 = THUNDER
                        SNOW, ICE PELLETS, HAIL    4 = ICE PELLETS
                        TOTAL MONTH:   1.4 INCHES  5 = HAIL
                        GRTST 24HR   1.0 ON  9- 9  6 = FREEZING RAIN OR DRIZZLE
                        GRTST DEPTH:   1 ON 10     7 = DUSTSTORM OR SANDSTORM:
                                                       VSBY 1/2 MILE OR LESS
                                                   8 = SMOKE OR HAZE
[NO. OF DAYS WITH]      [WEATHER - DAYS WITH]      9 = BLOWING SNOW
                                                   X = TORNADO
MAX 32 OR BELOW:   0    0.01 INCH OR MORE:  11
MAX 90 OR ABOVE:   0    0.10 INCH OR MORE:   3
MIN 32 OR BELOW:   4    0.50 INCH OR MORE:   2
MIN  0 OR BELOW:   0    1.00 INCH OR MORE:   1

[HDD (BASE 65) ]
TOTAL THIS MO.   311    CLEAR  (SCALE 0-3)   7
DPTR FM NORMAL  -119    PTCLDY (SCALE 4-7)   8
TOTAL FM JUL 1  7654    CLOUDY (SCALE 8-10)  4
DPTR FM NORMAL   159

[CDD (BASE 65) ]
TOTAL THIS MO.     0
DPTR FM NORMAL     0    [PRESSURE DATA]
TOTAL FM JAN 1     0    HIGHEST SLP M ON M
DPTR FM NORMAL     0    LOWEST  SLP 29.41 ON  1

[REMARKS]
