000
CXUS54 KMAF 011100
CF6GDP
PRELIMINARY LOCAL CLIMATOLOGICAL DATA (WS FORM: F-6)

                                          STATION:   Guadalupe Pass
                                          MONTH:     MARCH
                                          YEAR:      2015
                                          LATITUDE:   31 49 N
                                          LONGITUDE: 104 48 W

  TEMPERATURE IN F:       :PCPN:    SNOW:  WIND      :SUNSHINE: SKY     :PK WND
================================================================================
1   2   3   4   5  6A  6B    7    8   9   10  11  12  13   14  15   16   17  18
                                     12Z  AVG MX 2MIN
DY MAX MIN AVG DEP HDD CDD  WTR  SNW DPTH SPD SPD DIR MIN PSBL S-S WX    SPD DR
================================================================================

 1   M   M   M   M   M   M    M    M    M   M   M   M   M    M   M         M  M
 2   M   M   M   M   M   M    M    M    M   M   M   M   M    M   M         M  M
 3   M   M   M   M   M   M    M    M    M   M   M   M   M    M   M         M  M
 4   M   M   M   M   M   M    M    M    M   M   M   M   M    M   M         M  M
 5   M   M   M   M   M   M    M    M    M   M   M   M   M    M   M         M  M
 6   M   M   M   M   M   M    M    M    M   M   M   M   M    M   M         M  M
 7   M   M   M   M   M   M    M    M    M   M   M   M   M    M   M         M  M
 8   M   M   M   M   M   M    M    M    M   M   M   M   M    M   M         M  M
 9   M   M   M   M   M   M    M    M    M   M   M   M   M    M   M         M  M
10  66  17  42  -9  23   0    T    M    M 10.2 22  60   M    M   1 1      24  50
11  63  44  54   3  11   0 0.00  0.0    0 10.3 21  80   M    M   1        26  80
12  63  45  54   3  11   0 0.00  0.0    0 11.5 23  50   M    M   2        29  60
13  63  45  54   2  11   0 0.00  0.0    0 15.8 25  60   M    M   2 8      31  60
14  60  42  51  -1  14   0    T  0.0    0 20.9 38  50   M    M   5        44  60
15  59  42  51  -1  14   0 0.00  0.0    0 18.4 26  80   M    M   0 8      32  80
16  70  45  58   6   7   0 0.00  0.0    0 11.0 25  60   M    M   1        31 250
17  58  39  49  -4  16   0 0.25    M    0 22.5 40  50   M    M   9 12     44  50
18  59  39  49  -4  16   0    T    M    0 16.7 32 250   M    M   8 12     38 240
19  68  44  56   3   9   0 0.00  0.0    0 19.8 37 250   M    M   3 12     46 260
20  56  41  49  -4  16   0    T    M    0 26.5 37  70   M    M   6 128    38  70
21  49  44  47  -7  18   0 0.58    M    0 17.2 32  40   M    M   9 12     34  40
22  72  42  57   3   8   0 0.00  0.0    0 16.9 26 260   M    M   0 1      30 250
23  75  50  63   9   2   0 0.00  0.0    0 21.3 40 250   M    M   0        47 250
24  76  50  63   9   2   0 0.00  0.0    0 18.4 33 240   M    M   0        37 240
25  73  44  59   4   6   0 0.00  0.0    0 23.9 45  50   M    M   0        54  50
26  60  34  47  -8  18   0 0.00  0.0    0 22.0 43  70   M    M   0 18     50  70
27  74  44  59   4   6   0 0.00  0.0    0 19.0 31 240   M    M   0        35 240
28  82  53  68  12   0   3 0.00  0.0    0 16.2 28 260   M    M   0        35 260
29  84  57  71  15   0   6 0.00  0.0    0 15.6 36  50   M    M   0        41  40
30  70  51  61   5   4   0 0.00  0.0    0 18.6 36  50   M    M   0        43  50
31  77  58  68  12   0   3 0.00  0.0    0 18.3 35 230   M    M   3        44 240
================================================================================
SM 1477  970       212  12  0.83     0.0 391.0          M       50
================================================================================
AV 67.1 44.1                              17.8 FASTST   M    M   2    MAX(MPH)
                                 MISC ---->  # 45  50               # 54   50
================================================================================
NOTES:
# LAST OF SEVERAL OCCURRENCES

COLUMN 17 PEAK WIND IN M.P.H.

PRELIMINARY LOCAL CLIMATOLOGICAL DATA (WS FORM: F-6) , PAGE 2

                                          STATION:  Guadalupe Pass
                                          MONTH:    MARCH
                                          YEAR:     2015
                                          LATITUDE:   31 49 N
                                          LONGITUDE: 104 48 W

[TEMPERATURE DATA]      [PRECIPITATION DATA]       SYMBOLS USED IN COLUMN 16

AVERAGE MONTHLY: 55.6   TOTAL FOR MONTH:   0.83    1 = FOG OR MIST
DPTR FM NORMAL:   3.3   DPTR FM NORMAL:    0.39    2 = FOG REDUCING VISIBILITY
HIGHEST:    84 ON 29    GRTST 24HR  0.58 ON 21-21      TO 1/4 MILE OR LESS
LOWEST:     17 ON 10                               3 = THUNDER
                        SNOW, ICE PELLETS, HAIL    4 = ICE PELLETS
                        TOTAL MONTH:   0.0 INCH    5 = HAIL
                        GRTST 24HR     0.0         6 = FREEZING RAIN OR DRIZZLE
                        GRTST DEPTH:   0           7 = DUSTSTORM OR SANDSTORM:
                                                       VSBY 1/2 MILE OR LESS
                                                   8 = SMOKE OR HAZE
[NO. OF DAYS WITH]      [WEATHER - DAYS WITH]      9 = BLOWING SNOW
                                                   X = TORNADO
MAX 32 OR BELOW:   0    0.01 INCH OR MORE:   2
MAX 90 OR ABOVE:   0    0.10 INCH OR MORE:   2
MIN 32 OR BELOW:   1    0.50 INCH OR MORE:   1
MIN  0 OR BELOW:   0    1.00 INCH OR MORE:   0

[HDD (BASE 65) ]
TOTAL THIS MO.   212    CLEAR  (SCALE 0-3)  17
DPTR FM NORMAL  -186    PTCLDY (SCALE 4-7)   3
TOTAL FM JUL 1  1944    CLOUDY (SCALE 8-10)  2
DPTR FM NORMAL -1117

[CDD (BASE 65) ]
TOTAL THIS MO.    12
DPTR FM NORMAL     7    [PRESSURE DATA]
TOTAL FM JAN 1    12    HIGHEST SLP 30.44 ON 12
DPTR FM NORMAL     6    LOWEST  SLP 29.68 ON 20

[REMARKS]
#FINAL-03-15#
