000
CXUS55 KGJT 301000
CF6GJT
PRELIMINARY LOCAL CLIMATOLOGICAL DATA (WS FORM: F-6)

                                          STATION:   GRAND JUNCTION CO
                                          MONTH:     MARCH
                                          YEAR:      2015
                                          LATITUDE:   39  7 N
                                          LONGITUDE: 108 32 W

  TEMPERATURE IN F:       :PCPN:    SNOW:  WIND      :SUNSHINE: SKY     :PK WND
================================================================================
1   2   3   4   5  6A  6B    7    8   9   10  11  12  13   14  15   16   17  18
                                     12Z  AVG MX 2MIN
DY MAX MIN AVG DEP HDD CDD  WTR  SNW DPTH SPD SPD DIR MIN PSBL S-S WX    SPD DR
================================================================================

 1  45  24  35  -5  30   0 0.07  0.0    0  4.6 12 160   M    M   8 1      15 170
 2  59  34  47   7  18   0 0.07  0.0    0  9.1 35 180   M    M   8 1      41 180
 3  44  27  36  -4  29   0 0.04  0.3    0  6.6 21 280   M    M   8 12     29 280
 4  42  22  32  -9  33   0 0.05  1.6    2  5.8 20 300   M    M   5 1      24 280
 5  44  20  32  -9  33   0 0.00  0.0    0  5.9 15 130   M    M   0        19 120
 6  55  22  39  -3  26   0 0.00  0.0    0  5.3 15 130   M    M   0        17 140
 7  59  27  43   1  22   0 0.00  0.0    0  6.9 17 140   M    M   0        20 130
 8  61  28  45   3  20   0 0.00  0.0    0  5.6 14 150   M    M   0        16 160
 9  61  26  44   2  21   0 0.00  0.0    0  5.4 15 300   M    M   0        24 310
10  63  26  45   2  20   0 0.00  0.0    0  5.1 15 140   M    M   0 8      18 150
11  58  32  45   2  20   0 0.00  0.0    0  8.0 15 140   M    M   0        18 110
12  58  36  47   4  18   0 0.00  0.0    0  5.9 15 310   M    M   5        20 300
13  67  39  53  10  12   0 0.00  0.0    0  4.3 17 330   M    M   2        19 320
14  66  36  51   7  14   0 0.00  0.0    0  6.4 14 160   M    M   0        16 110
15  70  37  54  10  11   0 0.00  0.0    0  7.2 15 130   M    M   0        18 130
16  73  38  56  12   9   0 0.00  0.0    0  7.5 18 330   M    M   0        23 130
17  73  40  57  13   8   0 0.00  0.0    0  8.8 17 300   M    M   1        22 320
18  63  47  55  10  10   0    T  0.0    0  7.0 16 150   M    M   8        23 260
19  64  38  51   6  14   0    T  0.0    0 10.7 25  50   M    M   4        34  40
20  66  29  48   3  17   0 0.00  0.0    0  5.0 15  40   M    M   0        16 220
21  69  32  51   6  14   0 0.00  0.0    0  8.1 17 320   M    M   0        23 330
22  69  34  52   6  13   0 0.00  0.0    0  7.7 15 130   M    M   0        20 310
23  70  41  56  10   9   0 0.04  0.0    0 12.1 37 240   M    M   4 1      47 340
24  61  32  47   1  18   0 0.00  0.0    0  7.1 21 250   M    M   2        26 270
25  55  34  45  -1  20   0 0.00  0.0    0 10.2 25  40   M    M   4        31  50
26  62  25  44  -2  21   0 0.00  0.0    0  5.6 16 120   M    M   0        19 120
27  71  34  53   7  12   0 0.00  0.0    0  6.7 13 360   M    M   0        15 360
28  78  40  59  12   6   0 0.00  0.0    0  8.0 20 260   M    M   0        25 280
29  73  39  56   9   9   0 0.00  0.0    0  7.2 23  50   M    M   0        29  60
================================================================================
SM 1799  939       507   0  0.27     1.9 203.8          M       59
================================================================================
AV 62.0 32.4                               7.0 FASTST   M    M   2    MAX(MPH)
                                 MISC ---->  # 37 240               # 47  340
================================================================================
NOTES:
# LAST OF SEVERAL OCCURRENCES

COLUMN 17 PEAK WIND IN M.P.H.

PRELIMINARY LOCAL CLIMATOLOGICAL DATA (WS FORM: F-6) , PAGE 2

                                          STATION:  GRAND JUNCTION CO
                                          MONTH:    MARCH
                                          YEAR:     2015
                                          LATITUDE:   39  7 N
                                          LONGITUDE: 108 32 W

[TEMPERATURE DATA]      [PRECIPITATION DATA]       SYMBOLS USED IN COLUMN 16

AVERAGE MONTHLY: 47.2   TOTAL FOR MONTH:   0.27    1 = FOG OR MIST
DPTR FM NORMAL:   3.5   DPTR FM NORMAL:   -0.58    2 = FOG REDUCING VISIBILITY
HIGHEST:    78 ON 28    GRTST 24HR  0.07 ON  2- 2      TO 1/4 MILE OR LESS
LOWEST:     20 ON  5                               3 = THUNDER
                        SNOW, ICE PELLETS, HAIL    4 = ICE PELLETS
                        TOTAL MONTH:   1.9 INCHES  5 = HAIL
                        GRTST 24HR   1.6 ON   M    6 = FREEZING RAIN OR DRIZZLE
                        GRTST DEPTH:   2 ON  4     7 = DUSTSTORM OR SANDSTORM:
                                                       VSBY 1/2 MILE OR LESS
                                                   8 = SMOKE OR HAZE
[NO. OF DAYS WITH]      [WEATHER - DAYS WITH]      9 = BLOWING SNOW
                                                   X = TORNADO
MAX 32 OR BELOW:   0    0.01 INCH OR MORE:   5
MAX 90 OR ABOVE:   0    0.10 INCH OR MORE:   0
MIN 32 OR BELOW:  14    0.50 INCH OR MORE:   0
MIN  0 OR BELOW:   0    1.00 INCH OR MORE:   0

[HDD (BASE 65) ]
TOTAL THIS MO.   507    CLEAR  (SCALE 0-3)  20
DPTR FM NORMAL  -110    PTCLDY (SCALE 4-7)   9
TOTAL FM JUL 1  4492    CLOUDY (SCALE 8-10)  0
DPTR FM NORMAL  -504

[CDD (BASE 65) ]
TOTAL THIS MO.     0
DPTR FM NORMAL     0    [PRESSURE DATA]
TOTAL FM JAN 1     0    HIGHEST SLP M ON M
DPTR FM NORMAL     0    LOWEST  SLP 29.43 ON  2

[REMARKS]
