000
CXUS53 KGRB 180640
CF6GRB
PRELIMINARY LOCAL CLIMATOLOGICAL DATA (WS FORM: F-6)

                                          STATION:   GREEN BAY WI
                                          MONTH:     APRIL
                                          YEAR:      2015
                                          LATITUDE:   44 28 N
                                          LONGITUDE:  88  8 W

  TEMPERATURE IN F:       :PCPN:    SNOW:  WIND      :SUNSHINE: SKY     :PK WND
================================================================================
1   2   3   4   5  6A  6B    7    8   9   10  11  12  13   14  15   16   17  18
                                     12Z  AVG MX 2MIN
DY MAX MIN AVG DEP HDD CDD  WTR  SNW DPTH SPD SPD DIR MIN PSBL S-S WX    SPD DR
================================================================================

 1  61  28  45   7  20   0 0.00  0.0    0 10.5 24 160   M    M   1 1      30 150
 2  63  47  55  17  10   0 0.06  0.0    0 12.9 24 270   M    M   2 1      30 280
 3  50  27  39   1  26   0 0.00  0.0    0  8.5 21 350   M    M   5        26 330
 4  53  25  39   0  26   0    T  0.0    0  9.8 26 280   M    M   5        36 270
 5  43  34  39   0  26   0 0.11  0.0    0  8.0 17  40   M    M   9 1      19  40
 6  42  33  38  -2  27   0 0.00  0.0    0 18.7 25  40   M    M   9        33  40
 7  43  34  39  -1  26   0 0.03  0.0    0 18.2 29  40   M    M  10        35  40
 8  41  35  38  -3  27   0 0.03  0.0    0 10.8 17  40   M    M   9 1      21  30
 9  41  36  39  -2  26   0 0.73  0.0    0 12.2 28  40   M    M  10 123    33  40
10  50  35  43   1  22   0 0.12    T    0 12.9 25 290   M    M   8 1      32 270
11  61  32  47   5  18   0 0.00  0.0    0  7.3 16 180   M    M   0        20 180
12  71  41  56  14   9   0 0.00  0.0    0 12.4 25 180   M    M   1        35 200
13  64  45  55  12  10   0 0.10  0.0    0 14.4 30 290   M    M   4 1      37 280
14  68  34  51   8  14   0 0.00  0.0    0  4.8 15 270   M    M   0        21 250
15  63  34  49   5  16   0 0.00  0.0    0  7.2 17 130   M    M   0        22 100
16  68  34  51   7  14   0 0.00  0.0    0  4.6 12 190   M    M   0        15 220
17  75  43  59  14   6   0 0.00  0.0    0  5.6 17 120   M    M   2 1      22 120
================================================================================
SM  957  597       323   0  1.18    T    178.8          M       75
================================================================================
AV 56.3 35.1                              10.5 FASTST   M    M   4    MAX(MPH)
                                 MISC ---->  # 30 290               # 37  280
================================================================================
NOTES:
# LAST OF SEVERAL OCCURRENCES

COLUMN 17 PEAK WIND IN M.P.H.

PRELIMINARY LOCAL CLIMATOLOGICAL DATA (WS FORM: F-6) , PAGE 2

                                          STATION:  GREEN BAY WI
                                          MONTH:    APRIL
                                          YEAR:     2015
                                          LATITUDE:   44 28 N
                                          LONGITUDE:  88  8 W

[TEMPERATURE DATA]      [PRECIPITATION DATA]       SYMBOLS USED IN COLUMN 16

AVERAGE MONTHLY: 45.7   TOTAL FOR MONTH:   1.18    1 = FOG OR MIST
DPTR FM NORMAL:   4.6   DPTR FM NORMAL:   -0.29    2 = FOG REDUCING VISIBILITY
HIGHEST:    75 ON 17    GRTST 24HR  0.84 ON  9-10      TO 1/4 MILE OR LESS
LOWEST:     25 ON  4                               3 = THUNDER
                        SNOW, ICE PELLETS, HAIL    4 = ICE PELLETS
                        TOTAL MONTH:    T          5 = HAIL
                        GRTST 24HR    T  ON 10-10  6 = FREEZING RAIN OR DRIZZLE
                        GRTST DEPTH:   0           7 = DUSTSTORM OR SANDSTORM:
                                                       VSBY 1/2 MILE OR LESS
                                                   8 = SMOKE OR HAZE
[NO. OF DAYS WITH]      [WEATHER - DAYS WITH]      9 = BLOWING SNOW
                                                   X = TORNADO
MAX 32 OR BELOW:   0    0.01 INCH OR MORE:   7
MAX 90 OR ABOVE:   0    0.10 INCH OR MORE:   4
MIN 32 OR BELOW:   4    0.50 INCH OR MORE:   1
MIN  0 OR BELOW:   0    1.00 INCH OR MORE:   0

[HDD (BASE 65) ]
TOTAL THIS MO.   323    CLEAR  (SCALE 0-3)   8
DPTR FM NORMAL   -83    PTCLDY (SCALE 4-7)   4
TOTAL FM JUL 1  7329    CLOUDY (SCALE 8-10)  5
DPTR FM NORMAL    23

[CDD (BASE 65) ]
TOTAL THIS MO.     0
DPTR FM NORMAL     0    [PRESSURE DATA]
TOTAL FM JAN 1     0    HIGHEST SLP M ON M
DPTR FM NORMAL     0    LOWEST  SLP 29.39 ON  9

[REMARKS]
