000
CXUS55 KLBF 271200
CF6IML
PRELIMINARY LOCAL CLIMATOLOGICAL DATA (WS FORM: F-6)

                                          STATION:   IMPERIAL NE
                                          MONTH:     APRIL
                                          YEAR:      2015
                                          LATITUDE:   40 31 N
                                          LONGITUDE: 101 37 W

  TEMPERATURE IN F:       :PCPN:    SNOW:  WIND      :SUNSHINE: SKY     :PK WND
================================================================================
1   2   3   4   5  6A  6B    7    8   9   10  11  12  13   14  15   16   17  18
                                     12Z  AVG MX 2MIN
DY MAX MIN AVG DEP HDD CDD  WTR  SNW DPTH SPD SPD DIR MIN PSBL S-S WX    SPD DR
================================================================================

 1  80  43  62  18   3   0 0.07    M    M 14.3 32 320   M    M   2        39 320
 2  53  33  43  -1  22   0 0.21    M    M 12.0 31 360   M    M   6 1      37  10
 3  50  27  39  -6  26   0 0.00    M    M  9.4 17 360   M    M   1        22 290
 4  66  31  49   4  16   0 0.00    M    M 11.0 24 210   M    M   0        32 200
 5  76  29  53   8  12   0 0.00    M    M  7.6 17 160   M    M   0        23 150
 6  70  35  53   7  12   0 0.01    M    M 10.8 23  90   M    M   3 128    28  80
 7  55  41  48   2  17   0 0.02    M    M 11.1 21  70   M    M   8 18     24  80
 8  48  41  45  -1  20   0 0.02    M    M 11.4 20 110   M    M   8 1      24 110
 9  48  30  39  -7  26   0 0.18    M    M 15.0 32 330   M    M   6 1      39 350
10  65  28  47   0  18   0 0.00    M    M 10.4 22 180   M    M   1        28 180
11  75  37  56   9   9   0 0.00    M    M 11.6 22 200   M    M   0        28 200
12  76  37  57  10   8   0 0.00    M    M 14.4 35 330   M    M   1 1      44 350
13  66  23  45  -3  20   0 0.00    M    M  7.2 12 180   M    M   0        22  99
14  70  23  47  -1  18   0 0.00    M    M   M  33 150   M    M   0        43 160
15  70  40  55   7  10   0 0.02    M    M 22.6 33 150   M    M   2 3      51 130
16  54  45  50   2  15   0 0.36    M    M 11.1 18  40   M    M   9 18     23  30
17  64  49  57   8   8   0 0.77    M    M 11.9 26 190   M    M   9 13     35 200
18  65  41  53   4  12   0 0.23    M    M  9.5 26  10   M    M   4 12     33  10
19  52  35  44  -5  21   0 0.13    M    M 19.4 37 360   M    M   7 1      48 360
20  57  31  44  -6  21   0 0.00    M    M 12.1 23 320   M    M   2        30 290
21  70  30  50   0  15   0 0.00    M    M 10.4 28  30   M    M   1        34 360
22  62  29  46  -4  19   0 0.00    M    M 11.6 23 170   M    M   1        29 170
23  70  43  57   6   8   0 0.06    M    M 16.8 26  30   M    M   6 3      34 180
24  71  47  59   8   6   0    T    M    M  7.5 29 320   M    M   3 13     36 300
25  71  44  58   6   7   0 0.00    M    M 11.5 22  90   M    M   2 1      29  80
26  47  43  45  -7  20   0 0.02    M    M 12.3 20 110   M    M  10 18     23 120
================================================================================
SM 1651  935       389   0  2.10    M    302.9          M       92
================================================================================
AV 63.5 36.0                              12.1 FASTST   M    M   4    MAX(MPH)
                                 MISC ---->  # 37 360                 51    M
================================================================================
NOTES:
# LAST OF SEVERAL OCCURRENCES

COLUMN 17 PEAK WIND IN M.P.H.

PRELIMINARY LOCAL CLIMATOLOGICAL DATA (WS FORM: F-6) , PAGE 2

                                          STATION:  IMPERIAL NE
                                          MONTH:    APRIL
                                          YEAR:     2015
                                          LATITUDE:   40 31 N
                                          LONGITUDE: 101 37 W

[TEMPERATURE DATA]      [PRECIPITATION DATA]       SYMBOLS USED IN COLUMN 16

AVERAGE MONTHLY: 49.7   TOTAL FOR MONTH:   2.10    1 = FOG OR MIST
DPTR FM NORMAL:   1.9   DPTR FM NORMAL:    0.43    2 = FOG REDUCING VISIBILITY
HIGHEST:    80 ON  1    GRTST 24HR  0.77 ON 17-17      TO 1/4 MILE OR LESS
LOWEST:     23 ON 14,13                            3 = THUNDER
                        SNOW, ICE PELLETS, HAIL    4 = ICE PELLETS
                        TOTAL MONTH:    M          5 = HAIL
                        GRTST 24HR    M  ON   M    6 = FREEZING RAIN OR DRIZZLE
                        GRTST DEPTH:  M  ON   M    7 = DUSTSTORM OR SANDSTORM:
                                                       VSBY 1/2 MILE OR LESS
                                                   8 = SMOKE OR HAZE
[NO. OF DAYS WITH]      [WEATHER - DAYS WITH]      9 = BLOWING SNOW
                                                   X = TORNADO
MAX 32 OR BELOW:   0    0.01 INCH OR MORE:  13
MAX 90 OR ABOVE:   0    0.10 INCH OR MORE:   6
MIN 32 OR BELOW:  10    0.50 INCH OR MORE:   1
MIN  0 OR BELOW:   0    1.00 INCH OR MORE:   0

[HDD (BASE 65) ]
TOTAL THIS MO.   389    CLEAR  (SCALE 0-3)  16
DPTR FM NORMAL   -60    PTCLDY (SCALE 4-7)   5
TOTAL FM JUL 1  5437    CLOUDY (SCALE 8-10)  5
DPTR FM NORMAL  -381

[CDD (BASE 65) ]
TOTAL THIS MO.     0
DPTR FM NORMAL     0    [PRESSURE DATA]
TOTAL FM JAN 1     0    HIGHEST SLP M ON M
DPTR FM NORMAL     0    LOWEST  SLP 29.44 ON 24

[REMARKS]
