000
CXUS51 KOKX 270703
CF6LGA
PRELIMINARY LOCAL CLIMATOLOGICAL DATA (WS FORM: F-6)

                                          STATION:   LAGUARDIA NY
                                          MONTH:     APRIL
                                          YEAR:      2015
                                          LATITUDE:   40 46 N
                                          LONGITUDE:  73 54 W

  TEMPERATURE IN F:       :PCPN:    SNOW:  WIND      :SUNSHINE: SKY     :PK WND
================================================================================
1   2   3   4   5  6A  6B    7    8   9   10  11  12  13   14  15   16   17  18
                                     12Z  AVG MX 2MIN
DY MAX MIN AVG DEP HDD CDD  WTR  SNW DPTH SPD SPD DIR MIN PSBL S-S WX    SPD DR
================================================================================

 1  51  34  43  -4  22   0 0.00  0.0    0  9.9 20 310   M    M   3        28 320
 2  63  39  51   3  14   0 0.00  0.0    0 10.4 23 220   M    M   4        30 230
 3  63  53  58  10   7   0 0.04  0.0    0  9.9 20 220   M    M  10 128    28 220
 4  60  44  52   4  13   0    T  0.0    0 19.2 26 290   M    M   4 18     37 310
 5  62  43  53   4  12   0 0.00  0.0    0 11.0 26 260   M    M   6        38 270
 6  60  39  50   1  15   0 0.00  0.0    0  8.2 16  60   M    M   5        25  60
 7  57  42  50   0  15   0 0.17  0.0    0 10.4 22  60   M    M  10 18     30  60
 8  46  38  42  -8  23   0    T  0.0    0 15.4 22  60   M    M  10 18     28  70
 9  44  37  41  -9  24   0 0.01  0.0    0 12.4 21  60   M    M  10 18     25  50
10  57  39  48  -3  17   0 0.24  0.0    0  8.3 18 260   M    M  10 1238   23 290
11  57  45  51   0  14   0 0.00  0.0    0 17.1 31 300   M    M   5        40 310
12  65  44  55   3  10   0 0.00  0.0    0  7.5 20 170   M    M   1        23 160
13  65  47  56   4   9   0 0.00  0.0    0  9.9 24 170   M    M   7        30 180
14  65  53  59   7   6   0    T  0.0    0  6.2 23 330   M    M   9        28 320
15  70  51  61   8   4   0 0.00  0.0    0 10.8 24 350   M    M   6        32 350
16  62  47  55   2  10   0 0.00  0.0    0  8.1 16 170   M    M   8        24  60
17  71  55  63  10   2   0 0.08  0.0    0  9.6 17 260   M    M   9        22 260
18  79  54  67  13   0   2 0.00  0.0    0  7.4 22 330   M    M   4        30 340
19  61  47  54   0  11   0 0.00  0.0    0 10.4 17 110   M    M   7        25 160
20  59  45  52  -2  13   0 0.95  0.0    0 14.7 36 130   M    M  10 123    45 120
21  67  52  60   5   5   0 0.23  0.0    0 10.1 23 260   M    M   2 13     30 260
22  67  48  58   3   7   0 0.10  0.0    0 12.4 28 170   M    M   5 3      37 260
23  50  42  46  -9  19   0    T  0.0    0 15.8 30 300   M    M   5        37 300
24  50  39  45 -11  20   0 0.00  0.0    0 18.9 29 320   M    M   6        40 340
25  60  39  50  -6  15   0 0.00  0.0    0 10.5 18 310   M    M   4        25 300
26  61  45  53  -3  12   0 0.00  0.0    0  7.4 20 320   M    M   6        24 340
================================================================================
SM 1572 1161       319   2  1.82     0.0 291.9          M      166
================================================================================
AV 60.5 44.7                              11.2 FASTST   M    M   6    MAX(MPH)
                                 MISC ---->  # 36 130               # 45  120
================================================================================
NOTES:
# LAST OF SEVERAL OCCURRENCES

COLUMN 17 PEAK WIND IN M.P.H.

PRELIMINARY LOCAL CLIMATOLOGICAL DATA (WS FORM: F-6) , PAGE 2

                                          STATION:  LAGUARDIA NY
                                          MONTH:    APRIL
                                          YEAR:     2015
                                          LATITUDE:   40 46 N
                                          LONGITUDE:  73 54 W

[TEMPERATURE DATA]      [PRECIPITATION DATA]       SYMBOLS USED IN COLUMN 16

AVERAGE MONTHLY: 52.6   TOTAL FOR MONTH:   1.82    1 = FOG OR MIST
DPTR FM NORMAL:   0.6   DPTR FM NORMAL:   -1.69    2 = FOG REDUCING VISIBILITY
HIGHEST:    79 ON 18    GRTST 24HR  1.12 ON 20-21      TO 1/4 MILE OR LESS
LOWEST:     34 ON  1                               3 = THUNDER
                        SNOW, ICE PELLETS, HAIL    4 = ICE PELLETS
                        TOTAL MONTH:   0.0 INCH    5 = HAIL
                        GRTST 24HR     0.0         6 = FREEZING RAIN OR DRIZZLE
                        GRTST DEPTH:   0           7 = DUSTSTORM OR SANDSTORM:
                                                       VSBY 1/2 MILE OR LESS
                                                   8 = SMOKE OR HAZE
[NO. OF DAYS WITH]      [WEATHER - DAYS WITH]      9 = BLOWING SNOW
                                                   X = TORNADO
MAX 32 OR BELOW:   0    0.01 INCH OR MORE:   8
MAX 90 OR ABOVE:   0    0.10 INCH OR MORE:   5
MIN 32 OR BELOW:   0    0.50 INCH OR MORE:   1
MIN  0 OR BELOW:   0    1.00 INCH OR MORE:   0

[HDD (BASE 65) ]
TOTAL THIS MO.   319    CLEAR  (SCALE 0-3)   2
DPTR FM NORMAL   -25    PTCLDY (SCALE 4-7)  16
TOTAL FM JUL 1  4875    CLOUDY (SCALE 8-10)  8
DPTR FM NORMAL   395

[CDD (BASE 65) ]
TOTAL THIS MO.     2
DPTR FM NORMAL     2    [PRESSURE DATA]
TOTAL FM JAN 1     2    HIGHEST SLP M ON M
DPTR FM NORMAL     2    LOWEST  SLP 29.46 ON  4

[REMARKS]
