000
CXUS54 KMAF 261100
CF6MAF
PRELIMINARY LOCAL CLIMATOLOGICAL DATA (WS FORM: F-6)

                                          STATION:   Midland International Airport
                                          MONTH:     APRIL
                                          YEAR:      2015
                                          LATITUDE:   31 57 N
                                          LONGITUDE: 102 11 W

  TEMPERATURE IN F:       :PCPN:    SNOW:  WIND      :SUNSHINE: SKY     :PK WND
================================================================================
1   2   3   4   5  6A  6B    7    8   9   10  11  12  13   14  15   16   17  18
                                     12Z  AVG MX 2MIN
DY MAX MIN AVG DEP HDD CDD  WTR  SNW DPTH SPD SPD DIR MIN PSBL S-S WX    SPD DR
================================================================================

 1  85  60  73  13   0   8 0.00  0.0    0 12.3 18 180   M    M   1        24 230
 2  88  59  74  14   0   9 0.00  0.0    0 13.8 29 220   M    M   0 18     34 230
 3  72  50  61   1   4   0 0.00  0.0    0 17.8 31  20   M    M   1 8      37  30
 4  61  48  55  -6  10   0 0.00  0.0    0 13.4 23  70   M    M   6        30  70
 5  84  50  67   6   0   2 0.00  0.0    0  9.9 20 250   M    M   1 38     25 250
 6  86  60  73  12   0   8 0.00  0.0    0 13.8 23 160   M    M   0 138    30 160
 7  91  56  74  12   0   9 0.00  0.0    0 11.8 23 240   M    M   2 12     30 240
 8  89  65  77  15   0  12 0.07  0.0    0 14.4 29 160   M    M   1 138    37 170
 9  81  63  72  10   0   7 0.00  0.0    0 10.7 23 360   M    M   0 18     29 180
10  75  52  64   2   1   0 0.00  0.0    0 13.6 21  90   M    M   0        27  70
11  83  60  72   9   0   7 0.00  0.0    0 13.6 24 160   M    M   1        28 140
12  85  59  72   9   0   7 0.75  0.0    0 14.7 35 220   M    M   2 138    41 210
13  69  51  60  -3   5   0 0.03  0.0    0 16.7 31  10   M    M   6 1      36  10
14  64  48  56  -8   9   0 0.00  0.0    0  8.6 23  30   M    M   7        28  30
15  81  47  64   0   1   0 0.00  0.0    0 10.6 18 200   M    M   0        23 170
16  82  59  71   7   0   6    T  0.0    0 12.0 25 200   M    M   1 3      30 200
17  80  55  68   3   0   3 0.00  0.0    0  7.2 18  10   M    M   2 1      23 350
18  81  49  65   0   0   0 0.00  0.0    0 10.0 26 260   M    M   1        32 260
19  76  48  62  -3   3   0 0.00  0.0    0 14.1 24  20   M    M   0        38 350
20  74  46  60  -6   5   0 0.00  0.0    0 11.2 18  90   M    M   0        24 140
21  86  48  67   1   0   2 0.00  0.0    0  9.1 20 160   M    M   0        26 160
22  88  62  75   9   0  10 0.00  0.0    0 12.7 24 160   M    M   3        29 160
23  80  52  66  -1   0   1 0.00  0.0    0 12.1 26 250   M    M   2 8      33 230
24  81  59  70   3   0   5 0.45  0.0    0 15.0 35 270   M    M   4 138    44 250
25  83  52  68   1   0   3 0.00  0.0    0 13.5 28 250   M    M   0        36 240
================================================================================
SM 2005 1358        38  99  1.30     0.0 312.6          M       41
================================================================================
AV 80.2 54.3                              12.5 FASTST   M    M   2    MAX(MPH)
                                 MISC ---->  # 35 220               # 44  250
================================================================================
NOTES:
# LAST OF SEVERAL OCCURRENCES

COLUMN 17 PEAK WIND IN M.P.H.

PRELIMINARY LOCAL CLIMATOLOGICAL DATA (WS FORM: F-6) , PAGE 2

                                          STATION:  Midland International Airport
                                          MONTH:    APRIL
                                          YEAR:     2015
                                          LATITUDE:   31 57 N
                                          LONGITUDE: 102 11 W

[TEMPERATURE DATA]      [PRECIPITATION DATA]       SYMBOLS USED IN COLUMN 16

AVERAGE MONTHLY: 67.3   TOTAL FOR MONTH:   1.30    1 = FOG OR MIST
DPTR FM NORMAL:   3.8   DPTR FM NORMAL:    0.77    2 = FOG REDUCING VISIBILITY
HIGHEST:    91 ON  7    GRTST 24HR  0.76 ON 12-13      TO 1/4 MILE OR LESS
LOWEST:     46 ON 20                               3 = THUNDER
                        SNOW, ICE PELLETS, HAIL    4 = ICE PELLETS
                        TOTAL MONTH:   0.0 INCH    5 = HAIL
                        GRTST 24HR     0.0         6 = FREEZING RAIN OR DRIZZLE
                        GRTST DEPTH:   0           7 = DUSTSTORM OR SANDSTORM:
                                                       VSBY 1/2 MILE OR LESS
                                                   8 = SMOKE OR HAZE
[NO. OF DAYS WITH]      [WEATHER - DAYS WITH]      9 = BLOWING SNOW
                                                   X = TORNADO
MAX 32 OR BELOW:   0    0.01 INCH OR MORE:   4
MAX 90 OR ABOVE:   1    0.10 INCH OR MORE:   2
MIN 32 OR BELOW:   0    0.50 INCH OR MORE:   1
MIN  0 OR BELOW:   0    1.00 INCH OR MORE:   0

[HDD (BASE 65) ]
TOTAL THIS MO.    38    CLEAR  (SCALE 0-3)  20
DPTR FM NORMAL   -65    PTCLDY (SCALE 4-7)   5
TOTAL FM JUL 1  2526    CLOUDY (SCALE 8-10)  0
DPTR FM NORMAL  -121

[CDD (BASE 65) ]
TOTAL THIS MO.    99
DPTR FM NORMAL    34    [PRESSURE DATA]
TOTAL FM JAN 1   126    HIGHEST SLP M ON M
DPTR FM NORMAL    43    LOWEST  SLP 29.56 ON  8

[REMARKS]
