000
CXUS55 KBYZ 171055
CF6MLS
PRELIMINARY LOCAL CLIMATOLOGICAL DATA (WS FORM: F-6)

                                          STATION:   MILES CITY MT
                                          MONTH:     APRIL
                                          YEAR:      2015
                                          LATITUDE:   46 25 N
                                          LONGITUDE: 105 53 W

  TEMPERATURE IN F:       :PCPN:    SNOW:  WIND      :SUNSHINE: SKY     :PK WND
================================================================================
1   2   3   4   5  6A  6B    7    8   9   10  11  12  13   14  15   16   17  18
                                     12Z  AVG MX 2MIN
DY MAX MIN AVG DEP HDD CDD  WTR  SNW DPTH SPD SPD DIR MIN PSBL S-S WX    SPD DR
================================================================================

 1  58  35  47   6  18   0    T    M    M 22.5 37 280   M    M   3        47 320
 2  47  24  36  -5  29   0 0.00    M    M 17.0 39 310   M    M   4        48 310
 3  53  20  37  -5  28   0 0.00    M    M  9.2 22 280   M    M   5        27 290
 4  59  25  42   0  23   0 0.00    M    M  6.7 13  20   M    M   4        14  20
 5  53  32  43   1  22   0    T    M    M 14.8 28  20   M    M   7        34  30
 6  49  28  39  -4  26   0    T    M    M 13.1 24 120   M    M   6 1      29 120
 7  58  27  43   0  22   0    T    M    M  6.8 14 310   M    M   2        18 300
 8  48  34  41  -2  24   0    T    M    M 10.0 22  60   M    M   9        28  80
 9  61  24  43  -1  22   0 0.00    M    M  7.7 20 300   M    M   2 8      25 310
10  67  30  49   5  16   0    T    M    M  8.1 30 190   M    M   2        39 200
11  76  38  57  13   8   0 0.00    M    M 14.2 29 350   M    M   3        37 350
12  55  31  43  -2  22   0 0.01    M    M 16.4 36 300   M    M   6        45 290
13  66  31  49   4  16   0 0.00    M    M  7.4 17 160   M    M   1        24 220
14  84  46  65  19   0   0 0.00    M    M 15.5 35 330   M    M   0        49 340
15  58  40  49   3  16   0    T    M    M 21.5 36 280   M    M   7        44 290
16  62  38  50   4  15   0 0.00    M    M  7.1 16 330   M    M   5 8      22 320
================================================================================
SM  954  503       307   0  0.01    M    198.0          M       66
================================================================================
AV 59.6 31.4                              12.4 FASTST   M    M   4    MAX(MPH)
                                 MISC ---->  # 39 310               # 49  340
================================================================================
NOTES:
# LAST OF SEVERAL OCCURRENCES

COLUMN 17 PEAK WIND IN M.P.H.

PRELIMINARY LOCAL CLIMATOLOGICAL DATA (WS FORM: F-6) , PAGE 2

                                          STATION:  MILES CITY MT
                                          MONTH:    APRIL
                                          YEAR:     2015
                                          LATITUDE:   46 25 N
                                          LONGITUDE: 105 53 W

[TEMPERATURE DATA]      [PRECIPITATION DATA]       SYMBOLS USED IN COLUMN 16

AVERAGE MONTHLY: 45.5   TOTAL FOR MONTH:   0.01    1 = FOG OR MIST
DPTR FM NORMAL:   2.0   DPTR FM NORMAL:   -0.60    2 = FOG REDUCING VISIBILITY
HIGHEST:    84 ON 14    GRTST 24HR  0.01 ON 12-12      TO 1/4 MILE OR LESS
LOWEST:     20 ON  3                               3 = THUNDER
                        SNOW, ICE PELLETS, HAIL    4 = ICE PELLETS
                        TOTAL MONTH:    M          5 = HAIL
                        GRTST 24HR    M  ON   M    6 = FREEZING RAIN OR DRIZZLE
                        GRTST DEPTH:  M  ON   M    7 = DUSTSTORM OR SANDSTORM:
                                                       VSBY 1/2 MILE OR LESS
                                                   8 = SMOKE OR HAZE
[NO. OF DAYS WITH]      [WEATHER - DAYS WITH]      9 = BLOWING SNOW
                                                   X = TORNADO
MAX 32 OR BELOW:   0    0.01 INCH OR MORE:   1
MAX 90 OR ABOVE:   0    0.10 INCH OR MORE:   0
MIN 32 OR BELOW:  10    0.50 INCH OR MORE:   0
MIN  0 OR BELOW:   0    1.00 INCH OR MORE:   0

[HDD (BASE 65) ]
TOTAL THIS MO.   307    CLEAR  (SCALE 0-3)   6
DPTR FM NORMAL   -36    PTCLDY (SCALE 4-7)   9
TOTAL FM JUL 1  6442    CLOUDY (SCALE 8-10)  1
DPTR FM NORMAL  -576

[CDD (BASE 65) ]
TOTAL THIS MO.     0
DPTR FM NORMAL     0    [PRESSURE DATA]
TOTAL FM JAN 1     0    HIGHEST SLP M ON M
DPTR FM NORMAL     0    LOWEST  SLP 29.48 ON  1

[REMARKS]
