000
CXUS56 KOTX 011500
CF6OMK
PRELIMINARY LOCAL CLIMATOLOGICAL DATA (WS FORM: F-6)

                                          STATION:   OMAK WA AIRPORT
                                          MONTH:     MARCH
                                          YEAR:      2015
                                          LATITUDE:   48 27 N
                                          LONGITUDE: 119 31 W

  TEMPERATURE IN F:       :PCPN:    SNOW:  WIND      :SUNSHINE: SKY     :PK WND
================================================================================
1   2   3   4   5  6A  6B    7    8   9   10  11  12  13   14  15   16   17  18
                                     12Z  AVG MX 2MIN
DY MAX MIN AVG DEP HDD CDD  WTR  SNW DPTH SPD SPD DIR MIN PSBL S-S WX    SPD DR
================================================================================

 1  48  20  34  -2  31   0 0.00    M    M  6.4 18 150   M    M   1        23 140
 2  50  33  42   6  23   0 0.00    M    M 14.1 26  10   M    M   4        36  10
 3  46  19  33  -3  32   0 0.00    M    M  9.2 17 350   M    M   0        24 340
 4  49  19  34  -3  31   0 0.00    M    M  6.3 13 190   M    M   0        16 210
 5  54  23  39   2  26   0 0.00    M    M  4.3 13 210   M    M   0        16 190
 6  58  34  46   8  19   0 0.00    M    M  2.8  9 360   M    M   0        11 360
 7  66  36  51  13  14   0 0.00    M    M 11.2 18 360   M    M   0        23  10
 8  65  28  47   9  18   0 0.00    M    M  5.5 13 180   M    M   0        17 170
 9  67  28  48   9  17   0 0.00    M    M  4.7 13 180   M    M   0        16 150
10  65  27  46   7  19   0 0.00    M    M  3.8 13 200   M    M   0        16 190
11  66  41  54  14  11   0 0.00    M    M  8.6 23 160   M    M   5        29 160
12  68  37  53  13  12   0 0.00    M    M  5.3 14 140   M    M   1        19 130
13  64  34  49   9  16   0 0.00    M    M  4.5  9 250   M    M   0        14 250
14  70  48  59  18   6   0    T    M    M 11.3 26 150   M    M   8        34 160
15  52  39  46   5  19   0 0.76    M    M  9.3 18 340   M    M  10 1      24 340
16  56  32  44   2  21   0 0.00    M    M  9.8 20 360   M    M   4        24 360
17  54  36  45   3  20   0 0.00    M    M  5.2 12 340   M    M   3        16  50
18  64  33  49   7  16   0 0.00    M    M  5.7 14 140   M    M   0        17 170
19  58  37  48   5  17   0 0.01    M    M  6.1 15 170   M    M   5        19 180
20  59  42  51   8  14   0 0.06    M    M  5.0 12 200   M    M   7 1      20 120
21  65  37  51   7  14   0 0.04    M    M  8.7 21 170   M    M   5        29 200
22  50  29  40  -4  25   0    T    M    M  2.9  8 290   M    M   4        11 100
23  60  33  47   3  18   0    T    M    M  4.8 15 190   M    M   2        20 200
24  59  38  49   4  16   0 0.05    M    M  3.5 20 300   M    M   6 1      29 310
25  50  39  45   0  20   0    T    M    M  9.6 21 150   M    M   9        27 160
26  58  41  50   5  15   0 0.00    M    M  3.8 10  10   M    M   4        14 360
27  70  36  53   7  12   0    T    M    M  6.1 15 160   M    M   3 1      20 140
28  68  47  58  12   7   0 0.00    M    M  8.8 25 290   M    M   2        33 290
29  66  42  54   8  11   0 0.00    M    M 10.2 22 160   M    M   1        29 160
30  68  38  53   7  12   0 0.00    M    M  8.0 22 150   M    M   1        28 150
31  62  36  49   2  16   0 0.00    M    M 10.0 23 280   M    M   0        33 300
================================================================================
SM 1855 1062       548   0  0.92    M    215.5          M       85
================================================================================
AV 59.8 34.3                               7.0 FASTST   M    M   3    MAX(MPH)
                                 MISC ---->  # 26  10               # 36   10
================================================================================
NOTES:
# LAST OF SEVERAL OCCURRENCES

COLUMN 17 PEAK WIND IN M.P.H.

PRELIMINARY LOCAL CLIMATOLOGICAL DATA (WS FORM: F-6) , PAGE 2

                                          STATION:  OMAK WA AIRPORT
                                          MONTH:    MARCH
                                          YEAR:     2015
                                          LATITUDE:   48 27 N
                                          LONGITUDE: 119 31 W

[TEMPERATURE DATA]      [PRECIPITATION DATA]       SYMBOLS USED IN COLUMN 16

AVERAGE MONTHLY: 47.0   TOTAL FOR MONTH:   0.92    1 = FOG OR MIST
DPTR FM NORMAL:   5.5   DPTR FM NORMAL:   -0.25    2 = FOG REDUCING VISIBILITY
HIGHEST:    70 ON 27,14 GRTST 24HR  0.76 ON 15-15      TO 1/4 MILE OR LESS
LOWEST:     19 ON  4, 3                            3 = THUNDER
                        SNOW, ICE PELLETS, HAIL    4 = ICE PELLETS
                        TOTAL MONTH:    M          5 = HAIL
                        GRTST 24HR    M  ON   M    6 = FREEZING RAIN OR DRIZZLE
                        GRTST DEPTH:  M  ON   M    7 = DUSTSTORM OR SANDSTORM:
                                                       VSBY 1/2 MILE OR LESS
                                                   8 = SMOKE OR HAZE
[NO. OF DAYS WITH]      [WEATHER - DAYS WITH]      9 = BLOWING SNOW
                                                   X = TORNADO
MAX 32 OR BELOW:   0    0.01 INCH OR MORE:   5
MAX 90 OR ABOVE:   0    0.10 INCH OR MORE:   1
MIN 32 OR BELOW:   9    0.50 INCH OR MORE:   1
MIN  0 OR BELOW:   0    1.00 INCH OR MORE:   0

[HDD (BASE 65) ]
TOTAL THIS MO.   548    CLEAR  (SCALE 0-3)  19
DPTR FM NORMAL  -181    PTCLDY (SCALE 4-7)  10
TOTAL FM JUL 1  4734    CLOUDY (SCALE 8-10)  2
DPTR FM NORMAL  -856

[CDD (BASE 65) ]
TOTAL THIS MO.     0
DPTR FM NORMAL     0    [PRESSURE DATA]
TOTAL FM JAN 1     0    HIGHEST SLP 30.43 ON  6
DPTR FM NORMAL     0    LOWEST  SLP 29.70 ON 31

[REMARKS]
#FINAL-03-15#
