000
CXUS51 KAKQ 011347
CF6ORF
PRELIMINARY LOCAL CLIMATOLOGICAL DATA (WS FORM: F-6)

                                          STATION:   NORFOLK VA
                                          MONTH:     MARCH
                                          YEAR:      2015
                                          LATITUDE:   36 54 N
                                          LONGITUDE:  76 12 W

  TEMPERATURE IN F:       :PCPN:    SNOW:  WIND      :SUNSHINE: SKY     :PK WND
================================================================================
1   2   3   4   5  6A  6B    7    8   9   10  11  12  13   14  15   16   17  18
                                     12Z  AVG MX 2MIN
DY MAX MIN AVG DEP HDD CDD  WTR  SNW DPTH SPD SPD DIR MIN PSBL S-S WX    SPD DR
================================================================================

 1  34  28  31 -14  34   0 0.15  0.0    3  7.8 15 350   M    M   8 168    19 360
 2  42  33  38  -8  27   0 0.01  0.0    2  9.4 16  20   M    M   5 1      21  20
 3  44  30  37  -9  28   0 0.01  0.0    1  9.4 20 210   M    M   6 1      24 210
 4  70  43  57  11   8   0 0.19  0.0    0 12.0 25 230   M    M   9 12     34 230
 5  47  28  38  -8  27   0 0.61  0.2    0 17.2 25 350   M    M  10 124    34 360
 6  28  23  26 -20  39   0 0.00  0.0    T 13.9 26  20   M    M   4 8      35 350
 7  52  18  35 -12  30   0 0.00  0.0    0  7.9 17 220   M    M   0        22 220
 8  66  39  53   6  12   0 0.00  0.0    0  8.8 16 250   M    M   0        24 280
 9  66  43  55   8  10   0 0.00  0.0    0  4.9 15  20   M    M   2        17  20
10  72  42  57   9   8   0    T  0.0    0  8.1 23 190   M    M   5        30 210
11  73  51  62  14   3   0 0.17  0.0    0  8.0 20 200   M    M   8 1      24 240
12  53  39  46  -2  19   0 0.00  0.0    0  9.0 18 350   M    M   0 1      23 340
13  51  36  44  -4  21   0 0.09  0.0    0  6.5 14  60   M    M   4 1      17  60
14  66  49  58   9   7   0 0.54  0.0    0 11.9 25 200   M    M  10 1      33 210
15  65  44  55   6  10   0 0.00  0.0    0  8.7 20  40   M    M   1 1      29 310
16  73  40  57   8   8   0 0.00  0.0    0  8.9 16 210   M    M   0        22 270
17  80  46  63  13   2   0 0.00  0.0    0  9.4 22 350   M    M   1        31 360
18  52  38  45  -5  20   0 0.00  0.0    0 11.7 29 350   M    M   0        38 350
19  49  39  44  -6  21   0 0.02  0.0    0  5.6 14  60   M    M   4        18 110
20  52  39  46  -4  19   0 0.53  0.0    0  8.5 16 330   M    M  10 1      24 320
21  60  38  49  -2  16   0 0.00  0.0    0  7.7 15 210   M    M   6        20 360
22  53  44  49  -2  16   0 0.00  0.0    0  7.5 17  20   M    M   0        22  30
23  44  37  41 -10  24   0 0.00  0.0    0 11.4 24  30   M    M   5        31  40
24  47  37  42 -10  23   0 0.00  0.0    0 10.9 17  60   M    M   4        22  60
25  65  40  53   1  12   0 0.00  0.0    0  9.4 17 190   M    M   6        23 200
26  71  62  67  15   0   2 0.12  0.0    0 15.5 31 200   M    M   5 1      39 200
27  64  40  52   0  13   0 0.14  0.0    0 15.0 23  10   M    M   9 1      33  10
28  43  33  38 -15  27   0 0.00  0.0    0 11.4 21 350   M    M   8        29 350
29  46  29  38 -15  27   0 0.00  0.0    0  8.3 17 330   M    M   0        26 330
30  59  36  48  -5  17   0 0.11  0.0    0 13.2 22 230   M    M   4        27 210
31  71  37  54   0  11   0    T  0.0    0 12.9 33 220   M    M   1        41 210
================================================================================
SM 1758 1181       539   2  2.69     0.2 310.8          M      135
================================================================================
AV 56.7 38.1                              10.0 FASTST   M    M   4    MAX(MPH)
                                 MISC ---->  # 33 220               # 41  210
================================================================================
NOTES:
# LAST OF SEVERAL OCCURRENCES

COLUMN 17 PEAK WIND IN M.P.H.

PRELIMINARY LOCAL CLIMATOLOGICAL DATA (WS FORM: F-6) , PAGE 2

                                          STATION:  NORFOLK VA
                                          MONTH:    MARCH
                                          YEAR:     2015
                                          LATITUDE:   36 54 N
                                          LONGITUDE:  76 12 W

[TEMPERATURE DATA]      [PRECIPITATION DATA]       SYMBOLS USED IN COLUMN 16

AVERAGE MONTHLY: 47.4   TOTAL FOR MONTH:   2.69    1 = FOG OR MIST
DPTR FM NORMAL:  -2.0   DPTR FM NORMAL:   -0.99    2 = FOG REDUCING VISIBILITY
HIGHEST:    80 ON 17    GRTST 24HR  0.61 ON  5- 5      TO 1/4 MILE OR LESS
LOWEST:     18 ON  7                               3 = THUNDER
                        SNOW, ICE PELLETS, HAIL    4 = ICE PELLETS
                        TOTAL MONTH:   0.2 INCH    5 = HAIL
                        GRTST 24HR   0.2 ON   M    6 = FREEZING RAIN OR DRIZZLE
                        GRTST DEPTH:   3 ON  1     7 = DUSTSTORM OR SANDSTORM:
                                                       VSBY 1/2 MILE OR LESS
                                                   8 = SMOKE OR HAZE
[NO. OF DAYS WITH]      [WEATHER - DAYS WITH]      9 = BLOWING SNOW
                                                   X = TORNADO
MAX 32 OR BELOW:   1    0.01 INCH OR MORE:  13
MAX 90 OR ABOVE:   0    0.10 INCH OR MORE:   9
MIN 32 OR BELOW:   6    0.50 INCH OR MORE:   3
MIN  0 OR BELOW:   0    1.00 INCH OR MORE:   0

[HDD (BASE 65) ]
TOTAL THIS MO.   539    CLEAR  (SCALE 0-3)  11
DPTR FM NORMAL    47    PTCLDY (SCALE 4-7)  14
TOTAL FM JUL 1  3375    CLOUDY (SCALE 8-10)  6
DPTR FM NORMAL   314

[CDD (BASE 65) ]
TOTAL THIS MO.     2
DPTR FM NORMAL    -4    [PRESSURE DATA]
TOTAL FM JAN 1     2    HIGHEST SLP 30.72 ON  1
DPTR FM NORMAL    -5    LOWEST  SLP 29.62 ON 31

[REMARKS]
#FINAL-03-15#
