000
CXUS54 KFWD 200730
CF6PWG
PRELIMINARY LOCAL CLIMATOLOGICAL DATA (WS FORM: F-6)

                                          STATION:   WACO MCGREGOR
                                          MONTH:     APRIL
                                          YEAR:      2015
                                          LATITUDE:   31 28 N
                                          LONGITUDE:  97 19 W

  TEMPERATURE IN F:       :PCPN:    SNOW:  WIND      :SUNSHINE: SKY     :PK WND
================================================================================
1   2   3   4   5  6A  6B    7    8   9   10  11  12  13   14  15   16   17  18
                                     12Z  AVG MX 2MIN
DY MAX MIN AVG DEP HDD CDD  WTR  SNW DPTH SPD SPD DIR MIN PSBL S-S WX    SPD DR
================================================================================

 1  81  66  74  13   0   9 0.00  0.0    0 15.0 24 180   M    M   3        30 180
 2  84  66  75  14   0  10 0.00  0.0    0 17.3 22 170   M    M   6        29 190
 3  82  63  73  12   0   8 0.00  0.0    0 14.6 21 180   M    M   6        29 180
 4  72  52  62   0   3   0 0.28  0.0    0 11.7 18  40   M    M   4        23  30
 5  59  54  57  -5   8   0 0.00  0.0    0  7.9 14 120   M    M  10         M  M
 6  86  59  73  11   0   8 0.00  0.0    0 15.6 22 170   M    M   3        35 160
 7  86  68  77  15   0  12 0.00  0.0    0 16.5 24 180   M    M   6        35 180
 8  75  68  72  10   0   7 0.00  0.0    0 16.3 28 160   M    M   6        37 160
 9  84  66  75  12   0  10 0.06  0.0    0 10.0 21 190   M    M   6        27 190
10  72  54  63   0   2   0 0.00  0.0    0  8.4 14  30   M    M   2        20  20
11  73  52  63   0   2   0 0.00  0.0    0  4.3 10 160   M    M   7         M  M
12  81  63  72   8   0   7 0.00  0.0    0  7.9 14 160   M    M   7 3      16 150
13  88  63  76  12   0  11 0.18  0.0    0  9.2 18  10   M    M   6 3      23  10
14  64  54  59  -5   6   0 0.00  0.0    0  8.2 13 310   M    M   9 3      17 320
15  82  46  64   0   1   0 0.00  0.0    0  6.0 15 150   M    M   0        20 130
16  82  63  73   9   0   8 0.72  0.0    0  8.7 15 120   M    M   3 3      22 160
17  79  63  71   6   0   6 0.11  0.0    0  8.4 15 140   M    M   6 3      22 140
18  81  59  70   5   0   5 0.30  0.0    0  5.0 15  70   M    M   7 3      25 320
19  81  57  69   4   0   4 0.00  0.0    0 10.8 18 250   M    M   2        27 250
================================================================================
SM 1492 1136        22 105  1.65     0.0 201.8          M       99
================================================================================
AV 78.5 59.8                              10.6 FASTST   M    M   5    MAX(MPH)
                                 MISC ---->    28   M                 37    M
================================================================================
NOTES:
# LAST OF SEVERAL OCCURRENCES

COLUMN 17 PEAK WIND IN M.P.H.

PRELIMINARY LOCAL CLIMATOLOGICAL DATA (WS FORM: F-6) , PAGE 2

                                          STATION:  WACO MCGREGOR
                                          MONTH:    APRIL
                                          YEAR:     2015
                                          LATITUDE:   31 28 N
                                          LONGITUDE:  97 19 W

[TEMPERATURE DATA]      [PRECIPITATION DATA]       SYMBOLS USED IN COLUMN 16

AVERAGE MONTHLY: 69.2   TOTAL FOR MONTH:   1.65    1 = FOG OR MIST
DPTR FM NORMAL:   6.2   DPTR FM NORMAL:    0.09    2 = FOG REDUCING VISIBILITY
HIGHEST:    88 ON 13    GRTST 24HR  0.72 ON 16-16      TO 1/4 MILE OR LESS
LOWEST:     46 ON 15                               3 = THUNDER
                        SNOW, ICE PELLETS, HAIL    4 = ICE PELLETS
                        TOTAL MONTH:   0.0 INCH    5 = HAIL
                        GRTST 24HR     0.0         6 = FREEZING RAIN OR DRIZZLE
                        GRTST DEPTH:   0           7 = DUSTSTORM OR SANDSTORM:
                                                       VSBY 1/2 MILE OR LESS
                                                   8 = SMOKE OR HAZE
[NO. OF DAYS WITH]      [WEATHER - DAYS WITH]      9 = BLOWING SNOW
                                                   X = TORNADO
MAX 32 OR BELOW:   0    0.01 INCH OR MORE:   6
MAX 90 OR ABOVE:   0    0.10 INCH OR MORE:   5
MIN 32 OR BELOW:   0    0.50 INCH OR MORE:   1
MIN  0 OR BELOW:   0    1.00 INCH OR MORE:   0

[HDD (BASE 65) ]
TOTAL THIS MO.    22    CLEAR  (SCALE 0-3)   6
DPTR FM NORMAL   -57    PTCLDY (SCALE 4-7)  11
TOTAL FM JUL 1  2166    CLOUDY (SCALE 8-10)  2
DPTR FM NORMAL  -148

[CDD (BASE 65) ]
TOTAL THIS MO.   105
DPTR FM NORMAL    62    [PRESSURE DATA]
TOTAL FM JAN 1   142    HIGHEST SLP M ON M
DPTR FM NORMAL    69    LOWEST  SLP M ON M

[REMARKS]
