000
CXUS56 KSGX 261445
CF6RIV
PRELIMINARY LOCAL CLIMATOLOGICAL DATA (WS FORM: F-6)

                                          STATION:   RIVERSIDE/MARCH FIELD CA
                                          MONTH:     APRIL
                                          YEAR:      2015
                                          LATITUDE:   33 54 N
                                          LONGITUDE: 117 15 W

  TEMPERATURE IN F:       :PCPN:    SNOW:  WIND      :SUNSHINE: SKY     :PK WND
================================================================================
1   2   3   4   5  6A  6B    7    8   9   10  11  12  13   14  15   16   17  18
                                     12Z  AVG MX 2MIN
DY MAX MIN AVG DEP HDD CDD  WTR  SNW DPTH SPD SPD DIR MIN PSBL S-S WX    SPD DR
================================================================================

 1  76  47  62   M   3   0 0.00  0.0    0  5.4 12 300   M    M   4 12      M  M
 2  77  48  63   M   2   0 0.00  0.0    0  5.8 14 300   M    M   2        17  99
 3  81  38  60   M   5   0 0.00  0.0    0  5.9 15  70   M    M   1        21  70
 4  83  38  61   M   4   0 0.00    M    0  3.4 12 290   M    M   0        18 290
 5  73  40  57   M   8   0 0.00  0.0    0  6.5 13 330   M    M   2        21 250
 6  67  42  55   M  10   0 0.00  0.0    0  6.1 14 310   M    M   2         M  M
 7  63  50  57   M   8   0 0.03    M    0  5.8 12 300   M    M   4        17 290
 8  68  39  54   M  11   0 0.00  0.0    0  5.6 14 310   M    M   0         M  M
 9  78  39  59   M   6   0 0.00    M    0  4.5 14 310   M    M   0        22 290
10  74  41  58   M   7   0 0.00  0.0    0  4.8 14 290   M    M   1 18     20 290
11  76  40  58   M   7   0 0.00  0.0    0  4.2 15 290   M    M   0        17 350
12  82  41  62   M   3   0 0.00  0.0    0  3.5 12 300   M    M   0         M  M
13  83  45  64   M   1   0 0.00  0.0    0  4.2 15 310   M    M   0         M  M
14  78  49  64   M   1   0 0.00  0.0    0  5.9 15 320   M    M   3 12     18 280
15  78  43  61   M   4   0 0.00  0.0    0  6.9 17 330   M    M   0        22 330
16  79  50  65   M   0   0 0.00  0.0    0  6.7 13 290   M    M   0         M  M
17  84  41  63   M   2   0 0.00  0.0    0  6.5 18 290   M    M   0        24 270
18  83  41  62   M   3   0 0.00  0.0    0  4.8 16 310   M    M   0        29 310
19  83  43  63   M   2   0 0.00  0.0    M  5.4 13 290   M    M   0        21 290
20  76  46  61   M   4   0 0.00  0.0    0  2.9  8 300   M    M   1 12      M  M
21  63  50  57   M   8   0 0.00  0.0    0  4.7 10 300   M    M   9         M  M
22  70  53  62   M   3   0 0.00  0.0    0  6.8 14 320   M    M   8        20 300
23  67  54  61   M   4   0 0.00  0.0    0  7.0 13 300   M    M   9 1       M  M
24  62  53  58   M   7   0 0.04  0.0    0  4.8  9 300   M    M   9 1       M  M
25  63  50  57   M   8   0 0.07  0.0    M  6.5 16 260   M    M   9 1      25 260
================================================================================
SM 1867 1121       121   0  0.14     0.0 134.6          M       64
================================================================================
AV 74.7 44.8                               5.4 FASTST   M    M   3    MAX(MPH)
                                 MISC ---->    18   M                 29    M
================================================================================
NOTES:
# LAST OF SEVERAL OCCURRENCES

COLUMN 17 PEAK WIND IN M.P.H.

PRELIMINARY LOCAL CLIMATOLOGICAL DATA (WS FORM: F-6) , PAGE 2

                                          STATION:  RIVERSIDE/MARCH FIELD CA
                                          MONTH:    APRIL
                                          YEAR:     2015
                                          LATITUDE:   33 54 N
                                          LONGITUDE: 117 15 W

[TEMPERATURE DATA]      [PRECIPITATION DATA]       SYMBOLS USED IN COLUMN 16

AVERAGE MONTHLY: 59.8   TOTAL FOR MONTH:   0.14    1 = FOG OR MIST
DPTR FM NORMAL:     M   DPTR FM NORMAL:       M    2 = FOG REDUCING VISIBILITY
HIGHEST:    84 ON 17    GRTST 24HR  0.07 ON 25-25      TO 1/4 MILE OR LESS
LOWEST:     38 ON  4, 3                            3 = THUNDER
                        SNOW, ICE PELLETS, HAIL    4 = ICE PELLETS
                        TOTAL MONTH:   0.0 INCH    5 = HAIL
                        GRTST 24HR     0.0         6 = FREEZING RAIN OR DRIZZLE
                        GRTST DEPTH:   0           7 = DUSTSTORM OR SANDSTORM:
                                                       VSBY 1/2 MILE OR LESS
                                                   8 = SMOKE OR HAZE
[NO. OF DAYS WITH]      [WEATHER - DAYS WITH]      9 = BLOWING SNOW
                                                   X = TORNADO
MAX 32 OR BELOW:   0    0.01 INCH OR MORE:   3
MAX 90 OR ABOVE:   0    0.10 INCH OR MORE:   0
MIN 32 OR BELOW:   0    0.50 INCH OR MORE:   0
MIN  0 OR BELOW:   0    1.00 INCH OR MORE:   0

[HDD (BASE 65) ]
TOTAL THIS MO.   121    CLEAR  (SCALE 0-3)  18
DPTR FM NORMAL     M    PTCLDY (SCALE 4-7)   3
TOTAL FM JUL 1  1440    CLOUDY (SCALE 8-10)  4
DPTR FM NORMAL     M

[CDD (BASE 65) ]
TOTAL THIS MO.     0
DPTR FM NORMAL     M    [PRESSURE DATA]
TOTAL FM JAN 1    17    HIGHEST SLP M ON M
DPTR FM NORMAL     M    LOWEST  SLP M ON M

[REMARKS]
