000
CXUS54 KLZK 191330
CF6RUE
PRELIMINARY LOCAL CLIMATOLOGICAL DATA (WS FORM: F-6)

                                          STATION:   Russellville
                                          MONTH:     APRIL
                                          YEAR:      2015
                                          LATITUDE:   35 15 N
                                          LONGITUDE:  93  6 W

  TEMPERATURE IN F:       :PCPN:    SNOW:  WIND      :SUNSHINE: SKY     :PK WND
================================================================================
1   2   3   4   5  6A  6B    7    8   9   10  11  12  13   14  15   16   17  18
                                     12Z  AVG MX 2MIN
DY MAX MIN AVG DEP HDD CDD  WTR  SNW DPTH SPD SPD DIR MIN PSBL S-S WX    SPD DR
================================================================================

 1  79  59  69  12   0   4 0.14  0.0    0  4.7 17 230   M    M   3 13     25 240
 2  74  60  67  10   0   2 0.00  0.0    0  3.7 14 180   M    M   7 3      17 170
 3  78  46  62   4   3   0 0.00  0.0    0  9.0 24 350   M    M   6        30 360
 4  63  36  50  -8  15   0 0.00  0.0    0  3.7 17  10   M    M   0        24 360
 5  57  41  49  -9  16   0 0.04    M    0  2.6  9 140   M    M   7        14 120
 6  73  52  63   5   2   0    T  0.0    0  4.3 12 170   M    M   9 1      18 190
 7  81  64  73  14   0   8    T  0.0    0  4.2 13 240   M    M   5 13     19 190
 8  83  64  74  15   0   9 0.01  0.0    0  6.3 18 210   M    M   3        25 200
 9  84  63  74  15   0   9    T  0.0    0  7.4 18 290   M    M   7 3      30 260
10  69  47  58  -2   7   0 0.00  0.0    0  3.4 15 320   M    M   0        22 320
11  74  43  59  -1   6   0 0.00  0.0    0  2.5 12  80   M    M   0        17  80
12  81  46  64   4   1   0 0.00  0.0    0  3.5 12 140   M    M   3        18 140
13  73  58  66   5   0   1 1.05  0.0    0  5.9 23  40   M    M   9 1      32  50
14  67  54  61   0   4   0 0.25  0.0    0  5.9 18  60   M    M   9 1      25  50
15  68  56  62   1   3   0 0.27  0.0    0  1.4  7 320   M    M   9 1      11 110
16  76  56  66   4   0   1 0.00  0.0    0  2.7 10 110   M    M   5 12     14 100
17  80  62  71   9   0   6 0.00  0.0    0  4.4 12  90   M    M   3 3      17  90
18  75  61  68   6   0   3    T  0.0    0  2.6 12 100   M    M   4        17 110
================================================================================
SM 1335  968        57  43  1.76     0.0  78.2          M       89
================================================================================
AV 74.2 53.8                               4.3 FASTST   M    M   5    MAX(MPH)
                                 MISC ---->  # 24 350               # 32   50
================================================================================
NOTES:
# LAST OF SEVERAL OCCURRENCES

COLUMN 17 PEAK WIND IN M.P.H.

PRELIMINARY LOCAL CLIMATOLOGICAL DATA (WS FORM: F-6) , PAGE 2

                                          STATION:  Russellville
                                          MONTH:    APRIL
                                          YEAR:     2015
                                          LATITUDE:   35 15 N
                                          LONGITUDE:  93  6 W

[TEMPERATURE DATA]      [PRECIPITATION DATA]       SYMBOLS USED IN COLUMN 16

AVERAGE MONTHLY: 64.0   TOTAL FOR MONTH:   1.76    1 = FOG OR MIST
DPTR FM NORMAL:   4.4   DPTR FM NORMAL:   -1.21    2 = FOG REDUCING VISIBILITY
HIGHEST:    84 ON  9    GRTST 24HR  1.12 ON 13-14      TO 1/4 MILE OR LESS
LOWEST:     36 ON  4                               3 = THUNDER
                        SNOW, ICE PELLETS, HAIL    4 = ICE PELLETS
                        TOTAL MONTH:   0.0 INCH    5 = HAIL
                        GRTST 24HR     0.0         6 = FREEZING RAIN OR DRIZZLE
                        GRTST DEPTH:   0           7 = DUSTSTORM OR SANDSTORM:
                                                       VSBY 1/2 MILE OR LESS
                                                   8 = SMOKE OR HAZE
[NO. OF DAYS WITH]      [WEATHER - DAYS WITH]      9 = BLOWING SNOW
                                                   X = TORNADO
MAX 32 OR BELOW:   0    0.01 INCH OR MORE:   6
MAX 90 OR ABOVE:   0    0.10 INCH OR MORE:   4
MIN 32 OR BELOW:   0    0.50 INCH OR MORE:   1
MIN  0 OR BELOW:   0    1.00 INCH OR MORE:   1

[HDD (BASE 65) ]
TOTAL THIS MO.    57    CLEAR  (SCALE 0-3)   6
DPTR FM NORMAL   -64    PTCLDY (SCALE 4-7)   8
TOTAL FM JUL 1  3386    CLOUDY (SCALE 8-10)  4
DPTR FM NORMAL   186

[CDD (BASE 65) ]
TOTAL THIS MO.    43
DPTR FM NORMAL    25    [PRESSURE DATA]
TOTAL FM JAN 1    46    HIGHEST SLP M ON M
DPTR FM NORMAL    15    LOWEST  SLP 29.73 ON  3

[REMARKS]
