000
CXUS54 KHGX 181415
CF6SGR
PRELIMINARY LOCAL CLIMATOLOGICAL DATA (WS FORM: F-6)

                                          STATION:   SUGARLAND/HULL FLD
                                          MONTH:     APRIL
                                          YEAR:      2015
                                          LATITUDE:   29 37 N
                                          LONGITUDE:  95 39 W

  TEMPERATURE IN F:       :PCPN:    SNOW:  WIND      :SUNSHINE: SKY     :PK WND
================================================================================
1   2   3   4   5  6A  6B    7    8   9   10  11  12  13   14  15   16   17  18
                                     12Z  AVG MX 2MIN
DY MAX MIN AVG DEP HDD CDD  WTR  SNW DPTH SPD SPD DIR MIN PSBL S-S WX    SPD DR
================================================================================

 1  79  65  72   7   0   7 0.16  0.0    0  9.8 22 170   M    M   6 138    33 180
 2  83  69  76  11   0  11 0.00  0.0    0 11.5 22 170   M    M   7 1      27 180
 3  80  69  75   9   0  10    T  0.0    0  8.4 17  10   M    M   8 18     22  10
 4  74  64  69   3   0   4 0.00  0.0    0 11.5 23  30   M    M   8        28  20
 5  76  63  70   4   0   5 0.03  0.0    0  7.2 17 150   M    M   9 1      21 150
 6  82  67  75   9   0  10 0.00  0.0    0 10.2 22 160   M    M   5 18     26 180
 7  85  69  77  11   0  12 0.00  0.0    0 10.5 22 170   M    M   5 1      27 170
 8  83  70  77  10   0  12 0.00  0.0    0 11.4 22 170   M    M   6 18     26 160
 9  85  72  79  12   0  14 0.00  0.0    0 12.2 24 170   M    M   8 18     29 170
10  75  61  68   1   0   3 0.86  0.0    0  5.5 17 330   M    M   9 123    26 300
11  75  65  70   2   0   5 0.06  0.0    0  6.1 12  50   M    M   9 18     14  90
12  80  68  74   6   0   9 0.20  0.0    0  9.5 17 150   M    M   8 1      23 150
13  85  70  78  10   0  13 0.54  0.0    0  8.0 16 250   M    M   5 13     24 270
14  75  62  69   1   0   4 0.19  0.0    0  5.3 22 160   M    M   6 13     26 160
15  80  58  69   0   0   4 0.00  0.0    0  5.8 17 150   M    M   3 1      19 150
16  82  65  74   5   0   9 2.17  0.0    0  7.7 21  80   M    M   7 138    30  80
17  82  66  74   5   0   9 4.24  0.0    0 10.4 36 270   M    M   6 123    46 280
================================================================================
SM 1361 1123         0 141  8.45     0.0 151.0          M      115
================================================================================
AV 80.1 66.1                               8.9 FASTST   M    M   7    MAX(MPH)
                                 MISC ---->  # 36 270               # 46  280
================================================================================
NOTES:
# LAST OF SEVERAL OCCURRENCES

COLUMN 17 PEAK WIND IN M.P.H.

PRELIMINARY LOCAL CLIMATOLOGICAL DATA (WS FORM: F-6) , PAGE 2

                                          STATION:  SUGARLAND/HULL FLD
                                          MONTH:    APRIL
                                          YEAR:     2015
                                          LATITUDE:   29 37 N
                                          LONGITUDE:  95 39 W

[TEMPERATURE DATA]      [PRECIPITATION DATA]       SYMBOLS USED IN COLUMN 16

AVERAGE MONTHLY: 73.1   TOTAL FOR MONTH:   8.45    1 = FOG OR MIST
DPTR FM NORMAL:   6.0   DPTR FM NORMAL:    6.45    2 = FOG REDUCING VISIBILITY
HIGHEST:    85 ON 13, 9 GRTST 24HR  4.89 ON 16-17      TO 1/4 MILE OR LESS
LOWEST:     58 ON 15                               3 = THUNDER
                        SNOW, ICE PELLETS, HAIL    4 = ICE PELLETS
                        TOTAL MONTH:   0.0 INCH    5 = HAIL
                        GRTST 24HR     0.0         6 = FREEZING RAIN OR DRIZZLE
                        GRTST DEPTH:   0           7 = DUSTSTORM OR SANDSTORM:
                                                       VSBY 1/2 MILE OR LESS
                                                   8 = SMOKE OR HAZE
[NO. OF DAYS WITH]      [WEATHER - DAYS WITH]      9 = BLOWING SNOW
                                                   X = TORNADO
MAX 32 OR BELOW:   0    0.01 INCH OR MORE:   9
MAX 90 OR ABOVE:   0    0.10 INCH OR MORE:   7
MIN 32 OR BELOW:   0    0.50 INCH OR MORE:   4
MIN  0 OR BELOW:   0    1.00 INCH OR MORE:   2

[HDD (BASE 65) ]
TOTAL THIS MO.     0    CLEAR  (SCALE 0-3)   1
DPTR FM NORMAL   -34    PTCLDY (SCALE 4-7)  11
TOTAL FM JUL 1  1373    CLOUDY (SCALE 8-10)  5
DPTR FM NORMAL   -40

[CDD (BASE 65) ]
TOTAL THIS MO.   141
DPTR FM NORMAL    72    [PRESSURE DATA]
TOTAL FM JAN 1   204    HIGHEST SLP M ON M
DPTR FM NORMAL    46    LOWEST  SLP 29.78 ON 13

[REMARKS]
