000
CXUS54 KLZK 241330
CF6SGT
PRELIMINARY LOCAL CLIMATOLOGICAL DATA (WS FORM: F-6)

                                          STATION:   Stuttgart Airport
                                          MONTH:     APRIL
                                          YEAR:      2015
                                          LATITUDE:   34 35 N
                                          LONGITUDE:  91 34 W

  TEMPERATURE IN F:       :PCPN:    SNOW:  WIND      :SUNSHINE: SKY     :PK WND
================================================================================
1   2   3   4   5  6A  6B    7    8   9   10  11  12  13   14  15   16   17  18
                                     12Z  AVG MX 2MIN
DY MAX MIN AVG DEP HDD CDD  WTR  SNW DPTH SPD SPD DIR MIN PSBL S-S WX    SPD DR
================================================================================

 1  79  61  70  13   0   5 0.00  0.0    0 10.2 15 130   M    M   2 3      22 130
 2  82  64  73  15   0   8 0.00  0.0    0 15.7 24 200   M    M   5        28 200
 3  81  54  68  10   0   3 0.00  0.0    0 19.2 27 350   M    M   5        31 210
 4  61  45  53  -5  12   0 0.00  0.0    0 11.0 18  20   M    M   0        21  10
 5  57  45  51  -7  14   0 0.14    M    0  6.4  9 140   M    M   6         M  M
 6  77  55  66   7   0   1 0.00  0.0    0 10.6 16 180   M    M   7        24 210
 7  84  63  74  15   0   9 0.00  0.0    0 13.7 21 180   M    M   3        27 190
 8  84  68  76  17   0  11 0.00  0.0    0 13.7 18 190   M    M   2        27 160
 9  88  66  77  17   0  12 0.69  0.0    0 17.8 27 190   M    M   6 3      33 190
10  66  52  59  -1   6   0 0.01  0.0    0 10.2 21 350   M    M   1        25 340
11  73  48  61   1   4   0 0.00  0.0    0  6.4 12  80   M    M   0         M  M
12  81  52  67   6   0   2 0.00  0.0    0  8.7 15 150   M    M   1        16 170
13  73  61  67   6   0   2 1.48  0.0    0  9.4 20  10   M    M   9        27  10
14  68  55  62   1   3   0 0.27  0.0    0 12.2 20  30   M    M   8        24  30
15  75  59  67   5   0   2 0.53  0.0    0  7.1 14 240   M    M   7         M  M
16  77  55  66   4   0   1 0.00  0.0    0  4.3  9  40   M    M   1         M  M
17  77  64  71   9   0   6 0.00  0.0    0  6.6 12 120   M    M   5         M  M
18  73  63  68   6   0   3 0.18  0.0    0  6.9 14 100   M    M   7         M  M
19  81  61  71   8   0   6 0.15  0.0    0 10.1 20 260   M    M   7 3      21 250
20  68  52  60  -3   5   0 0.00  0.0    0 13.3 18 290   M    M   1        25 290
21  72  46  59  -4   6   0 0.00  0.0    0  8.8 15 230   M    M   2         M  M
22  75  52  64   0   1   0 0.00  0.0    0  7.8 15 350   M    M   2        21 280
23  64  54  59  -5   6   0 0.15  0.0    0  8.9 15  60   M    M   8         M  M
================================================================================
SM 1716 1295        57  71  3.60     0.0 239.0          M       95
================================================================================
AV 74.6 56.3                              10.4 FASTST   M    M   4    MAX(MPH)
                                 MISC ---->  # 27 350                 33    M
================================================================================
NOTES:
# LAST OF SEVERAL OCCURRENCES

COLUMN 17 PEAK WIND IN M.P.H.

PRELIMINARY LOCAL CLIMATOLOGICAL DATA (WS FORM: F-6) , PAGE 2

                                          STATION:  Stuttgart Airport
                                          MONTH:    APRIL
                                          YEAR:     2015
                                          LATITUDE:   34 35 N
                                          LONGITUDE:  91 34 W

[TEMPERATURE DATA]      [PRECIPITATION DATA]       SYMBOLS USED IN COLUMN 16

AVERAGE MONTHLY: 65.5   TOTAL FOR MONTH:   3.60    1 = FOG OR MIST
DPTR FM NORMAL:   4.8   DPTR FM NORMAL:   -0.22    2 = FOG REDUCING VISIBILITY
HIGHEST:    88 ON  9    GRTST 24HR  1.48 ON 13-13      TO 1/4 MILE OR LESS
LOWEST:     45 ON  5, 4                            3 = THUNDER
                        SNOW, ICE PELLETS, HAIL    4 = ICE PELLETS
                        TOTAL MONTH:   0.0 INCH    5 = HAIL
                        GRTST 24HR     0.0         6 = FREEZING RAIN OR DRIZZLE
                        GRTST DEPTH:   0           7 = DUSTSTORM OR SANDSTORM:
                                                       VSBY 1/2 MILE OR LESS
                                                   8 = SMOKE OR HAZE
[NO. OF DAYS WITH]      [WEATHER - DAYS WITH]      9 = BLOWING SNOW
                                                   X = TORNADO
MAX 32 OR BELOW:   0    0.01 INCH OR MORE:   9
MAX 90 OR ABOVE:   0    0.10 INCH OR MORE:   8
MIN 32 OR BELOW:   0    0.50 INCH OR MORE:   3
MIN  0 OR BELOW:   0    1.00 INCH OR MORE:   1

[HDD (BASE 65) ]
TOTAL THIS MO.    57    CLEAR  (SCALE 0-3)  11
DPTR FM NORMAL   -81    PTCLDY (SCALE 4-7)  11
TOTAL FM JUL 1  3263    CLOUDY (SCALE 8-10)  1
DPTR FM NORMAL   119

[CDD (BASE 65) ]
TOTAL THIS MO.    71
DPTR FM NORMAL    36    [PRESSURE DATA]
TOTAL FM JAN 1    74    HIGHEST SLP M ON M
DPTR FM NORMAL    32    LOWEST  SLP M ON M

[REMARKS]
