000
CXUS53 KGRB 010724
CF6STE
PRELIMINARY LOCAL CLIMATOLOGICAL DATA (WS FORM: F-6)

                                          STATION:   STEVENS POINT WI
                                          MONTH:     MARCH
                                          YEAR:      2015
                                          LATITUDE:   44 32 N
                                          LONGITUDE:  89 32 W

  TEMPERATURE IN F:       :PCPN:    SNOW:  WIND      :SUNSHINE: SKY     :PK WND
================================================================================
1   2   3   4   5  6A  6B    7    8   9   10  11  12  13   14  15   16   17  18
                                     12Z  AVG MX 2MIN
DY MAX MIN AVG DEP HDD CDD  WTR  SNW DPTH SPD SPD DIR MIN PSBL S-S WX    SPD DR
================================================================================

 1  21   7  14   M  51   0 0.00  0.0    0  7.8 13 270   M    M   7        20 260
 2  25   8  17   M  48   0 0.00  0.0    0  4.9  9 190   M    M   2         M  M
 3  26  15  21   M  44   0 0.00  0.0    0  8.2 17 280   M    M   9        28 280
 4  15  -3   6   M  59   0 0.00  0.0    0 10.0 17 290   M    M   0        35 280
 5  10 -20  -5   M  70   0 0.00  0.0    0  3.4 12 310   M    M   0         M  M
 6  31  -4  14   M  51   0 0.00  0.0    0  7.2 15 210   M    M   3        21 200
 7  38   8  23   M  42   0 0.00  0.0    0  6.2 16 280   M    M   5        24 280
 8  42  15  29   M  36   0 0.00  0.0    0  6.4 18 270   M    M   3        29 270
 9  51  19  35   M  30   0 0.00  0.0    0  7.5 18 230   M    M   5        25 250
10  59  28  44   M  21   0 0.00  0.0    0  7.0 13 240   M    M   1        18 240
11  51  22  37   M  28   0 0.00  0.0    0  3.6  8 320   M    M   1         M  M
12  55  28  42   M  23   0 0.00  0.0    0  9.3 16 170   M    M   1        22 170
13  64  35  50   M  15   0 0.00  0.0    0  8.6 14 250   M    M   0        21 250
14  51  25  38   M  27   0 0.00  0.0    0  8.1 18 330   M    M   3        24 330
15  60  22  41   M  24   0 0.00  0.0    0  7.2 20 200   M    M   0        25 190
16  59  36  48   M  17   0 0.00  0.0    0  6.2 14 350   M    M   4        24 340
17  39  27  33   M  32   0 0.00  0.0    0 10.4 17 280   M    M   0        28 350
18  43  20  32   M  33   0 0.00  0.0    0  3.1 10 270   M    M   1        16 280
19  46  25  36   M  29   0 0.00  0.0    0  6.7 13 180   M    M   8        20 180
20  51  31  41   M  24   0 0.01    M    0  7.7 13 300   M    M   6        21 260
21  39  29  34   M  31   0 0.00  0.0    0  7.4 14 340   M    M   4        23 340
22  38  25  32   M  33   0 0.00  0.0    0  4.9  9  80   M    M   7         M  M
23  36  23  30   M  35   0 0.00  0.0    0  7.9 15 130   M    M   6        18 130
24  44  13  29   M  36   0 0.00  0.0    0  8.2 16 100   M    M   1        20 100
25  37  26  32   M  33   0 0.16    M    0 10.0 21 250   M    M  10 1      32 250
26  33  16  25   M  40   0 0.00  0.0    0 10.1 13  20   M    M   8        23 270
27  31   8  20   M  45   0 0.00  0.0    0  4.1 13  30   M    M   1        18  30
28  39   8  24   M  41   0 0.00  0.0    0  4.9 12 220   M    M   0         M  M
29  39  28  34   M  31   0 0.03    M    0 11.2 17 220   M    M   7 1      28 300
30  51  32  42   M  23   0 0.09    M    0  6.5 13 300   M    M   5 1      18 300
31  56  27  42   M  23   0 0.00  0.0    0  5.0 16 260   M    M   5 12     24 260
================================================================================
SM 1280  579      1075   0  0.29     0.0 219.7          M      113
================================================================================
AV 41.3 18.7                               7.1 FASTST   M    M   4    MAX(MPH)
                                 MISC ---->    21   M               # 35  280
================================================================================
NOTES:
# LAST OF SEVERAL OCCURRENCES

COLUMN 17 PEAK WIND IN M.P.H.

PRELIMINARY LOCAL CLIMATOLOGICAL DATA (WS FORM: F-6) , PAGE 2

                                          STATION:  STEVENS POINT WI
                                          MONTH:    MARCH
                                          YEAR:     2015
                                          LATITUDE:   44 32 N
                                          LONGITUDE:  89 32 W

[TEMPERATURE DATA]      [PRECIPITATION DATA]       SYMBOLS USED IN COLUMN 16

AVERAGE MONTHLY: 30.0   TOTAL FOR MONTH:   0.29    1 = FOG OR MIST
DPTR FM NORMAL:   0.4   DPTR FM NORMAL:       M    2 = FOG REDUCING VISIBILITY
HIGHEST:    64 ON 13    GRTST 24HR  0.16 ON 25-25      TO 1/4 MILE OR LESS
LOWEST:    -20 ON  5                               3 = THUNDER
                        SNOW, ICE PELLETS, HAIL    4 = ICE PELLETS
                        TOTAL MONTH:   0.0 INCH    5 = HAIL
                        GRTST 24HR     0.0         6 = FREEZING RAIN OR DRIZZLE
                        GRTST DEPTH:   0           7 = DUSTSTORM OR SANDSTORM:
                                                       VSBY 1/2 MILE OR LESS
                                                   8 = SMOKE OR HAZE
[NO. OF DAYS WITH]      [WEATHER - DAYS WITH]      9 = BLOWING SNOW
                                                   X = TORNADO
MAX 32 OR BELOW:   7    0.01 INCH OR MORE:   4
MAX 90 OR ABOVE:   0    0.10 INCH OR MORE:   1
MIN 32 OR BELOW:  29    0.50 INCH OR MORE:   0
MIN  0 OR BELOW:   3    1.00 INCH OR MORE:   0

[HDD (BASE 65) ]
TOTAL THIS MO.  1075    CLEAR  (SCALE 0-3)  15
DPTR FM NORMAL   -23    PTCLDY (SCALE 4-7)  14
TOTAL FM JUL 1  7953    CLOUDY (SCALE 8-10)  2
DPTR FM NORMAL   605

[CDD (BASE 65) ]
TOTAL THIS MO.     0
DPTR FM NORMAL     0    [PRESSURE DATA]
TOTAL FM JAN 1     0    HIGHEST SLP M ON M
DPTR FM NORMAL     0    LOWEST  SLP M ON M

[REMARKS]
#FINAL-03-15#
