000
CXUS56 KMTR 241000
CF6STS
PRELIMINARY LOCAL CLIMATOLOGICAL DATA (WS FORM: F-6)

                                          STATION:   SANTA ROSA AIRPORT
                                          MONTH:     APRIL
                                          YEAR:      2015
                                          LATITUDE:   38 30 N
                                          LONGITUDE: 122 49 W

  TEMPERATURE IN F:       :PCPN:    SNOW:  WIND      :SUNSHINE: SKY     :PK WND
================================================================================
1   2   3   4   5  6A  6B    7    8   9   10  11  12  13   14  15   16   17  18
                                     12Z  AVG MX 2MIN
DY MAX MIN AVG DEP HDD CDD  WTR  SNW DPTH SPD SPD DIR MIN PSBL S-S WX    SPD DR
================================================================================

 1  69  41  55   1  10   0    T    M    0 10.4 21 330   M    M   2        29 320
 2  73  42  58   4   7   0 0.00  0.0    0  7.5 20 340   M    M   0        24 330
 3  74  38  56   2   9   0 0.00  0.0    0  4.6 15 330   M    M   0        18 320
 4  70  36  53  -1  12   0 0.00  0.0    0  4.2 20 250   M    M   2        24 260
 5  60  38  49  -5  16   0 0.18    M    0  5.2 18 250   M    M   6 1      23 250
 6  61  35  48  -6  17   0 0.10    M    0  7.9 20 180   M    M   7 1      25 170
 7   M   M   M   M   M   M 0.75    M    M   M   M   M   M    M   M         M  M
 8  65  38  52  -2  13   0    T    M    M  3.0 12 250   M    M   2 12     14 250
 9  69  38  54  -1  11   0 0.00  0.0    0  3.5 13 250   M    M   3 1      16 240
10  71  38  55   0  10   0 0.00  0.0    0  3.7 13 170   M    M   1        17 170
11  74  40  57   2   8   0 0.00  0.0    0  4.7 17 320   M    M   2        23 320
12  77  43  60   5   5   0 0.00  0.0    0  5.0 13 180   M    M   1        15 170
13  70  43  57   2   8   0    T  0.0    0  6.6 24 330   M    M   5 12     31 320
14  67  43  55   0  10   0    T  0.0    0 10.5 22 320   M    M   1        31 330
15  80  42  61   6   4   0 0.00  0.0    0  7.0 17  50   M    M   1        23  10
16  82  48  65   9   0   0 0.00    M    0  6.9 22  40   M    M   0        26  40
17  78  41  60   4   5   0    T    M    0  4.6 14 160   M    M   0 1      16 140
18  76  47  62   6   3   0 0.00  0.0    0  4.8 13 140   M    M   6 18     16 150
19  69  48  59   3   6   0 0.00  0.0    0  4.7 15 160   M    M   6 18     18 140
20  66  51  59   3   6   0 0.00  0.0    0  4.3 15 160   M    M   7 18     18 140
21  59  50  55  -1  10   0    T  0.0    0  4.2 12 160   M    M  10 1      14 180
22  72  47  60   4   5   0 0.00  0.0    0  4.8 16 140   M    M   4 1      20 150
23  71  41  56  -1   9   0 0.00  0.0    0  5.1 18 320   M    M   2 12     24 320
================================================================================
SM 1553  928       184   0  1.03     0.0 123.2          M       68
================================================================================
AV 70.6 42.2                               5.6 FASTST   M    M   3    MAX(MPH)
                                 MISC ---->  # 24 330               # 31  320
================================================================================
NOTES:
# LAST OF SEVERAL OCCURRENCES

COLUMN 17 PEAK WIND IN M.P.H.

PRELIMINARY LOCAL CLIMATOLOGICAL DATA (WS FORM: F-6) , PAGE 2

                                          STATION:  SANTA ROSA AIRPORT
                                          MONTH:    APRIL
                                          YEAR:     2015
                                          LATITUDE:   38 30 N
                                          LONGITUDE: 122 49 W

[TEMPERATURE DATA]      [PRECIPITATION DATA]       SYMBOLS USED IN COLUMN 16

AVERAGE MONTHLY: 56.4   TOTAL FOR MONTH:   1.03    1 = FOG OR MIST
DPTR FM NORMAL:   1.3   DPTR FM NORMAL:   -0.68    2 = FOG REDUCING VISIBILITY
HIGHEST:    82 ON 16    GRTST 24HR  0.75 ON  7- 7      TO 1/4 MILE OR LESS
LOWEST:     35 ON  6                               3 = THUNDER
                        SNOW, ICE PELLETS, HAIL    4 = ICE PELLETS
                        TOTAL MONTH:   0.0 INCH    5 = HAIL
                        GRTST 24HR     0.0         6 = FREEZING RAIN OR DRIZZLE
                        GRTST DEPTH:   0           7 = DUSTSTORM OR SANDSTORM:
                                                       VSBY 1/2 MILE OR LESS
                                                   8 = SMOKE OR HAZE
[NO. OF DAYS WITH]      [WEATHER - DAYS WITH]      9 = BLOWING SNOW
                                                   X = TORNADO
MAX 32 OR BELOW:   0    0.01 INCH OR MORE:   3
MAX 90 OR ABOVE:   0    0.10 INCH OR MORE:   3
MIN 32 OR BELOW:   0    0.50 INCH OR MORE:   1
MIN  0 OR BELOW:   0    1.00 INCH OR MORE:   0

[HDD (BASE 65) ]
TOTAL THIS MO.   184    CLEAR  (SCALE 0-3)  14
DPTR FM NORMAL   -47    PTCLDY (SCALE 4-7)   7
TOTAL FM JUL 1  1859    CLOUDY (SCALE 8-10)  1
DPTR FM NORMAL  -931

[CDD (BASE 65) ]
TOTAL THIS MO.     0
DPTR FM NORMAL     0    [PRESSURE DATA]
TOTAL FM JAN 1     1    HIGHEST SLP M ON M
DPTR FM NORMAL     0    LOWEST  SLP 29.82 ON  6

[REMARKS]
