000
CXUS56 KSTO 011455
CF6VCB
PRELIMINARY LOCAL CLIMATOLOGICAL DATA (WS FORM: F-6)

                                          STATION:   VACAVILLE AIRPORT CA
                                          MONTH:     MARCH
                                          YEAR:      2015
                                          LATITUDE:   38 22 N
                                          LONGITUDE: 121 58 W

  TEMPERATURE IN F:       :PCPN:    SNOW:  WIND      :SUNSHINE: SKY     :PK WND
================================================================================
1   2   3   4   5  6A  6B    7    8   9   10  11  12  13   14  15   16   17  18
                                     12Z  AVG MX 2MIN
DY MAX MIN AVG DEP HDD CDD  WTR  SNW DPTH SPD SPD DIR MIN PSBL S-S WX    SPD DR
================================================================================

 1  68  37  53   0  12   0 0.00  0.0    0  5.5 18 350   M    M   0        26 350
 2  64  44  54   1  11   0    T    M    0  6.2 18 230   M    M   4        25 210
 3  68  37  53  -1  12   0 0.00  0.0    0  2.6 13 350   M    M   0        15 340
 4  70  35  53  -1  12   0 0.00  0.0    0  1.7  8 100   M    M   0        11 320
 5  71  36  54   0  11   0 0.00  0.0    0  2.3  8 350   M    M   0        13 340
 6  76  36  56   2   9   0 0.00  0.0    0  2.4  8 190   M    M   0 8      11 190
 7  77  41  59   5   6   0 0.00  0.0    0  2.3  7  90   M    M   0        11  70
 8  77  42  60   6   5   0 0.00  0.0    0  2.3 10 180   M    M   0        13 200
 9  77  42  60   6   5   0 0.00  0.0    0  2.3  9 180   M    M   0        13 170
10  72  44  58   4   7   0 0.00  0.0    0  3.1 12 220   M    M   0 18     16 220
11  69  47  58   4   7   0 0.09    M    0  4.2 15 160   M    M   7 1      21 160
12  78  44  61   7   4   0 0.00  0.0    0  5.4 18 350   M    M   0        24 350
13  79  48  64  10   1   0 0.00  0.0    0  2.4  7 240   M    M   0        10  40
14  82  52  67  12   0   2 0.00  0.0    0  1.4  7 120   M    M   0        10  70
15  75  53  64   9   1   0 0.00  0.0    0  6.8 22 230   M    M   0        27 230
16  69  53  61   6   4   0 0.00  0.0    0  2.3 10 350   M    M   3        13 350
17  77  49  63   8   2   0 0.00  0.0    0  2.5 12 220   M    M   0        14 220
18  80  45  63   8   2   0 0.00  0.0    0  3.6 15 340   M    M   0        20 340
19  82  45  64   9   1   0 0.00  0.0    0  3.4 12 230   M    M   0        17 190
20  78  43  61   6   4   0 0.00  0.0    0  3.2 13 260   M    M   0        17 230
21  75  50  63   8   2   0 0.00  0.0    0  5.8 15 230   M    M   0        21 220
22  71  56  64   9   1   0 0.01  0.0    0  9.7 22 240   M    M   4 18     27 230
23  69  48  59   4   6   0 0.00  0.0    0  6.2 14 270   M    M   2        19 250
24  73  54  64   9   1   0 0.00  0.0    0  6.6 17 240   M    M   3        22 240
25  81  45  63   8   2   0 0.00  0.0    0  3.8 14 350   M    M   0        20 340
26  83  49  66  10   0   1 0.00  0.0    0  2.8  9 350   M    M   0        13 350
27  82  50  66  10   0   1 0.00  0.0    0  4.2 15 230   M    M   0        19 230
28  87  46  67  11   0   2 0.00  0.0    0  4.1 21 350   M    M   0        25 350
29  86  43  65   9   0   0 0.00  0.0    0  2.8 12 210   M    M   0        15 230
30  84  48  66  10   0   1 0.00  0.0    0  5.3 17 220   M    M   0        22 220
31  76  46  61   5   4   0 0.00  0.0    0  8.2 18 330   M    M   1        24 340
================================================================================
SM 2356 1408       132   7  0.10     0.0 125.4          M       24
================================================================================
AV 76.0 45.4                               4.0 FASTST   M    M   1    MAX(MPH)
                                 MISC ---->  # 22 230               # 27  230
================================================================================
NOTES:
# LAST OF SEVERAL OCCURRENCES

COLUMN 17 PEAK WIND IN M.P.H.

PRELIMINARY LOCAL CLIMATOLOGICAL DATA (WS FORM: F-6) , PAGE 2

                                          STATION:  VACAVILLE AIRPORT CA
                                          MONTH:    MARCH
                                          YEAR:     2015
                                          LATITUDE:   38 22 N
                                          LONGITUDE: 121 58 W

[TEMPERATURE DATA]      [PRECIPITATION DATA]       SYMBOLS USED IN COLUMN 16

AVERAGE MONTHLY: 60.7   TOTAL FOR MONTH:   0.10    1 = FOG OR MIST
DPTR FM NORMAL:   6.0   DPTR FM NORMAL:   -3.20    2 = FOG REDUCING VISIBILITY
HIGHEST:    87 ON 28    GRTST 24HR  0.09 ON 11-11      TO 1/4 MILE OR LESS
LOWEST:     35 ON  4                               3 = THUNDER
                        SNOW, ICE PELLETS, HAIL    4 = ICE PELLETS
                        TOTAL MONTH:   0.0 INCH    5 = HAIL
                        GRTST 24HR     0.0         6 = FREEZING RAIN OR DRIZZLE
                        GRTST DEPTH:   0           7 = DUSTSTORM OR SANDSTORM:
                                                       VSBY 1/2 MILE OR LESS
                                                   8 = SMOKE OR HAZE
[NO. OF DAYS WITH]      [WEATHER - DAYS WITH]      9 = BLOWING SNOW
                                                   X = TORNADO
MAX 32 OR BELOW:   0    0.01 INCH OR MORE:   2
MAX 90 OR ABOVE:   0    0.10 INCH OR MORE:   0
MIN 32 OR BELOW:   0    0.50 INCH OR MORE:   0
MIN  0 OR BELOW:   0    1.00 INCH OR MORE:   0

[HDD (BASE 65) ]
TOTAL THIS MO.   132    CLEAR  (SCALE 0-3)  27
DPTR FM NORMAL  -190    PTCLDY (SCALE 4-7)   4
TOTAL FM JUL 1  1501    CLOUDY (SCALE 8-10)  0
DPTR FM NORMAL  -799

[CDD (BASE 65) ]
TOTAL THIS MO.     7
DPTR FM NORMAL     4    [PRESSURE DATA]
TOTAL FM JAN 1     7    HIGHEST SLP 30.37 ON  5
DPTR FM NORMAL     4    LOWEST  SLP 29.78 ON  2

[REMARKS]
#FINAL-03-15#
