000
CDUS41 KBTV 200543
CLI1V4


CLIMATE REPORT
NATIONAL WEATHER SERVICE BURLINGTON VT
142 AM EDT MON APR 20 2015


...................................

...THE ST. JOHNSBURY VT CLIMATE SUMMARY FOR APRIL 19 2015...

CLIMATE NORMAL PERIOD 1981 TO 2010
CLIMATE RECORD PERIOD 1894 TO 2015


WEATHER ITEM   OBSERVED TIME   RECORD YEAR NORMAL DEPARTURE LAST
                VALUE   (LST)  VALUE       VALUE  FROM      YEAR
                                                  NORMAL
..................................................................
TEMPERATURE (F)
 YESTERDAY
  MAXIMUM         58        MM  90    1976  58      0       47
  MINIMUM         34        MM  18    1926  34      0       28
  AVERAGE         46                        46      0       38

PRECIPITATION (IN)
  YESTERDAY        0.00          1.26 1969   0.09  -0.09     0.00
  MONTH TO DATE    1.32                      1.77  -0.45     2.48
  SINCE MAR 1      2.69                      4.28  -1.59     5.35
  SINCE JAN 1      7.25                      8.96  -1.71    10.48

DEGREE DAYS
 HEATING
  YESTERDAY       19                        19      0       27
  MONTH TO DATE  469                       437     32      474
  SINCE MAR 1   1743                      1513    230     1895
  SINCE JUL 1   7808                      7237    571     7927

 COOLING
  YESTERDAY        0                         0      0        0
  MONTH TO DATE    0                         0      0        0
  SINCE MAR 1      0                         0      0        0
  SINCE JAN 1      0                         0      0        0
..................................................................


WIND (MPH)
  HIGHEST WIND SPEED    MM   HIGHEST WIND DIRECTION    MM
  HIGHEST GUST SPEED    MM   HIGHEST GUST DIRECTION    MM
  AVERAGE WIND SPEED    MM


SKY COVER
  AVERAGE SKY COVER 0.0


WEATHER CONDITIONS
 THE FOLLOWING WEATHER WAS RECORDED YESTERDAY.
  NO SIGNIFICANT WEATHER WAS OBSERVED.


RELATIVE HUMIDITY (PERCENT)
 HIGHEST    76           500 AM
 LOWEST     22           400 PM
 AVERAGE    49

..........................................................


THE ST. JOHNSBURY VT CLIMATE NORMALS FOR TODAY
                         NORMAL    RECORD    YEAR
 MAXIMUM TEMPERATURE (F)   59        89      1941
 MINIMUM TEMPERATURE (F)   34        12      1897


SUNRISE AND SUNSET
APRIL 20 2015.........SUNRISE   556 AM EDT   SUNSET   738 PM EDT
APRIL 21 2015.........SUNRISE   555 AM EDT   SUNSET   740 PM EDT


-  INDICATES NEGATIVE NUMBERS.
R  INDICATES RECORD WAS SET OR TIED.
MM INDICATES DATA IS MISSING.
T  INDICATES TRACE AMOUNT.




$$
