000
CDUS43 KUNR 060847
CLI2WX


CLIMATE REPORT
NATIONAL WEATHER SERVICE RAPID CITY SD
247 AM MDT WED MAY 6 2015


...................................

...THE BUFFALO SD CLIMATE SUMMARY FOR MAY 5 2015...

CLIMATE NORMAL PERIOD 1981 TO 2010
CLIMATE RECORD PERIOD 9999 TO 9999


WEATHER ITEM   OBSERVED TIME   NORMAL DEPARTURE LAST
                VALUE   (LST)  VALUE  FROM      YEAR
                                      NORMAL
......................................................
TEMPERATURE (F)
 YESTERDAY
  MAXIMUM         71   1223 PM  63      8       66
  MINIMUM         41    327 AM  38      3       35
  AVERAGE         56            50      6       51

PRECIPITATION (IN)
  YESTERDAY        0.00          0.05  -0.05     0.01
  MONTH TO DATE    0.00          0.26  -0.26     0.01
  SINCE MAR 1      1.25          2.58  -1.33     2.11
  SINCE JAN 1      1.72          3.15  -1.43     2.69

DEGREE DAYS
 HEATING
  YESTERDAY        9            15     -6       14
  MONTH TO DATE   43            78    -35       88
  SINCE MAR 1   1346          1734   -388     1892
  SINCE JUL 1   6804          7531   -727     7949

 COOLING
  YESTERDAY        0             0      0        0
  MONTH TO DATE    0             0      0        0
  SINCE MAR 1      0             0      0        0
  SINCE JAN 1      0             0      0        0
......................................................


WIND (MPH)
  HIGHEST WIND SPEED    33   HIGHEST WIND DIRECTION    SE (140)
  HIGHEST GUST SPEED    41   HIGHEST GUST DIRECTION    SE (150)
  AVERAGE WIND SPEED    19.6




RELATIVE HUMIDITY (PERCENT)
 HIGHEST    80          1100 PM
 LOWEST     44          1200 PM
 AVERAGE    62

..........................................................




SUNRISE AND SUNSET
MAY  6 2015...........SUNRISE   535 AM MDT   SUNSET   807 PM MDT
MAY  7 2015...........SUNRISE   534 AM MDT   SUNSET   809 PM MDT


-  INDICATES NEGATIVE NUMBERS.
R  INDICATES RECORD WAS SET OR TIED.
MM INDICATES DATA IS MISSING.
T  INDICATES TRACE AMOUNT.




$$
