000
CDUS43 KABR 070055
CLI8D3


CLIMATE REPORT
NATIONAL WEATHER SERVICE ABERDEEN SD
755 PM CDT WED MAY 6 2015


...................................

...THE SISSETON SD CLIMATE SUMMARY FOR MAY 6 2015...
VALID TODAY AS OF 0500 PM LOCAL TIME.

CLIMATE NORMAL PERIOD 1981 TO 2010
CLIMATE RECORD PERIOD 1900 TO 2015


WEATHER ITEM   OBSERVED TIME   RECORD YEAR NORMAL DEPARTURE LAST
                VALUE   (LST)  VALUE       VALUE  FROM      YEAR
                                                  NORMAL
..................................................................
TEMPERATURE (F)
 TODAY
  MAXIMUM         68    459 PM  91    1934  66      2       63
  MINIMUM         55    627 AM  22    1976  41              41
  AVERAGE         62                        54      8       52

PRECIPITATION (IN)
  TODAY            0.21          1.74 1902   0.08   0.13     0.00
  MONTH TO DATE    0.22                      0.50  -0.28     0.00
  SINCE MAR 1      1.80                      3.90  -2.10     4.02
  SINCE JAN 1      2.68                      4.76  -2.08     4.64

DEGREE DAYS
 COOLING
  TODAY            0                         0      0        0
  MONTH TO DATE    2                         0      2        0
  SINCE MAR 1      2                         1      1        0
  SINCE JAN 1      2                         1      1        0
..................................................................


WIND (MPH)
  HIGHEST WIND SPEED    24   HIGHEST WIND DIRECTION    SE (130)
  HIGHEST GUST SPEED    29   HIGHEST GUST DIRECTION    SE (140)
  AVERAGE WIND SPEED    16.7


SKY COVER
  POSSIBLE SUNSHINE  MM
  AVERAGE SKY COVER 0.0


WEATHER CONDITIONS
 THE FOLLOWING WEATHER WAS RECORDED TODAY.
  NO SIGNIFICANT WEATHER WAS OBSERVED.


RELATIVE HUMIDITY (PERCENT)
 HIGHEST   100           200 AM
 LOWEST     87           300 PM
 AVERAGE    94

..........................................................


THE SISSETON SD CLIMATE NORMALS FOR TOMORROW
                         NORMAL    RECORD    YEAR
 MAXIMUM TEMPERATURE (F)   67       109      1934
 MINIMUM TEMPERATURE (F)   42        26      1976


SUNRISE AND SUNSET
MAY  6 2015...........SUNRISE   609 AM CDT   SUNSET   841 PM CDT
MAY  7 2015...........SUNRISE   607 AM CDT   SUNSET   843 PM CDT


-  INDICATES NEGATIVE NUMBERS.
R  INDICATES RECORD WAS SET OR TIED.
MM INDICATES DATA IS MISSING.
T  INDICATES TRACE AMOUNT.




$$
