000
CDUS43 KABR 051031
CLIABR


CLIMATE REPORT
NATIONAL WEATHER SERVICE ABERDEEN SD
531 AM CDT TUE MAY 5 2015


...................................

...THE ABERDEEN SD CLIMATE SUMMARY FOR MAY 4 2015...

CLIMATE NORMAL PERIOD 1981 TO 2010
CLIMATE RECORD PERIOD 1893 TO 2015


WEATHER ITEM   OBSERVED TIME   RECORD YEAR NORMAL DEPARTURE LAST
                VALUE   (LST)  VALUE       VALUE  FROM      YEAR
                                                  NORMAL
..................................................................
TEMPERATURE (F)
 YESTERDAY
  MAXIMUM         70    300 PM  98    1926  66      4       47
  MINIMUM         28    531 AM  20    2005  40    -12       34
  AVERAGE         49                        52     -3       41

PRECIPITATION (IN)
  YESTERDAY        0.00          1.35 1905   0.11  -0.11     0.01
  MONTH TO DATE    0.05                      0.41  -0.36     0.01
  SINCE MAR 1      0.83                      3.42  -2.59     2.82
  SINCE JAN 1      1.88                      4.44  -2.56     3.26

DEGREE DAYS
 HEATING
  YESTERDAY       16                        13      3       24
  MONTH TO DATE   30                        53    -23       76
  SINCE MAR 1   1443                      1761   -318     2020
  SINCE JUL 1   7711                      8224   -513     9179

 COOLING
  YESTERDAY        0                         0      0        0
  MONTH TO DATE    0                         0      0        0
  SINCE MAR 1      0                         2     -2        0
  SINCE JAN 1      0                         2     -2        0
..................................................................


WIND (MPH)
  HIGHEST WIND SPEED    16   HIGHEST WIND DIRECTION    NE (30)
  HIGHEST GUST SPEED    23   HIGHEST GUST DIRECTION    NE (30)
  AVERAGE WIND SPEED     6.0


SKY COVER
  POSSIBLE SUNSHINE  MM
  AVERAGE SKY COVER 0.0


WEATHER CONDITIONS
 THE FOLLOWING WEATHER WAS RECORDED YESTERDAY.
  NO SIGNIFICANT WEATHER WAS OBSERVED.


RELATIVE HUMIDITY (PERCENT)
 HIGHEST    78           600 AM
 LOWEST     16           100 PM
 AVERAGE    47

..........................................................


THE ABERDEEN SD CLIMATE NORMALS FOR TODAY
                         NORMAL    RECORD    YEAR
 MAXIMUM TEMPERATURE (F)   66        92      2000
                                             1926
                                             1897
 MINIMUM TEMPERATURE (F)   40        24      1968
                                             1944
                                             1929


SUNRISE AND SUNSET
MAY  5 2015...........SUNRISE   616 AM CDT   SUNSET   845 PM CDT
MAY  6 2015...........SUNRISE   615 AM CDT   SUNSET   846 PM CDT


-  INDICATES NEGATIVE NUMBERS.
R  INDICATES RECORD WAS SET OR TIED.
MM INDICATES DATA IS MISSING.
T  INDICATES TRACE AMOUNT.




$$
