000
CDUS44 KFWD 050658
CLIACT


CLIMATE REPORT
NATIONAL WEATHER SERVICE FORT WORTH TX
155 AM CDT TUE MAY 5 2015

...................................

...THE WACO CLIMATE SUMMARY FOR MAY 4 2015...

CLIMATE NORMAL PERIOD 1981 TO 2010
CLIMATE RECORD PERIOD 1901 TO 2015


WEATHER ITEM   OBSERVED TIME   RECORD YEAR NORMAL DEPARTURE LAST
                VALUE   (LST)  VALUE       VALUE  FROM      YEAR
                                                  NORMAL
..................................................................
TEMPERATURE (F)
 YESTERDAY
  MAXIMUM         84    212 PM 100    1984  82      2       90
  MINIMUM         63    628 AM  34    2013  60      3       55
  AVERAGE         74                        71      3       73

PRECIPITATION (IN)
  YESTERDAY        0.00          1.66 2001   0.14  -0.14     0.00
  MONTH TO DATE    0.00                      0.55  -0.55     0.00
  SINCE MAR 1      7.34                      6.39   0.95     2.63
  SINCE JAN 1     12.07                     11.14   0.93     3.39

DEGREE DAYS
 HEATING
  YESTERDAY        0                         1     -1        0
  MONTH TO DATE    0                         4     -4       11
  SINCE MAR 1    350                       328     22      461
  SINCE JUL 1   2304                      2140    164     2604

 COOLING
  YESTERDAY        9                         7      2        8
  MONTH TO DATE   19                        25     -6        9
  SINCE MAR 1    180                       170     10      138
  SINCE JAN 1    180                       179      1      138
..................................................................


WIND (MPH)
  HIGHEST WIND SPEED    21   HIGHEST WIND DIRECTION    SE (130)
  HIGHEST GUST SPEED    26   HIGHEST GUST DIRECTION    SE (150)
  AVERAGE WIND SPEED    11.6


SKY COVER
  POSSIBLE SUNSHINE  MM
  AVERAGE SKY COVER 0.3


WEATHER CONDITIONS
 THE FOLLOWING WEATHER WAS RECORDED YESTERDAY.
  FOG


RELATIVE HUMIDITY (PERCENT)
 HIGHEST    93           400 AM
 LOWEST     47           200 PM
 AVERAGE    70

..........................................................


THE WACO CLIMATE NORMALS FOR TODAY
                         NORMAL    RECORD    YEAR
 MAXIMUM TEMPERATURE (F)   82       100      1984
                                             1906
 MINIMUM TEMPERATURE (F)   61        40      2013


SUNRISE AND SUNSET
MAY  5 2015...........SUNRISE   640 AM CDT   SUNSET   811 PM CDT
MAY  6 2015...........SUNRISE   639 AM CDT   SUNSET   812 PM CDT


-  INDICATES NEGATIVE NUMBERS.
R  INDICATES RECORD WAS SET OR TIED.
MM INDICATES DATA IS MISSING.
T  INDICATES TRACE AMOUNT.


$$
