000
CDAK48 PAKN 191122
CLIAKN

CLIMATE REPORT
NATIONAL WEATHER SERVICE KING SALMON, AK
322 AM AKDT SUN APR 19 2015

...................................
...THE KING SALMON AP CLIMATE SUMMARY FOR APRIL 18 2015...

CLIMATE NORMAL PERIOD  1981 TO  2010
CLIMATE RECORD PERIOD  1949 TO  2015

WEATHER ITEM   OBSERVED TIME    RECORD YEAR NORMAL DEPARTURE LAST
               VALUE    (LST)   VALUE       VALUE  FROM      YEAR
                                                   NORMAL
...................................................................
TEMPERATURE
YESTERDAY
 MAXIMUM            48  0443 PM    57  1930     43       5     46
 MINIMUM            35  1159 PM    -6  1985     26       9     32
 AVERAGE            42                          35       7     39

PRECIPITATION
(INCHES)
 YESTERDAY        0.08           0.52  1995   0.03    0.05   0.02
 MONTH TO DATE    1.89                        0.55    1.34   0.42
 SINCE MAR 1      2.84                        1.25    1.59   1.18
 SINCE JAN 1      3.63                        3.03    0.60   2.99

SNOWFALL
(INCHES)
 YESTERDAY         0.0            3.8  1950    0.2    -0.2    0.0
 MONTH TO DATE    11.0                         2.9     8.1    0.5
 SINCE MAR 1      11.3                         9.3     2.0    9.3
 SINCE JUL 1      25.0                        44.8   -19.8   36.0
 SNOW DEPTH (IN)     0                                          0

DEGREE DAYS
 HEATING
  YESTERDAY         23                          30      -7     26
  MONTH TO DATE    568                         606     -38    537
  SINCE MAR 1     1631                        1871    -240   1786
  SINCE JUL 1     7828                        9489   -1661   8146

 COOLING
  YESTERDAY          0                           0       0      0
  MONTH TO DATE      0                           0       0      0
  SINCE MAR 1        0                           0       0      0
  SINCE JAN 1        0                           0       0      0
...................................................................

WIND (MPH)
 HIGHEST WIND SPEED    35     HIGHEST WIND DIRECTION    160
 HIGHEST GUST SPEED    42     HIGHEST GUST DIRECTION    160
 AVERAGE WIND SPEED  14.7

SKY COVER
  POSSIBLE SUNSHINE    MM          AVERAGE SKY COVER     MM

WEATHER CONDITIONS
 THE FOLLOWING WEATHER WAS RECORDED YESTERDAY.
  FOG
RAIN


RELATIVE HUMIDITY
 HIGHEST RH     MM PERCENT       MM
 LOWEST  RH     MM PERCENT       MM
 AVERAGE RH     MM PERCENT       MM
...................................................................

THE KING SALMON CLIMATE NORMALS FOR TODAY
                           NORMAL    RECORD   YEAR
 MAXIMUM TEMPERATURE (F)     44        59     1951
 MINIMUM TEMPERATURE (F)     26         0     1982

SUNRISE AND SUNSET
 APR 19 2015..........SUNRISE  7:03 AM      SUNSET  9:51 PM
 APR 20 2015..........SUNRISE  7:01 AM      SUNSET  9:53 PM

-  INDICATES NEGATIVE NUMBERS.
R  INDICATES RECORD HAS BEEN SET OR TIED.
MM INDICATES DATA IS MISSING.
T  INDICATES TRACE OF PRECIPITATION.

&&
-------------------------------------------------------------------

AMOUNT OF DAYLIGHT TODAY  (HOUR:MIN)........14 HOURS 48 MINUTES
GAIN SINCE YESTERDAY (HOUR:MIN:SEC).........+0:05:04

$$
AM APR 15
