000
CDUS45 KBOU 260725
CLIAKO


CLIMATE REPORT
NATIONAL WEATHER SERVICE BOULDER, CO
125 AM MDT SUN APR 26 2015


...................................

...THE AKRON CO CLIMATE SUMMARY FOR APRIL 25 2015...

CLIMATE NORMAL PERIOD 1981 TO 2010
CLIMATE RECORD PERIOD 9999 TO 9999


WEATHER ITEM   OBSERVED TIME   RECORD YEAR NORMAL DEPARTURE LAST
                VALUE   (LST)  VALUE       VALUE  FROM      YEAR
                                                  NORMAL
..................................................................
TEMPERATURE (F)
 YESTERDAY
  MAXIMUM         71    223 PM  87    1949  64      7
  MINIMUM         38    516 AM  21    1950  36      2
  AVERAGE         55                        50      5

PRECIPITATION (IN)
  YESTERDAY        0.16          0.95 1973   0.06   0.10     0.00
  MONTH TO DATE    1.07                      1.29  -0.22     0.60
  SINCE MAR 1      1.29                      2.16  -0.87     1.03
  SINCE JAN 1      1.57                      2.90  -1.33     1.46

DEGREE DAYS
 HEATING
  YESTERDAY       10
  MONTH TO DATE  397

 COOLING
  YESTERDAY        0
  MONTH TO DATE    0
..................................................................


WIND (MPH)
  HIGHEST WIND SPEED    28   HIGHEST WIND DIRECTION    NW (330)
  HIGHEST GUST SPEED    36   HIGHEST GUST DIRECTION    NW (320)




RELATIVE HUMIDITY (PERCENT)
 HIGHEST   100
 LOWEST     26
 AVERAGE    63

..........................................................


THE AKRON CO CLIMATE NORMALS FOR TODAY
                         NORMAL    RECORD    YEAR
 MAXIMUM TEMPERATURE (F)   64        86      1955
 MINIMUM TEMPERATURE (F)   37        21      1988


SUNRISE AND SUNSET
APRIL 26 2015.........SUNRISE   559 AM MDT   SUNSET   743 PM MDT
APRIL 27 2015.........SUNRISE   558 AM MDT   SUNSET   744 PM MDT


-  INDICATES NEGATIVE NUMBERS.
R  INDICATES RECORD WAS SET OR TIED.
MM INDICATES DATA IS MISSING.
T  INDICATES TRACE AMOUNT.




$$
