000
CDUS44 KAMA 270658
CLIAMA


CLIMATE REPORT
NATIONAL WEATHER SERVICE AMARILLO TX
155 AM CDT MON APR 27 2015


...THE AMARILLO CLIMATE SUMMARY FOR APRIL 26 2015...

CLIMATE NORMAL PERIOD 1981 TO 2010
CLIMATE RECORD PERIOD 1892 TO 2015


WEATHER ITEM   OBSERVED TIME   RECORD YEAR NORMAL DEPARTURE LAST
                VALUE   (LST)  VALUE       VALUE  FROM      YEAR
                                                  NORMAL
..................................................................
TEMPERATURE (F)
 YESTERDAY
  MAXIMUM         76    130 PM  92    1927  74      2       89
  MINIMUM         48    906 PM  29    1924  45      3       61
  AVERAGE         62                        60      2       75

PRECIPITATION (IN)
  YESTERDAY        0.05          1.06 1923   0.06  -0.01     0.00
  MONTH TO DATE    1.26                      1.20   0.06     0.57
  SINCE MAR 1      1.47                      2.59  -1.12     0.77
  SINCE JAN 1      3.55                      3.87  -0.32     1.16

SNOWFALL (IN)
  YESTERDAY        0.0           T    1997   0.1   -0.1      0.0
  MONTH TO DATE    T                         0.7   -0.7      0.4
  SINCE MAR 1      0.1                       3.6   -3.5      0.7
  SINCE JUL 1     23.9                      17.6    6.3     12.8
  SNOW DEPTH       0

DEGREE DAYS
 HEATING
  YESTERDAY        3                         7     -4        0
  MONTH TO DATE  143                       257   -114      208
  SINCE MAR 1    583                       789   -206      767
  SINCE JUL 1   3708                      4066   -358     4120

 COOLING
  YESTERDAY        0                         1     -1       10
  MONTH TO DATE   20                        12      8       31
  SINCE MAR 1     22                        14      8       31
  SINCE JAN 1     22                        14      8       31
..................................................................


WIND (MPH)
  RESULTANT WIND SPEED   6   RESULTANT WIND DIRECTION  SE (120)
  HIGHEST WIND SPEED    33   HIGHEST WIND DIRECTION     E (90)
  HIGHEST GUST SPEED    43   HIGHEST GUST DIRECTION    SW (230)
  AVERAGE WIND SPEED   14.3


SKY COVER
  AVERAGE SKY COVER 0.3


WEATHER CONDITIONS
 THE FOLLOWING WEATHER WAS RECORDED YESTERDAY.
  THUNDERSTORM
  RAIN
  LIGHT RAIN
  FOG


RELATIVE HUMIDITY (PERCENT)
 HIGHEST   100          1000 PM
 LOWEST     27           400 PM
 AVERAGE    64

..................................................................


THE AMARILLO CLIMATE NORMALS FOR TODAY
                         NORMAL    RECORD    YEAR
 MAXIMUM TEMPERATURE (F)   74        92      1927
 MINIMUM TEMPERATURE (F)   45        30      1995
                                             1994


SUNRISE AND SUNSET
APRIL 27 2015.........SUNRISE   700 AM CDT   SUNSET   829 PM CDT
APRIL 28 2015.........SUNRISE   659 AM CDT   SUNSET   830 PM CDT


-  INDICATES NEGATIVE NUMBERS.
R  INDICATES RECORD WAS SET OR TIED.
MM INDICATES DATA IS MISSING.
T  INDICATES TRACE AMOUNT.


$$
