000
CDUS44 KBMX 062111
CLIANB


CLIMATE REPORT
NATIONAL WEATHER SERVICE BIRMINGHAM, AL
411 PM CDT WED MAY 6 2015


...................................

...THE ANNISTON CLIMATE SUMMARY FOR MAY 6 2015...
VALID AS OF 0400 PM LOCAL TIME.

CLIMATE NORMAL PERIOD 1981 TO 2010
CLIMATE RECORD PERIOD 1903 TO 2015


WEATHER ITEM   OBSERVED TIME   RECORD YEAR NORMAL DEPARTURE LAST
                VALUE   (LST)  VALUE       VALUE  FROM      YEAR
                                                  NORMAL
..................................................................
TEMPERATURE (F)
 TODAY
  MAXIMUM         83    242 PM  93    1959  79      4       86
                                      1952
  MINIMUM         56    535 AM  38    1968  56      0       54
  AVERAGE         70

PRECIPITATION (IN)
  TODAY            0.00          1.26 2003   0.14  -0.14     0.00
  MONTH TO DATE    0.00                      0.86  -0.86     0.00
  SINCE MAR 1     13.83                      9.93   3.90    13.26
  SINCE JAN 1     21.99                     19.53   2.46    20.42

..................................................................


WIND (MPH)
  HIGHEST WIND SPEED    12   HIGHEST WIND DIRECTION    SE (120)
  HIGHEST GUST SPEED    16   HIGHEST GUST DIRECTION    SE (130)
  AVERAGE WIND SPEED     4.8


SKY COVER
  AVERAGE SKY COVER 0.1


WEATHER CONDITIONS
 THE FOLLOWING WEATHER WAS RECORDED TODAY.
  NO SIGNIFICANT WEATHER WAS OBSERVED.


RELATIVE HUMIDITY (PERCENT)
 HIGHEST    93
 LOWEST     33
 AVERAGE    63

..........................................................


THE ANNISTON CLIMATE NORMALS FOR TOMORROW
                         NORMAL    RECORD    YEAR
 MAXIMUM TEMPERATURE (F)   79        92      1959
                                             1952
 MINIMUM TEMPERATURE (F)   56        42      1989


SUNRISE AND SUNSET
MAY  6 2015...........SUNRISE   550 AM CDT   SUNSET   730 PM CDT
MAY  7 2015...........SUNRISE   549 AM CDT   SUNSET   731 PM CDT


-  INDICATES NEGATIVE NUMBERS.
R  INDICATES RECORD WAS SET OR TIED.
MM INDICATES DATA IS MISSING.
T  INDICATES TRACE AMOUNT.




$$
