000
CDAK48 PAFC 061245
CLIANC

CLIMATE REPORT
NATIONAL WEATHER SERVICE ANCHORAGE, AK
444 AM AKDT WED MAY 6 2015


...................................

...THE ANCHORAGE AK CLIMATE SUMMARY FOR MAY 5 2015...

CLIMATE NORMAL PERIOD 1981 TO 2010
CLIMATE RECORD PERIOD 1952 TO 2015


WEATHER ITEM   OBSERVED RECORD YEAR NORMAL DEPARTURE LAST
                VALUE   VALUE       VALUE  FROM      YEAR
                                           NORMAL
...........................................................
TEMPERATURE (F)
 YESTERDAY
  MAXIMUM         52     65    2004  53     -1       55
                               1996
  MINIMUM         37     27    2001  36      1       42
  AVERAGE         45                 44      1       49

PRECIPITATION (IN)
  YESTERDAY        T      0.46 1999   0.02  -0.02
  MONTH TO DATE    T                  0.09  -0.09
  SINCE MAR 1      1.43               1.16   0.27
  SINCE JAN 1      2.51               2.61  -0.10

SNOWFALL (IN)
  YESTERDAY        0.0    0.7  2001   0.0    0.0
  MONTH TO DATE    0.0                0.1   -0.1
  SINCE MAR 1      4.6               14.0   -9.4
  SINCE JUL 1     25.1               74.3  -49.2
  SNOW DEPTH       0

DEGREE DAYS
 HEATING
  YESTERDAY       20                        -1
  MONTH TO DATE   99                        -8
  SINCE MAR 1   1911                      -234
  SINCE JUL 1   8263                     -1211

 COOLING
  YESTERDAY        0                         0
  MONTH TO DATE    0                         0
  SINCE MAR 1      0                         0
  SINCE JAN 1      0                         0
...........................................................


WIND (MPH)
  HIGHEST WIND SPEED    12   HIGHEST WIND DIRECTION     W (280)
  HIGHEST GUST SPEED    MM   HIGHEST GUST DIRECTION    MM
  AVERAGE WIND SPEED     5.2




RELATIVE HUMIDITY (PERCENT)
 HIGHEST    79
 LOWEST     46
 AVERAGE    63

..........................................................


THE ANCHORAGE AK CLIMATE NORMALS FOR TODAY
                         NORMAL    RECORD    YEAR
 MAXIMUM TEMPERATURE (F)   53        66      2004
                                             1961
 MINIMUM TEMPERATURE (F)   37        29      1974
                                             1956


SUNRISE AND SUNSET
MAY  6 2015...........SUNRISE   537 AM AKDT  SUNSET  1018 PM AKDT
MAY  7 2015...........SUNRISE   535 AM AKDT  SUNSET  1020 PM AKDT

CIVIL TWILIGHT
MAY 6 2015              START   437 AM AKDT     END  1120 PM AKDT
MAY 7 2015              START   434 AM AKDT     END  1123 PM AKDT



-  INDICATES NEGATIVE NUMBERS.
R  INDICATES RECORD WAS SET OR TIED.
MM INDICATES DATA IS MISSING.
T  INDICATES TRACE AMOUNT.




$$
&&
------------------------------------------------------
AMOUNT OF DAYLIGHT TODAY  (HOUR:MIN)........16:41
GAIN/LOSS SINCE YESTERDAY (HOUR:MIN:SEC)....+0:05:26
