000
CDUS42 KMFL 280843
CLIAPF


CLIMATE REPORT
NATIONAL WEATHER SERVICE MIAMI, FL
442 AM EDT TUE APR 28 2015


...................................

...THE NAPLES CLIMATE SUMMARY FOR APRIL 27 2015...

CLIMATE NORMAL PERIOD 1981 TO 2010
CLIMATE RECORD PERIOD 1942 TO 2015


WEATHER ITEM   OBSERVED TIME   RECORD YEAR NORMAL DEPARTURE LAST
                VALUE   (LST)  VALUE       VALUE  FROM      YEAR
                                                  NORMAL
..................................................................
TEMPERATURE (F)
 YESTERDAY
  MAXIMUM         90    244 PM  93    2011  85      5       89
  MINIMUM         76   1159 PM  51    1983  65     11       69
  AVERAGE         83                        75      8       79

PRECIPITATION (IN)
  YESTERDAY        0.00          2.50 1982   0.06  -0.06     0.00
  MONTH TO DATE    0.35                      2.18  -1.83     1.73
  SINCE NOV 1      4.74                     12.00  -7.26     7.89
  SINCE JAN 1      3.44                      8.51  -5.07     6.79

SNOWFALL (IN)
  YESTERDAY        0.0
  MONTH TO DATE    0.0
  SINCE MAR 1      0.0
  SINCE JUL 1      0.0
  SNOW DEPTH       0

DEGREE DAYS
 HEATING
  YESTERDAY        0                         0      0        0
  MONTH TO DATE    0                         0      0        0
  SINCE MAR 1      1                        23    -22        7
  SINCE JUL 1    198                       256    -58      149

 COOLING
  YESTERDAY       18                        10      8       14
  MONTH TO DATE  377                       221    156      253
  SINCE MAR 1    681                       397    284      411
  SINCE JAN 1    857                       588    269      684
..................................................................


WIND (MPH)
  HIGHEST WIND SPEED    14   HIGHEST WIND DIRECTION    NE (50)
  HIGHEST GUST SPEED    17   HIGHEST GUST DIRECTION    NE (40)
  AVERAGE WIND SPEED     7.4


SKY COVER
  AVERAGE SKY COVER 0.2


WEATHER CONDITIONS
 THE FOLLOWING WEATHER WAS RECORDED YESTERDAY.
  HAZE


RELATIVE HUMIDITY (PERCENT)
 HIGHEST    85
 LOWEST     56
 AVERAGE    71

..........................................................


THE NAPLES CLIMATE NORMALS FOR TODAY
                         NORMAL    RECORD    YEAR
 MAXIMUM TEMPERATURE (F)   85        91      2011
                                             1976
 MINIMUM TEMPERATURE (F)   65        49      1978


SUNRISE AND SUNSET
APRIL 28 2015.........SUNRISE   652 AM EDT   SUNSET   757 PM EDT
APRIL 29 2015.........SUNRISE   652 AM EDT   SUNSET   758 PM EDT


-  INDICATES NEGATIVE NUMBERS.
R  INDICATES RECORD WAS SET OR TIED.
MM INDICATES DATA IS MISSING.
T  INDICATES TRACE AMOUNT.




$$
