000
CDUS43 KAPX 192125
CLIAPN


CLIMATE REPORT
NATIONAL WEATHER SERVICE GAYLORD MI
525 PM EDT SUN APR 19 2015


...................................

...THE ALPENA MI CLIMATE SUMMARY FOR APRIL 19 2015...
VALID TODAY AS OF 0500 PM LOCAL TIME.

CLIMATE NORMAL PERIOD 1981 TO 2010
CLIMATE RECORD PERIOD 1916 TO 2015


WEATHER ITEM   OBSERVED TIME   RECORD YEAR NORMAL DEPARTURE LAST
                VALUE   (LST)  VALUE       VALUE  FROM      YEAR
                                                  NORMAL
..................................................................
TEMPERATURE (F)
 TODAY
  MAXIMUM         50    135 PM  83    2005  54     -4       43
  MINIMUM         29   1259 AM   9    1918  32     -3       25
  AVERAGE         40                        43     -3       34

PRECIPITATION (IN)
  TODAY            0.00          1.64 1955   0.07  -0.07     0.00
  MONTH TO DATE    1.49                      1.54  -0.05     3.22
  SINCE MAR 1      2.45                      3.40  -0.95     4.39
  SINCE JAN 1      4.24                      6.38  -2.14     6.92

SNOWFALL (IN)
  TODAY            0.0           5.4  2011   0.1             0.0
  MONTH TO DATE    2.0                       4.8             1.2
  SINCE OCT 1     48.6                      83.1            64.0
  SINCE JUL 1     48.6                      83.1            64.0

DEGREE DAYS
 HEATING
  TODAY           25                        22      3       31
  MONTH TO DATE  456                       487    -31      535
  SINCE MAR 1   1633                      1611     22     1933
  SINCE JUL 1   7896                      7343    553     8422

 COOLING
  TODAY            0                         0      0        0
  MONTH TO DATE    0                         0      0        0
  SINCE MAR 1      0                         0      0        0
  SINCE JAN 1      0                         0      0        0
..................................................................


WIND (MPH)
  RESULTANT WIND SPEED  13   RESULTANT WIND DIRECTION   E (110)
  HIGHEST WIND SPEED    23   HIGHEST WIND DIRECTION     E (100)
  HIGHEST GUST SPEED    28   HIGHEST GUST DIRECTION    SE (130)
  AVERAGE WIND SPEED    13.1


SKY COVER
  POSSIBLE SUNSHINE  MM
  AVERAGE SKY COVER 0.0


WEATHER CONDITIONS
 THE FOLLOWING WEATHER WAS RECORDED TODAY.
  NO SIGNIFICANT WEATHER WAS OBSERVED.


RELATIVE HUMIDITY (PERCENT)
 HIGHEST    92
 LOWEST     50
 AVERAGE    71

..........................................................


THE ALPENA MI CLIMATE NORMALS FOR TOMORROW
                         NORMAL    RECORD    YEAR
 MAXIMUM TEMPERATURE (F)   55        86      1987
 MINIMUM TEMPERATURE (F)   33        18      1928


SUNRISE AND SUNSET
APRIL 19 2015.........SUNRISE   643 AM EDT   SUNSET   825 PM EDT
APRIL 20 2015.........SUNRISE   641 AM EDT   SUNSET   826 PM EDT


-  INDICATES NEGATIVE NUMBERS.
R  INDICATES RECORD WAS SET OR TIED.
MM INDICATES DATA IS MISSING.
T  INDICATES TRACE AMOUNT.




$$
