000
CDUS43 KAPX 020537
CLIAPN


CLIMATE REPORT
NATIONAL WEATHER SERVICE GAYLORD MI
137 AM EDT THU APR 2 2015


...................................

...THE ALPENA MI CLIMATE SUMMARY FOR APRIL 1 2015...

CLIMATE NORMAL PERIOD 1981 TO 2010
CLIMATE RECORD PERIOD 1916 TO 2015


WEATHER ITEM   OBSERVED TIME   RECORD YEAR NORMAL DEPARTURE LAST
                VALUE   (LST)  VALUE       VALUE  FROM      YEAR
                                                  NORMAL
..................................................................
TEMPERATURE (F)
 YESTERDAY
  MAXIMUM         46    132 PM  74    1945  45      1       50
  MINIMUM         29    353 AM  -6    1923  26      3       30
  AVERAGE         38                        35      3       40

PRECIPITATION (IN)
  YESTERDAY        0.00          1.19 1929   0.08  -0.08     0.07
  MONTH TO DATE    0.00                      0.08  -0.08     0.07
  SINCE MAR 1      0.96                      1.94  -0.98     1.24
  SINCE JAN 1      2.75                      4.92  -2.17     3.77

SNOWFALL (IN)
  YESTERDAY        0.0          12.5  1929   0.3   -0.3      0.4
  MONTH TO DATE    0.0                       0.3   -0.3      0.4
  SINCE OCT 1     46.6                      78.6  -32.0     63.2
  SINCE JUL 1     46.6                      78.6  -32.0     63.2
  SNOW DEPTH       T

DEGREE DAYS
 HEATING
  YESTERDAY       27                        30     -3       25
  MONTH TO DATE   27                        30     -3       25
  SINCE MAR 1   1204                      1154     50     1423
  SINCE JUL 1   7467                      6886    581     7912

 COOLING
  YESTERDAY        0                         0      0        0
  MONTH TO DATE    0                         0      0        0
  SINCE MAR 1      0                         0      0        0
  SINCE JAN 1      0                         0      0        0
..................................................................


WIND (MPH)
  HIGHEST WIND SPEED    18   HIGHEST WIND DIRECTION     S (160)
  HIGHEST GUST SPEED    22   HIGHEST GUST DIRECTION     S (160)
  AVERAGE WIND SPEED     7.5




RELATIVE HUMIDITY (PERCENT)
 HIGHEST    92
 LOWEST     45
 AVERAGE    69

..........................................................


THE ALPENA MI CLIMATE NORMALS FOR TODAY
                         NORMAL    RECORD    YEAR
 MAXIMUM TEMPERATURE (F)   46        83      2010
 MINIMUM TEMPERATURE (F)   26         0      1965


SUNRISE AND SUNSET
APRIL  2 2015.........SUNRISE   714 AM EDT   SUNSET   803 PM EDT
APRIL  3 2015.........SUNRISE   712 AM EDT   SUNSET   804 PM EDT


-  INDICATES NEGATIVE NUMBERS.
R  INDICATES RECORD WAS SET OR TIED.
MM INDICATES DATA IS MISSING.
T  INDICATES TRACE AMOUNT.




$$
